CRAN Package Check Results for Package covafillr

Last updated on 2022-10-04 19:01:20 CEST.

Flavor Version Tinstall Tcheck Ttotal Status Flags
r-devel-linux-x86_64-debian-clang 0.4.4 29.75 35.12 64.87 NOTE
r-devel-linux-x86_64-debian-gcc 0.4.4 23.92 28.18 52.10 NOTE
r-devel-linux-x86_64-fedora-clang 0.4.4 87.80 NOTE
r-devel-linux-x86_64-fedora-gcc 0.4.4 91.91 NOTE
r-devel-windows-x86_64 0.4.4 112.00 81.00 193.00 NOTE
r-patched-linux-x86_64 0.4.4 25.80 35.38 61.18 NOTE
r-release-linux-x86_64 0.4.4 26.44 34.13 60.57 NOTE
r-release-macos-arm64 0.4.4 27.00 NOTE
r-release-macos-x86_64 0.4.4 42.00 NOTE
r-release-windows-x86_64 0.4.4 94.00 82.00 176.00 NOTE
r-oldrel-macos-arm64 0.4.4 44.00 NOTE
r-oldrel-macos-x86_64 0.4.4 51.00 NOTE
r-oldrel-windows-ix86+x86_64 0.4.4 60.00 83.00 143.00 NOTE

Check Details

Version: 0.4.4
Check: LazyData
Result: NOTE
     'LazyData' is specified without a 'data' directory
Flavors: r-devel-linux-x86_64-debian-clang, r-devel-linux-x86_64-debian-gcc, r-devel-linux-x86_64-fedora-clang, r-devel-linux-x86_64-fedora-gcc, r-devel-windows-x86_64, r-patched-linux-x86_64, r-release-linux-x86_64, r-release-macos-arm64, r-release-macos-x86_64, r-release-windows-x86_64, r-oldrel-macos-arm64, r-oldrel-macos-x86_64, r-oldrel-windows-ix86+x86_64

Version: 0.4.4
Check: installed package size
Result: NOTE
     installed size is 9.8Mb
     sub-directories of 1Mb or more:
     libs 9.2Mb
Flavors: r-release-macos-arm64, r-release-macos-x86_64, r-oldrel-macos-arm64, r-oldrel-macos-x86_64

Version: 0.4.4
Check: package dependencies
Result: NOTE
    Package suggested but not available for checking: ‘rjags’
Flavors: r-release-macos-x86_64, r-oldrel-macos-arm64

Version: 0.4.4
Check: Rd cross-references
Result: NOTE
    Package unavailable to check Rd xrefs: ‘rjags’
Flavors: r-release-macos-x86_64, r-oldrel-macos-arm64