CRAN Package Check Results for Package covafillr

Last updated on 2020-04-02 12:51:27 CEST.

Flavor Version Tinstall Tcheck Ttotal Status Flags
r-devel-linux-x86_64-debian-clang 0.4.4 25.85 29.61 55.46 OK
r-devel-linux-x86_64-debian-gcc 0.4.4 21.07 23.97 45.04 OK
r-devel-linux-x86_64-fedora-clang 0.4.4 72.26 NOTE
r-devel-linux-x86_64-fedora-gcc 0.4.4 75.12 OK
r-devel-windows-ix86+x86_64 0.4.4 37.00 58.00 95.00 OK
r-devel-windows-ix86+x86_64-gcc8 0.4.4 45.00 66.00 111.00 OK
r-patched-linux-x86_64 0.4.4 25.72 30.01 55.73 OK
r-patched-solaris-x86 0.4.4 83.10 OK
r-release-linux-x86_64 0.4.4 22.75 27.17 49.92 OK
r-release-windows-ix86+x86_64 0.4.4 44.00 58.00 102.00 OK
r-release-osx-x86_64 0.4.4 NOTE
r-oldrel-windows-ix86+x86_64 0.4.4 50.00 58.00 108.00 OK
r-oldrel-osx-x86_64 0.4.4 NOTE

Check Details

Version: 0.4.4
Check: installed package size
Result: NOTE
     installed size is 9.2Mb
     sub-directories of 1Mb or more:
     libs 8.5Mb
Flavors: r-devel-linux-x86_64-fedora-clang, r-release-osx-x86_64, r-oldrel-osx-x86_64