CRAN Package Check Results for Package coveffectsplot

Last updated on 2023-01-28 08:53:12 CET.

Flavor Version Tinstall Tcheck Ttotal Status Flags
r-devel-linux-x86_64-debian-clang 1.0.2 4.36 319.89 324.25 OK
r-devel-linux-x86_64-debian-gcc 1.0.2 3.12 216.86 219.98 OK
r-devel-linux-x86_64-fedora-clang 1.0.2 380.19 NOTE
r-devel-linux-x86_64-fedora-gcc 1.0.2 371.13 NOTE
r-devel-windows-x86_64 1.0.2 41.00 362.00 403.00 OK
r-patched-linux-x86_64 1.0.2 3.45 284.09 287.54 OK
r-release-linux-x86_64 1.0.2 2.74 268.52 271.26 OK
r-release-macos-arm64 1.0.2 113.00 NOTE
r-release-macos-x86_64 1.0.2 157.00 NOTE
r-release-windows-x86_64 1.0.2 36.00 350.00 386.00 OK
r-oldrel-macos-arm64 1.0.2 102.00 NOTE
r-oldrel-macos-x86_64 1.0.2 167.00 NOTE
r-oldrel-windows-ix86+x86_64 1.0.2 8.00 348.00 356.00 OK

Check Details

Version: 1.0.2
Check: dependencies in R code
Result: NOTE
    Namespace in Imports field not imported from: ‘colourpicker’
     All declared Imports should be used.
Flavors: r-devel-linux-x86_64-fedora-clang, r-devel-linux-x86_64-fedora-gcc, r-release-macos-arm64, r-release-macos-x86_64, r-oldrel-macos-arm64, r-oldrel-macos-x86_64