CRAN Package Check Results for Package covid19jp

Last updated on 2021-04-11 20:47:05 CEST.

Flavor Version Tinstall Tcheck Ttotal Status Flags
r-devel-linux-x86_64-debian-clang 0.1.0 2.16 31.66 33.82 OK
r-devel-linux-x86_64-debian-gcc 0.1.0 1.88 24.32 26.20 OK
r-devel-linux-x86_64-fedora-clang 0.1.0 50.22 NOTE
r-devel-linux-x86_64-fedora-gcc 0.1.0 40.57 NOTE
r-devel-windows-ix86+x86_64 0.1.0 8.00 50.00 58.00 OK
r-devel-windows-x86_64-gcc10-UCRT 0.1.0 NOTE
r-patched-linux-x86_64 0.1.0 2.39 30.52 32.91 OK
r-patched-solaris-x86 0.1.0 63.00 NOTE
r-release-linux-x86_64 0.1.0 1.82 31.09 32.91 OK
r-release-macos-x86_64 0.1.0 NOTE
r-release-windows-ix86+x86_64 0.1.0 6.00 51.00 57.00 OK
r-oldrel-macos-x86_64 0.1.0 NOTE
r-oldrel-windows-ix86+x86_64 0.1.0 6.00 34.00 40.00 OK

Check Details

Version: 0.1.0
Check: data for non-ASCII characters
Result: NOTE
     Note: found 15134 marked UTF-8 strings
Flavors: r-devel-linux-x86_64-fedora-clang, r-devel-linux-x86_64-fedora-gcc, r-devel-windows-x86_64-gcc10-UCRT, r-patched-solaris-x86, r-release-macos-x86_64, r-oldrel-macos-x86_64