CRAN Package Check Results for Package covid19mobility

Last updated on 2020-09-25 22:48:52 CEST.

Flavor Version Tinstall Tcheck Ttotal Status Flags
r-devel-linux-x86_64-debian-clang 0.1.1 3.15 395.31 398.46 OK
r-devel-linux-x86_64-debian-gcc 0.1.1 3.20 291.12 294.32 OK
r-devel-linux-x86_64-fedora-clang 0.1.1 474.68 NOTE
r-devel-linux-x86_64-fedora-gcc 0.1.1 433.83 NOTE
r-devel-windows-ix86+x86_64 0.1.1 10.00 891.00 901.00 OK
r-patched-linux-x86_64 0.1.1 3.80 373.62 377.42 OK
r-patched-solaris-x86 0.1.1 675.20 NOTE
r-release-linux-x86_64 0.1.1 3.67 367.89 371.56 OK
r-release-macos-x86_64 0.1.1 NOTE
r-release-windows-ix86+x86_64 0.1.1 21.00 901.00 922.00 OK
r-oldrel-macos-x86_64 0.1.1 NOTE
r-oldrel-windows-ix86+x86_64 0.1.1 7.00 560.00 567.00 OK

Check Details

Version: 0.1.1
Check: dependencies in R code
Result: NOTE
    Namespace in Imports field not imported from: ‘glue’
     All declared Imports should be used.
Flavors: r-devel-linux-x86_64-fedora-clang, r-devel-linux-x86_64-fedora-gcc, r-patched-solaris-x86, r-release-macos-x86_64, r-oldrel-macos-x86_64

Version: 0.1.1
Check: data for non-ASCII characters
Result: NOTE
     Note: found 10188 marked UTF-8 strings
Flavors: r-devel-linux-x86_64-fedora-clang, r-devel-linux-x86_64-fedora-gcc, r-patched-solaris-x86, r-release-macos-x86_64, r-oldrel-macos-x86_64