CRAN Package Check Results for Package cowbell

Last updated on 2022-09-24 23:57:30 CEST.

Flavor Version Tinstall Tcheck Ttotal Status Flags
r-devel-linux-x86_64-debian-clang 0.1.0 2.58 77.11 79.69 OK
r-devel-linux-x86_64-debian-gcc 0.1.0 2.33 59.29 61.62 OK
r-devel-linux-x86_64-fedora-clang 0.1.0 105.28 NOTE
r-devel-linux-x86_64-fedora-gcc 0.1.0 104.24 NOTE
r-devel-windows-x86_64 0.1.0 16.00 107.00 123.00 OK
r-patched-linux-x86_64 0.1.0 2.08 76.22 78.30 OK
r-release-linux-x86_64 0.1.0 1.97 74.83 76.80 OK
r-release-macos-arm64 0.1.0 27.00 NOTE
r-release-macos-x86_64 0.1.0 54.00 NOTE
r-release-windows-x86_64 0.1.0 17.00 102.00 119.00 OK
r-oldrel-macos-arm64 0.1.0 42.00 NOTE
r-oldrel-macos-x86_64 0.1.0 51.00 NOTE
r-oldrel-windows-ix86+x86_64 0.1.0 7.00 111.00 118.00 OK

Check Details

Version: 0.1.0
Check: dependencies in R code
Result: NOTE
    Namespaces in Imports field not imported from:
     ‘ggplot2’ ‘misc3d’
     All declared Imports should be used.
Flavors: r-devel-linux-x86_64-fedora-clang, r-devel-linux-x86_64-fedora-gcc, r-release-macos-arm64, r-release-macos-x86_64, r-oldrel-macos-arm64, r-oldrel-macos-x86_64