CRAN Package Check Results for Package cowbell

Last updated on 2024-03-04 17:50:49 CET.

Flavor Version Tinstall Tcheck Ttotal Status Flags
r-devel-linux-x86_64-debian-clang 0.1.0 3.03 78.12 81.15 OK
r-devel-linux-x86_64-debian-gcc 0.1.0 2.23 58.85 61.08 OK
r-devel-linux-x86_64-fedora-clang 0.1.0 96.97 NOTE
r-devel-linux-x86_64-fedora-gcc 0.1.0 105.81 NOTE
r-devel-windows-x86_64 0.1.0 4.00 76.00 80.00 OK
r-patched-linux-x86_64 0.1.0 2.34 78.26 80.60 OK
r-release-linux-x86_64 0.1.0 2.06 79.35 81.41 OK
r-release-macos-arm64 0.1.0 41.00 OK
r-release-macos-x86_64 0.1.0 64.00 OK
r-release-windows-x86_64 0.1.0 6.00 89.00 95.00 OK
r-oldrel-macos-arm64 0.1.0 27.00 NOTE
r-oldrel-windows-x86_64 0.1.0 5.00 86.00 91.00 OK

Check Details

Version: 0.1.0
Check: dependencies in R code
Result: NOTE Namespaces in Imports field not imported from: ‘ggplot2’ ‘misc3d’ All declared Imports should be used. Flavors: r-devel-linux-x86_64-fedora-clang, r-devel-linux-x86_64-fedora-gcc, r-oldrel-macos-arm64