CRAN Package Check Results for Package cowplot

Last updated on 2019-06-26 13:51:54 CEST.

Flavor Version Tinstall Tcheck Ttotal Status Flags
r-devel-linux-x86_64-debian-clang 0.9.4 5.28 147.63 152.91 NOTE
r-devel-linux-x86_64-debian-gcc 0.9.4 3.90 111.37 115.27 NOTE
r-devel-linux-x86_64-fedora-clang 0.9.4 176.10 NOTE
r-devel-linux-x86_64-fedora-gcc 0.9.4 168.02 NOTE
r-devel-windows-ix86+x86_64 0.9.4 16.00 204.00 220.00 OK
r-patched-linux-x86_64 0.9.4 5.31 139.41 144.72 OK
r-patched-solaris-x86 0.9.4 241.80 OK
r-release-linux-x86_64 0.9.4 4.98 139.05 144.03 OK
r-release-windows-ix86+x86_64 0.9.4 9.00 230.00 239.00 OK
r-release-osx-x86_64 0.9.4 OK
r-oldrel-windows-ix86+x86_64 0.9.4 7.00 155.00 162.00 WARN
r-oldrel-osx-x86_64 0.9.4 OK

Check Details

Version: 0.9.4
Check: for non-standard things in the check directory
Result: NOTE
    Found the following files/directories:
     'p1.pdf' 'p2.pdf' 'p3.png' 'p4.png' 'p5.png'
Flavors: r-devel-linux-x86_64-debian-clang, r-devel-linux-x86_64-debian-gcc, r-devel-linux-x86_64-fedora-clang, r-devel-linux-x86_64-fedora-gcc

Version: 0.9.4
Check: whether package can be installed
Result: WARN
    Found the following significant warnings:
     Warning: S3 methods '[.fun_list', '[.grouped_df', 'all.equal.tbl_df', 'anti_join.data.frame', 'anti_join.tbl_df', 'arrange.data.frame', 'arrange.default', 'arrange.grouped_df', 'arrange.tbl_df', 'arrange_.data.frame', 'arrange_.tbl_df', 'as.data.frame.grouped_df', 'as.data.frame.rowwise_df', 'as.data.frame.tbl_cube', 'as.table.tbl_cube', 'as.tbl.data.frame', 'as.tbl.tbl', 'as.tbl_cube.array', 'as.tbl_cube.data.frame', 'as.tbl_cube.matrix', 'as.tbl_cube.table', 'as_tibble.grouped_df', 'as_tibble.tbl_cube', 'auto_copy.tbl_cube', 'auto_copy.tbl_df', 'cbind.grouped_df', 'collapse.data.frame', 'collect.data.frame', 'common_by.NULL', 'common_by.character', 'common_by.default', 'common_by.list', 'compute.data.frame', 'copy_to.DBIConnection', 'copy_to.src_local', 'default_missing.data.frame', 'default_missing.default', 'dim.tbl_cube', 'distinct.data.frame', 'distinct.default', 'distinct.grouped_df', 'distinct.tbl_df', 'distinct_.data.frame', 'distinct_.grouped_df', 'distinct_.tbl_df', 'do.NULL', 'do.da [... truncated]
Flavor: r-oldrel-windows-ix86+x86_64