CRAN Package Check Results for Package cowplot

Last updated on 2019-09-19 02:47:45 CEST.

Flavor Version Tinstall Tcheck Ttotal Status Flags
r-devel-linux-x86_64-debian-clang 1.0.0 5.26 102.29 107.55 OK
r-devel-linux-x86_64-debian-gcc 1.0.0 3.93 76.08 80.01 OK
r-devel-linux-x86_64-fedora-clang 1.0.0 122.12 NOTE
r-devel-linux-x86_64-fedora-gcc 1.0.0 118.29 NOTE
r-devel-windows-ix86+x86_64 1.0.0 19.00 183.00 202.00 OK
r-patched-linux-x86_64 1.0.0 5.33 96.70 102.03 OK
r-patched-solaris-x86 1.0.0 184.70 NOTE
r-release-linux-x86_64 1.0.0 5.22 99.19 104.41 OK
r-release-windows-ix86+x86_64 1.0.0 14.00 123.00 137.00 OK
r-release-osx-x86_64 1.0.0 NOTE
r-oldrel-windows-ix86+x86_64 1.0.0 6.00 128.00 134.00 WARN
r-oldrel-osx-x86_64 1.0.0 WARN

Check Details

Version: 1.0.0
Check: dependencies in R code
Result: NOTE
    Namespace in Imports field not imported from: ‘utils’
     All declared Imports should be used.
Flavors: r-devel-linux-x86_64-fedora-clang, r-devel-linux-x86_64-fedora-gcc, r-patched-solaris-x86, r-release-osx-x86_64, r-oldrel-osx-x86_64

Version: 1.0.0
Check: re-building of vignette outputs
Result: WARN
    Error in re-building vignettes:
     ...
    
    ********************************************************
    Note: As of version 1.0.0, cowplot does not change the
     default ggplot2 theme anymore. To recover the previous
     behavior, execute:
     theme_set(theme_cowplot())
    ********************************************************
    
    Quitting from lines 70-73 (introduction.Rmd)
    Error: processing vignette 'introduction.Rmd' failed with diagnostics:
    no applicable method for 'depth' applied to an object of class "NULL"
    Execution halted
Flavor: r-oldrel-windows-ix86+x86_64

Version: 1.0.0
Check: re-building of vignette outputs
Result: WARN
    Error in re-building vignettes:
     ...
    Warning in engine$weave(file, quiet = quiet, encoding = enc) :
     Pandoc (>= 1.12.3) and/or pandoc-citeproc not available. Falling back to R Markdown v1.
    
    ********************************************************
    Note: As of version 1.0.0, cowplot does not change the
     default ggplot2 theme anymore. To recover the previous
     behavior, execute:
     theme_set(theme_cowplot())
    ********************************************************
    
    Quitting from lines 70-73 (introduction.Rmd)
    Error: processing vignette 'introduction.Rmd' failed with diagnostics:
    no applicable method for 'depth' applied to an object of class "NULL"
    Execution halted
    Error: QuartzBitmap_Output - unable to open file 'figure/unnamed-chunk-4-1.png'
    Fatal error: error during cleanup
Flavor: r-oldrel-osx-x86_64