Last updated on 2023-09-28 05:56:44 CEST.
Flavor | Version | Tinstall | Tcheck | Ttotal | Status | Flags |
---|---|---|---|---|---|---|
r-devel-linux-x86_64-debian-clang | 0.3.3 | 18.47 | 193.73 | 212.20 | OK | |
r-devel-linux-x86_64-debian-gcc | 0.3.3 | 13.11 | 142.75 | 155.86 | OK | |
r-devel-linux-x86_64-fedora-clang | 0.3.3 | 254.15 | NOTE | |||
r-devel-linux-x86_64-fedora-gcc | 0.3.3 | 284.04 | NOTE | |||
r-devel-windows-x86_64 | 0.3.3 | 15.00 | 163.00 | 178.00 | OK | |
r-patched-linux-x86_64 | 0.3.3 | 24.73 | 181.16 | 205.89 | OK | |
r-release-linux-x86_64 | 0.3.3 | 11.14 | 186.16 | 197.30 | OK | |
r-release-macos-arm64 | 0.3.3 | 86.00 | OK | |||
r-release-macos-x86_64 | 0.3.3 | 122.00 | OK | |||
r-release-windows-x86_64 | 0.3.3 | 20.00 | 204.00 | 224.00 | OK | |
r-oldrel-macos-arm64 | 0.3.3 | 92.00 | NOTE | |||
r-oldrel-macos-x86_64 | 0.3.3 | 135.00 | NOTE | |||
r-oldrel-windows-x86_64 | 0.3.3 | 22.00 | 197.00 | 219.00 | OK |
Version: 0.3.3
Check: dependencies in R code
Result: NOTE
Namespace in Imports field not imported from: ‘mediation’
All declared Imports should be used.
Flavors: r-devel-linux-x86_64-fedora-clang, r-devel-linux-x86_64-fedora-gcc, r-oldrel-macos-arm64, r-oldrel-macos-x86_64