CRAN Package Check Results for Package coxme

Last updated on 2015-04-01 21:47:34.

Flavor Version Tinstall Tcheck Ttotal Status Flags
r-devel-linux-x86_64-debian-clang 2.2-4 5.35 248.49 253.84 NOTE
r-devel-linux-x86_64-debian-gcc 2.2-4 6.10 247.46 253.56 NOTE
r-devel-linux-x86_64-fedora-clang 2.2-4 504.88 NOTE
r-devel-linux-x86_64-fedora-gcc 2.2-4 504.52 NOTE
r-devel-osx-x86_64-clang 2.2-4 437.10 NOTE
r-prerel-windows-ix86+x86_64 2.2-4 26.00 472.00 498.00 NOTE
r-prerel-linux-x86_64 2.2-4 5.96 252.01 257.97 NOTE
r-prerel-solaris-sparc 2.2-4 5305.30 NOTE
r-prerel-solaris-x86 2.2-4 875.30 NOTE
r-release-linux-x86_64 2.2-4 7.56 289.46 297.02 NOTE
r-release-osx-x86_64-mavericks 2.2-4 NOTE
r-release-osx-x86_64-snowleopard 2.2-4 NOTE
r-release-windows-ix86+x86_64 2.2-4 24.00 538.00 562.00 NOTE
r-oldrel-windows-ix86+x86_64 2.2-4 24.00 521.00 545.00 WARN

Check Details

Version: 2.2-4
Check: dependencies in R code
Result: NOTE
    Unexported object imported by a ':::' call: ‘survival:::anova.coxmelist’
     See the note in ?`:::` about the use of this operator.
Flavors: r-devel-linux-x86_64-debian-clang, r-devel-linux-x86_64-debian-gcc, r-devel-linux-x86_64-fedora-clang, r-devel-linux-x86_64-fedora-gcc, r-devel-osx-x86_64-clang, r-prerel-windows-ix86+x86_64, r-prerel-linux-x86_64, r-prerel-solaris-sparc, r-prerel-solaris-x86, r-release-linux-x86_64, r-release-osx-x86_64-mavericks, r-release-osx-x86_64-snowleopard, r-release-windows-ix86+x86_64

Version: 2.2-4
Check: whether package can be installed
Result: WARN
    Found the following significant warnings:
     Warning: D:/temp/RtmpgJMaBV/R.INSTALL206875936fab/coxme/man/VarCorr.Rd: docType 'import' is unrecognized
     Warning: D:/temp/RtmpgJMaBV/R.INSTALL206875936fab/coxme/man/fixed.effects.Rd: docType 'import' is unrecognized
     Warning: D:/temp/RtmpgJMaBV/R.INSTALL206875936fab/coxme/man/ranef.Rd: docType 'import' is unrecognized
Flavor: r-oldrel-windows-ix86+x86_64

Version: 2.2-4
Check: dependencies in R code
Result: NOTE
    Unexported object imported by a ':::' call: 'survival:::anova.coxmelist'
     See the note in ?`:::` about the use of this operator.
    See the information on DESCRIPTION files in the chapter 'Creating R
    packages' of the 'Writing R Extensions' manual.
Flavor: r-oldrel-windows-ix86+x86_64

Version: 2.2-4
Check: Rd files
Result: WARN
    prepare_Rd: VarCorr.Rd: docType 'import' is unrecognized
    prepare_Rd: fixed.effects.Rd: docType 'import' is unrecognized
    prepare_Rd: ranef.Rd: docType 'import' is unrecognized
Flavor: r-oldrel-windows-ix86+x86_64