CRAN Package Check Results for Package coxme

Last updated on 2019-06-20 13:46:42 CEST.

Flavor Version Tinstall Tcheck Ttotal Status Flags
r-devel-linux-x86_64-debian-clang 2.2-10 14.96 268.67 283.63 WARN
r-devel-linux-x86_64-debian-gcc 2.2-10 11.86 215.53 227.39 WARN
r-devel-linux-x86_64-fedora-clang 2.2-10 342.20 WARN
r-devel-linux-x86_64-fedora-gcc 2.2-10 355.59 WARN
r-devel-windows-ix86+x86_64 2.2-10 49.00 302.00 351.00 OK --no-vignettes
r-patched-linux-x86_64 2.2-10 13.24 286.03 299.27 WARN
r-patched-solaris-x86 2.2-10 664.60 WARN
r-release-linux-x86_64 2.2-10 13.02 286.77 299.79 WARN
r-release-windows-ix86+x86_64 2.2-10 44.00 354.00 398.00 OK --no-vignettes
r-release-osx-x86_64 2.2-10 OK
r-oldrel-windows-ix86+x86_64 2.2-10 24.00 387.00 411.00 OK --no-vignettes
r-oldrel-osx-x86_64 2.2-10 OK

Check Details

Version: 2.2-10
Check: re-building of vignette outputs
Result: WARN
    Error(s) in re-building vignettes:
     ...
    --- re-building 'coxme.Rnw' using Sweave
    Loading required package: survival
    Loading required package: bdsmatrix
    
    Attaching package: 'bdsmatrix'
    
    The following object is masked from 'package:base':
    
     backsolve
    
    Loading required package: Matrix
    Loading required package: quadprog
    
    Error: processing vignette 'coxme.Rnw' failed with diagnostics:
     chunk 6
    Error in eval(expr, .GlobalEnv) : object 'minnbreast' not found
    
    --- failed re-building 'coxme.Rnw'
    
    --- re-building 'laplace.Rnw' using Sweave
    Loading required package: survival
    Loading required package: bdsmatrix
    
    Attaching package: 'bdsmatrix'
    
    The following object is masked from 'package:base':
    
     backsolve
    
    --- finished re-building 'laplace.Rnw'
    
    --- re-building 'lmekin.Rnw' using Sweave
    Loading required package: survival
    Loading required package: bdsmatrix
    
    Attaching package: 'bdsmatrix'
    
    The following object is masked from 'package:base':
    
     backsolve
    
    Loading required package: nlme
    Loading required package: kinship2
    Loading required package: Matrix
    Loading required package: quadprog
    --- finished re-building 'lmekin.Rnw'
    
    --- re-building 'variance.Rnw' using Sweave
    Loading required package: coxme
    Loading required package: survival
    Loading required package: bdsmatrix
    
    Attaching package: 'bdsmatrix'
    
    The following object is masked from 'package:base':
    
     backsolve
    
    --- finished re-building 'variance.Rnw'
    
    SUMMARY: processing the following file failed:
     'coxme.Rnw'
    
    Error: Vignette re-building failed.
    Execution halted
Flavors: r-devel-linux-x86_64-debian-clang, r-devel-linux-x86_64-debian-gcc, r-patched-linux-x86_64, r-patched-solaris-x86, r-release-linux-x86_64

Version: 2.2-10
Check: re-building of vignette outputs
Result: WARN
    Error(s) in re-building vignettes:
    --- re-building ‘coxme.Rnw’ using Sweave
    Loading required package: survival
    Loading required package: bdsmatrix
    
    Attaching package: ‘bdsmatrix’
    
    The following object is masked from ‘package:base’:
    
     backsolve
    
    Loading required package: Matrix
    Loading required package: quadprog
    
    Error: processing vignette 'coxme.Rnw' failed with diagnostics:
     chunk 6
    Error in eval(expr, .GlobalEnv) : object 'minnbreast' not found
    
    --- failed re-building ‘coxme.Rnw’
    
    --- re-building ‘laplace.Rnw’ using Sweave
    Loading required package: survival
    Loading required package: bdsmatrix
    
    Attaching package: ‘bdsmatrix’
    
    The following object is masked from ‘package:base’:
    
     backsolve
    
    --- finished re-building ‘laplace.Rnw’
    
    --- re-building ‘lmekin.Rnw’ using Sweave
    Loading required package: survival
    Loading required package: bdsmatrix
    
    Attaching package: ‘bdsmatrix’
    
    The following object is masked from ‘package:base’:
    
     backsolve
    
    Loading required package: nlme
    Loading required package: kinship2
    Loading required package: Matrix
    Loading required package: quadprog
    --- finished re-building ‘lmekin.Rnw’
    
    --- re-building ‘variance.Rnw’ using Sweave
    Loading required package: coxme
    Loading required package: survival
    Loading required package: bdsmatrix
    
    Attaching package: ‘bdsmatrix’
    
    The following object is masked from ‘package:base’:
    
     backsolve
    
    --- finished re-building ‘variance.Rnw’
    
    SUMMARY: processing the following file failed:
     ‘coxme.Rnw’
    
    Error: Vignette re-building failed.
    Execution halted
Flavors: r-devel-linux-x86_64-fedora-clang, r-devel-linux-x86_64-fedora-gcc