CRAN Package Check Results for Package coxme

Last updated on 2014-08-30 19:47:04.

Flavor Version Tinstall Tcheck Ttotal Status Flags
r-devel-linux-x86_64-debian-clang 2.2-3 6.35 273.73 280.08 NOTE
r-devel-linux-x86_64-debian-gcc 2.2-3 7.21 264.49 271.70 NOTE
r-devel-linux-x86_64-fedora-clang 2.2-3 612.87 NOTE
r-devel-linux-x86_64-fedora-gcc 2.2-3 584.79 NOTE
r-devel-osx-x86_64-clang 2.2-3 444.98 NOTE
r-devel-windows-ix86+x86_64 2.2-3 30.00 486.00 516.00 NOTE
r-patched-linux-x86_64 2.2-3 7.62 274.08 281.69 NOTE
r-patched-solaris-sparc 2.2-3 5504.70 NOTE
r-patched-solaris-x86 2.2-3 1008.00 NOTE
r-release-linux-ix86 2.2-3 8.42 339.93 348.34 NOTE
r-release-linux-x86_64 2.2-3 7.46 281.06 288.52 NOTE
r-release-osx-x86_64-mavericks 2.2-3 NOTE
r-release-windows-ix86+x86_64 2.2-3 24.00 494.00 518.00 NOTE
r-oldrel-windows-ix86+x86_64 2.2-3 29.00 497.00 526.00 NOTE

Check Details

Version: 2.2-3
Check: dependencies in R code
Result: NOTE
    Packages in Depends field not imported from:
     ‘methods’ ‘survival’
     These packages need to be imported from (in the NAMESPACE file)
     for when this namespace is loaded but not attached.
    ':::' calls which should be '::':
     ‘survival:::agreg.fit’ ‘survival:::coxph.fit’
     See the note in ?`:::` about the use of this operator.
    Unexported object imported by a ':::' call: ‘survival:::anova.coxmelist’
     See the note in ?`:::` about the use of this operator.
    See the information on DESCRIPTION files in the chapter ‘Creating R
    packages’ of the ‘Writing R Extensions’ manual.
Flavors: r-devel-linux-x86_64-debian-clang, r-devel-linux-x86_64-debian-gcc, r-devel-linux-x86_64-fedora-clang, r-devel-linux-x86_64-fedora-gcc, r-devel-osx-x86_64-clang, r-devel-windows-ix86+x86_64, r-patched-linux-x86_64, r-patched-solaris-sparc, r-patched-solaris-x86, r-release-linux-ix86, r-release-linux-x86_64, r-release-osx-x86_64-mavericks, r-release-windows-ix86+x86_64, r-oldrel-windows-ix86+x86_64

Version: 2.2-3
Check: R code for possible problems
Result: NOTE
    coxme: no visible global function definition for ‘untangle.specials’
    coxme: no visible global function definition for ‘strata’
    coxme.fit: no visible global function definition for ‘coxph.control’
    expand.nested: no visible global function definition for ‘strata’
Flavors: r-devel-linux-x86_64-debian-clang, r-devel-linux-x86_64-debian-gcc, r-devel-linux-x86_64-fedora-clang, r-devel-linux-x86_64-fedora-gcc, r-devel-osx-x86_64-clang, r-devel-windows-ix86+x86_64

Version: 2.2-3
Check: top-level files
Result: NOTE
    Non-standard files/directories found at top level:
     ‘COPYRIGHT’ ‘Readme’
    Copyright information should be in file inst/COPYRIGHTS
Flavors: r-devel-linux-x86_64-fedora-clang, r-devel-linux-x86_64-fedora-gcc