CRAN Package Check Results for Package coxme

Last updated on 2014-07-23 17:48:55.

Flavor Version Tinstall Tcheck Ttotal Status Flags
r-devel-linux-x86_64-debian-clang 2.2-3 6.31 280.91 287.22 NOTE
r-devel-linux-x86_64-debian-gcc 2.2-3 7.68 270.80 278.47 NOTE
r-devel-linux-x86_64-fedora-clang 2.2-3 340.13 NOTE
r-devel-linux-x86_64-fedora-gcc 2.2-3 330.85 NOTE
r-devel-osx-x86_64-clang 2.2-3 445.13 NOTE
r-devel-windows-ix86+x86_64 2.2-3 24.00 495.00 519.00 NOTE
r-patched-linux-x86_64 2.2-3 7.45 277.22 284.67 NOTE
r-patched-solaris-sparc 2.2-3 5495.20 NOTE
r-patched-solaris-x86 2.2-3 1003.90 NOTE
r-release-linux-ix86 2.2-3 8.41 340.85 349.26 NOTE
r-release-linux-x86_64 2.2-3 7.58 273.88 281.46 NOTE
r-release-osx-x86_64-mavericks 2.2-3 NOTE
r-release-windows-ix86+x86_64 2.2-3 24.00 494.00 518.00 NOTE
r-oldrel-windows-ix86+x86_64 2.2-3 22.00 508.00 530.00 NOTE

Check Details

Version: 2.2-3
Check: dependencies in R code
Result: NOTE
    Packages in Depends field not imported from:
     ‘methods’ ‘survival’
     These packages need to be imported from (in the NAMESPACE file)
     for when this namespace is loaded but not attached.
    ':::' calls which should be '::':
     ‘survival:::agreg.fit’ ‘survival:::coxph.fit’
     See the note in ?`:::` about the use of this operator.
    Unexported object imported by a ':::' call: ‘survival:::anova.coxmelist’
     See the note in ?`:::` about the use of this operator.
    See the information on DESCRIPTION files in the chapter ‘Creating R
    packages’ of the ‘Writing R Extensions’ manual.
Flavors: r-devel-linux-x86_64-debian-clang, r-devel-linux-x86_64-debian-gcc, r-devel-linux-x86_64-fedora-clang, r-devel-linux-x86_64-fedora-gcc, r-devel-osx-x86_64-clang, r-devel-windows-ix86+x86_64, r-patched-linux-x86_64, r-patched-solaris-sparc, r-patched-solaris-x86, r-release-linux-ix86, r-release-linux-x86_64, r-release-osx-x86_64-mavericks, r-release-windows-ix86+x86_64, r-oldrel-windows-ix86+x86_64

Version: 2.2-3
Check: top-level files
Result: NOTE
    Non-standard files/directories found at top level:
     ‘COPYRIGHT’ ‘Readme’
    Copyright information should be in file inst/COPYRIGHTS
Flavors: r-devel-linux-x86_64-fedora-clang, r-devel-linux-x86_64-fedora-gcc