CRAN Package Check Results for Package coxme

Last updated on 2018-04-27 02:54:33 CEST.

Flavor Version Tinstall Tcheck Ttotal Status Flags
r-devel-linux-x86_64-debian-clang 2.2-7 13.21 235.81 249.02 WARN
r-devel-linux-x86_64-debian-gcc 2.2-7 9.76 206.11 215.87 WARN
r-devel-linux-x86_64-fedora-clang 2.2-7 338.20 WARN
r-devel-linux-x86_64-fedora-gcc 2.2-7 346.60 WARN
r-devel-windows-ix86+x86_64 2.2-7 40.00 278.00 318.00 WARN --no-vignettes
r-patched-linux-x86_64 2.2-7 11.16 273.67 284.83 WARN
r-patched-solaris-x86 2.2-7 615.10 WARN
r-release-linux-x86_64 2.2-7 14.79 269.05 283.84 WARN
r-release-windows-ix86+x86_64 2.2-7 40.00 278.00 318.00 WARN --no-vignettes
r-release-osx-x86_64 2.2-7 WARN
r-oldrel-windows-ix86+x86_64 2.2-7 20.00 504.00 524.00 WARN --no-vignettes
r-oldrel-osx-x86_64 2.2-7 WARN

Additional issues

valgrind

Check Details

Version: 2.2-7
Check: whether package can be installed
Result: WARN
    Found the following significant warnings:
     ./bdsmatrix_stub.h:44:11: warning: incompatible pointer to integer conversion returning 'int *' from a function with result type 'int'; dereference with * [-Wint-conversion]
     ./bdsmatrix_stub.h:53:11: warning: incompatible pointer to integer conversion returning 'int *' from a function with result type 'int'; dereference with * [-Wint-conversion]
     ./bdsmatrix_stub.h:100:11: warning: incompatible pointer types returning 'double *' from a function with result type 'double **' [-Wincompatible-pointer-types]
Flavors: r-devel-linux-x86_64-debian-clang, r-devel-linux-x86_64-fedora-clang, r-release-osx-x86_64

Version: 2.2-7
Check: examples
Result: WARN
    Found the following significant warnings:
    
     Warning: 'rBind' is deprecated.
    Deprecated functions may be defunct as soon as of the next release of
    R.
    See ?Deprecated.
Flavors: r-devel-linux-x86_64-debian-clang, r-devel-linux-x86_64-debian-gcc, r-devel-linux-x86_64-fedora-clang, r-devel-linux-x86_64-fedora-gcc, r-patched-linux-x86_64, r-patched-solaris-x86, r-release-linux-x86_64, r-release-osx-x86_64

Version: 2.2-7
Check: whether package can be installed
Result: WARN
    Found the following significant warnings:
     bdsmatrix_stub.h:41:5: warning: assignment from incompatible pointer type [-Wincompatible-pointer-types]
     bdsmatrix_stub.h:44:12: warning: return makes integer from pointer without a cast [-Wint-conversion]
     bdsmatrix_stub.h:50:5: warning: assignment from incompatible pointer type [-Wincompatible-pointer-types]
     bdsmatrix_stub.h:53:12: warning: return makes integer from pointer without a cast [-Wint-conversion]
     bdsmatrix_stub.h:97:5: warning: assignment from incompatible pointer type [-Wincompatible-pointer-types]
     bdsmatrix_stub.h:100:12: warning: return from incompatible pointer type [-Wincompatible-pointer-types]
Flavors: r-devel-linux-x86_64-debian-gcc, r-devel-linux-x86_64-fedora-gcc, r-patched-linux-x86_64, r-release-linux-x86_64

Version: 2.2-7
Flags: --no-vignettes
Check: running examples for arch ‘i386’
Result: WARN
    Found the following significant warnings:
    
     Warning: 'rBind' is deprecated.
    Deprecated functions may be defunct as soon as of the next release of
    R.
    See ?Deprecated.
Flavors: r-devel-windows-ix86+x86_64, r-release-windows-ix86+x86_64, r-oldrel-windows-ix86+x86_64

Version: 2.2-7
Flags: --no-vignettes
Check: running examples for arch ‘x64’
Result: WARN
    Found the following significant warnings:
    
     Warning: 'rBind' is deprecated.
    Deprecated functions may be defunct as soon as of the next release of
    R.
    See ?Deprecated.
Flavors: r-devel-windows-ix86+x86_64, r-release-windows-ix86+x86_64, r-oldrel-windows-ix86+x86_64

Version: 2.2-7
Check: whether package can be installed
Result: WARN
    Found the following significant warnings:
     "bdsmatrix_stub.h", line 44: warning: improper pointer/integer combination: op "="
     "bdsmatrix_stub.h", line 53: warning: improper pointer/integer combination: op "="
Flavor: r-patched-solaris-x86

Version: 2.2-7
Check: whether package can be installed
Result: WARN
    Found the following significant warnings:
     ./bdsmatrix_stub.h:44:11: warning: incompatible pointer to integer conversion returning 'int *' from a function with result type 'int'; dereference with * [-Wint-conversion]
     ./bdsmatrix_stub.h:53:11: warning: incompatible pointer to integer conversion returning 'int *' from a function with result type 'int'; dereference with * [-Wint-conversion]
Flavor: r-oldrel-osx-x86_64