CRAN Package Check Results for Package coxme

Last updated on 2018-01-19 05:49:46 CET.

Flavor Version Tinstall Tcheck Ttotal Status Flags
r-devel-linux-x86_64-debian-clang 2.2-7 9.99 277.57 287.56 WARN
r-devel-linux-x86_64-debian-gcc 2.2-7 8.48 238.02 246.50 WARN
r-devel-linux-x86_64-fedora-clang 2.2-7 393.22 WARN
r-devel-linux-x86_64-fedora-gcc 2.2-7 405.33 WARN
r-devel-windows-ix86+x86_64 2.2-7 27.00 502.00 529.00 OK --no-vignettes
r-patched-linux-x86_64 2.2-7 9.21 326.81 336.02 OK
r-patched-solaris-x86 2.2-7 705.10 WARN
r-release-linux-x86_64 2.2-7 8.43 329.28 337.71 OK
r-release-windows-ix86+x86_64 2.2-7 20.00 397.00 417.00 OK --no-vignettes
r-release-osx-x86_64 2.2-7 WARN
r-oldrel-windows-ix86+x86_64 2.2-7 29.00 312.00 341.00 OK --no-vignettes
r-oldrel-osx-x86_64 2.2-7 WARN

Additional issues

valgrind

Check Details

Version: 2.2-7
Check: whether package can be installed
Result: WARN
    Found the following significant warnings:
     ./bdsmatrix_stub.h:44:11: warning: incompatible pointer to integer conversion returning 'int *' from a function with result type 'int'; dereference with * [-Wint-conversion]
     ./bdsmatrix_stub.h:53:11: warning: incompatible pointer to integer conversion returning 'int *' from a function with result type 'int'; dereference with * [-Wint-conversion]
     ./bdsmatrix_stub.h:100:11: warning: incompatible pointer types returning 'double *' from a function with result type 'double **' [-Wincompatible-pointer-types]
Flavors: r-devel-linux-x86_64-debian-clang, r-devel-linux-x86_64-fedora-clang

Version: 2.2-7
Check: whether package can be installed
Result: WARN
    Found the following significant warnings:
     bdsmatrix_stub.h:41:5: warning: assignment from incompatible pointer type [-Wincompatible-pointer-types]
     bdsmatrix_stub.h:44:12: warning: return makes integer from pointer without a cast [-Wint-conversion]
     bdsmatrix_stub.h:50:5: warning: assignment from incompatible pointer type [-Wincompatible-pointer-types]
     bdsmatrix_stub.h:53:12: warning: return makes integer from pointer without a cast [-Wint-conversion]
     bdsmatrix_stub.h:97:5: warning: assignment from incompatible pointer type [-Wincompatible-pointer-types]
     bdsmatrix_stub.h:100:12: warning: return from incompatible pointer type [-Wincompatible-pointer-types]
Flavors: r-devel-linux-x86_64-debian-gcc, r-devel-linux-x86_64-fedora-gcc

Version: 2.2-7
Check: whether package can be installed
Result: WARN
    Found the following significant warnings:
     "bdsmatrix_stub.h", line 44: warning: improper pointer/integer combination: op "="
     "bdsmatrix_stub.h", line 53: warning: improper pointer/integer combination: op "="
Flavor: r-patched-solaris-x86

Version: 2.2-7
Check: whether package can be installed
Result: WARN
    Found the following significant warnings:
     ./bdsmatrix_stub.h:44:11: warning: incompatible pointer to integer conversion returning 'int *' from a function with result type 'int'; dereference with * [-Wint-conversion]
     ./bdsmatrix_stub.h:53:11: warning: incompatible pointer to integer conversion returning 'int *' from a function with result type 'int'; dereference with * [-Wint-conversion]
Flavors: r-release-osx-x86_64, r-oldrel-osx-x86_64