CRAN Package Check Results for Package coxme

Last updated on 2014-04-24 09:48:58.

Flavor Version Tinstall Tcheck Ttotal Status Flags
r-devel-linux-x86_64-debian-clang 2.2-3 6.81 285.51 292.32 NOTE
r-devel-linux-x86_64-debian-gcc 2.2-3 8.10 278.99 287.09 NOTE
r-devel-linux-x86_64-fedora-clang 2.2-3 613.27 NOTE
r-devel-linux-x86_64-fedora-gcc 2.2-3 602.79 NOTE
r-devel-osx-x86_64-clang 2.2-3 416.52 NOTE
r-devel-osx-x86_64-gcc 2.2-3 NOTE
r-devel-windows-ix86+x86_64 2.2-3 24.00 489.00 513.00 NOTE
r-patched-linux-x86_64 2.2-3 7.69 277.48 285.18 NOTE
r-patched-solaris-sparc 2.2-3 5495.20 NOTE
r-patched-solaris-x86 2.2-3 998.20 NOTE
r-release-linux-ix86 2.2-3 10.00 435.00 445.00 NOTE
r-release-linux-x86_64 2.2-3 7.69 278.86 286.54 NOTE
r-release-osx-x86_64-mavericks 2.2-3 WARN
r-release-windows-ix86+x86_64 2.2-3 22.00 500.00 522.00 NOTE
r-oldrel-windows-ix86+x86_64 2.2-3 23.00 485.00 508.00 NOTE

Check Details

Version: 2.2-3
Check: dependencies in R code
Result: NOTE
    Packages in Depends field not imported from:
     ‘methods’ ‘survival’
     These packages need to be imported from (in the NAMESPACE file)
     for when this namespace is loaded but not attached.
    ':::' calls which should be '::':
     ‘survival:::agreg.fit’ ‘survival:::coxph.fit’
     See the note in ?`:::` about the use of this operator.
    Unexported object imported by a ':::' call: ‘survival:::anova.coxmelist’
     See the note in ?`:::` about the use of this operator.
    See the information on DESCRIPTION files in the chapter ‘Creating R
    packages’ of the ‘Writing R Extensions’ manual.
Flavors: r-devel-linux-x86_64-debian-clang, r-devel-linux-x86_64-debian-gcc, r-devel-linux-x86_64-fedora-clang, r-devel-linux-x86_64-fedora-gcc, r-devel-osx-x86_64-clang, r-devel-osx-x86_64-gcc, r-devel-windows-ix86+x86_64, r-patched-linux-x86_64, r-patched-solaris-sparc, r-patched-solaris-x86, r-release-linux-ix86, r-release-linux-x86_64, r-release-osx-x86_64-mavericks, r-release-windows-ix86+x86_64, r-oldrel-windows-ix86+x86_64

Version: 2.2-3
Check: top-level files
Result: NOTE
    Non-standard files/directories found at top level:
     ‘COPYRIGHT’ ‘Readme’ ‘noweb’
    Copyright information should be in file inst/COPYRIGHTS
Flavors: r-devel-linux-x86_64-fedora-clang, r-devel-linux-x86_64-fedora-gcc

Version: 2.2-3
Check: PDF version of manual
Result: WARNING
    LaTeX errors when creating PDF version.
    This typically indicates Rd problems.
    LaTeX errors found:
    ! LaTeX Error: File `upquote.sty' not found.
    
    Type X to quit or <RETURN> to proceed,
    or enter new name. (Default extension: sty)
    
    5ef72ead/Rd2.tex:8: ==> Fatal error occurred, no output PDF file produced!
Flavor: r-release-osx-x86_64-mavericks