CRAN Package Check Results for Package coxme

Last updated on 2015-07-04 14:50:10.

Flavor Version Tinstall Tcheck Ttotal Status Flags
r-devel-linux-x86_64-debian-clang 2.2-5 5.31 248.69 254.00 NOTE
r-devel-linux-x86_64-debian-gcc 2.2-5 6.21 252.61 258.82 NOTE
r-devel-linux-x86_64-fedora-clang 2.2-5 500.60 NOTE
r-devel-linux-x86_64-fedora-gcc 2.2-5 469.74 NOTE
r-devel-osx-x86_64-clang 2.2-5 367.75 OK
r-devel-windows-ix86+x86_64 2.2-5 35.00 466.00 501.00 NOTE
r-patched-linux-x86_64 2.2-5 6.49 248.98 255.47 OK
r-patched-solaris-sparc 2.2-5 5112.40 OK
r-patched-solaris-x86 2.2-5 882.40 OK
r-release-linux-x86_64 2.2-5 6.44 250.94 257.38 OK
r-release-osx-x86_64-mavericks 2.2-5 OK
r-release-windows-ix86+x86_64 2.2-5 30.00 480.00 510.00 OK
r-oldrel-windows-ix86+x86_64 2.2-5 32.00 530.00 562.00 OK

Check Details

Version: 2.2-5
Check: R code for possible problems
Result: NOTE
    anova.coxme: no visible global function definition for ‘as.formula’
    anova.coxme: no visible global function definition for ‘coef’
    anova.coxme: no visible global function definition for ‘pchisq’
    anova.coxmelist : rfun: no visible global function definition for
     ‘formula’
    anova.coxmelist: no visible global function definition for ‘anova’
    anova.coxmelist : dffun: no visible global function definition for
     ‘coef’
    anova.coxmelist: no visible global function definition for ‘pchisq’
    coxme: no visible global function definition for ‘model.extract’
    coxme: no visible global function definition for ‘model.weights’
    coxme: no visible global function definition for ‘model.offset’
    coxme: no visible global function definition for ‘terms’
    coxme: no visible global function definition for ‘model.matrix’
    coxme : getcmat: no visible global function definition for ‘terms’
    coxme : getcmat: no visible global function definition for
     ‘model.matrix’
    coxme.fit: no visible global function definition for ‘rnorm’
    coxme.fit: no visible global function definition for ‘rchisq’
    coxme.fit: no visible global function definition for ‘var’
    coxmeFull : initialize: no visible binding for global variable ‘var’
    lmekin: no visible global function definition for ‘model.extract’
    lmekin: no visible global function definition for ‘model.weights’
    lmekin: no visible global function definition for ‘model.offset’
    lmekin: no visible global function definition for ‘terms’
    lmekin: no visible global function definition for ‘model.matrix’
    lmekin : getcmat: no visible global function definition for ‘terms’
    lmekin : getcmat: no visible global function definition for
     ‘model.matrix’
    predict.coxme: no visible global function definition for ‘napredict’
    print.coxme: no visible global function definition for ‘naprint’
    print.coxme: no visible global function definition for ‘pchisq’
    print.lmekin: no visible global function definition for ‘naprint’
    print.lmekin: no visible global function definition for ‘pchisq’
    residuals.lmekin: no visible global function definition for ‘naresid’
    Undefined global functions or variables:
     anova as.formula coef formula model.extract model.matrix model.offset
     model.weights napredict naprint naresid pchisq rchisq rnorm terms var
Flavors: r-devel-linux-x86_64-debian-clang, r-devel-linux-x86_64-debian-gcc, r-devel-linux-x86_64-fedora-clang, r-devel-linux-x86_64-fedora-gcc, r-devel-windows-ix86+x86_64