CRAN Package Check Results for Package coxme

Last updated on 2015-05-27 06:46:42.

Flavor Version Tinstall Tcheck Ttotal Status Flags
r-devel-linux-x86_64-debian-clang 2.2-4 5.39 249.90 255.29 NOTE
r-devel-linux-x86_64-debian-gcc 2.2-4 6.53 250.78 257.31 NOTE
r-devel-linux-x86_64-fedora-clang 2.2-4 502.13 NOTE
r-devel-linux-x86_64-fedora-gcc 2.2-4 498.24 NOTE
r-devel-osx-x86_64-clang 2.2-4 375.97 NOTE
r-devel-windows-ix86+x86_64 2.2-4 23.00 486.00 509.00 NOTE
r-patched-linux-x86_64 2.2-4 5.90 247.58 253.48 NOTE
r-patched-solaris-sparc 2.2-4 5357.30 NOTE
r-patched-solaris-x86 2.2-4 876.50 NOTE
r-release-linux-x86_64 2.2-4 6.01 252.76 258.77 NOTE
r-release-osx-x86_64-mavericks 2.2-4 NOTE
r-release-osx-x86_64-snowleopard 2.2-4 NOTE
r-release-windows-ix86+x86_64 2.2-4 23.00 470.00 493.00 NOTE
r-oldrel-windows-ix86+x86_64 2.2-4 25.00 506.00 531.00 NOTE

Check Details

Version: 2.2-4
Check: dependencies in R code
Result: NOTE
    Unexported object imported by a ':::' call: ‘survival:::anova.coxmelist’
     See the note in ?`:::` about the use of this operator.
Flavors: r-devel-linux-x86_64-debian-clang, r-devel-linux-x86_64-debian-gcc, r-devel-linux-x86_64-fedora-clang, r-devel-linux-x86_64-fedora-gcc, r-devel-osx-x86_64-clang, r-devel-windows-ix86+x86_64, r-patched-linux-x86_64, r-patched-solaris-sparc, r-patched-solaris-x86, r-release-linux-x86_64, r-release-osx-x86_64-mavericks, r-release-osx-x86_64-snowleopard, r-release-windows-ix86+x86_64, r-oldrel-windows-ix86+x86_64