CRAN Package Check Results for Package coxme

Last updated on 2014-10-25 19:47:33.

Flavor Version Tinstall Tcheck Ttotal Status Flags
r-devel-linux-x86_64-debian-clang 2.2-3 6.64 251.04 257.68 NOTE
r-devel-linux-x86_64-debian-gcc 2.2-3 7.24 266.53 273.78 NOTE
r-devel-linux-x86_64-fedora-clang 2.2-3 555.80 NOTE
r-devel-linux-x86_64-fedora-gcc 2.2-3 575.37 NOTE
r-devel-osx-x86_64-clang 2.2-3 456.86 NOTE
r-devel-windows-ix86+x86_64 2.2-3 21.00 477.00 498.00 NOTE
r-patched-linux-x86_64 2.2-3 7.70 282.91 290.61 NOTE
r-patched-solaris-sparc 2.2-3 5474.20 NOTE
r-patched-solaris-x86 2.2-3 975.90 NOTE
r-release-linux-ix86 2.2-3 8.37 343.07 351.44 NOTE
r-release-linux-x86_64 2.2-3 7.80 297.41 305.20 NOTE
r-release-osx-x86_64-mavericks 2.2-3 NOTE
r-release-windows-ix86+x86_64 2.2-3 25.00 499.00 524.00 NOTE
r-oldrel-windows-ix86+x86_64 2.2-3 24.00 500.00 524.00 NOTE

Check Details

Version: 2.2-3
Check: top-level files
Result: NOTE
    Non-standard files/directories found at top level:
     ‘COPYRIGHT’ ‘Readme’
    Copyright information should be in file inst/COPYRIGHTS
Flavors: r-devel-linux-x86_64-debian-clang, r-devel-linux-x86_64-debian-gcc, r-devel-linux-x86_64-fedora-clang, r-devel-linux-x86_64-fedora-gcc, r-patched-linux-x86_64

Version: 2.2-3
Check: dependencies in R code
Result: NOTE
    Packages in Depends field not imported from:
     ‘methods’ ‘survival’
     These packages need to be imported from (in the NAMESPACE file)
     for when this namespace is loaded but not attached.
    ':::' calls which should be '::':
     ‘survival:::agreg.fit’ ‘survival:::coxph.fit’
     See the note in ?`:::` about the use of this operator.
    Unexported object imported by a ':::' call: ‘survival:::anova.coxmelist’
     See the note in ?`:::` about the use of this operator.
    See the information on DESCRIPTION files in the chapter ‘Creating R
    packages’ of the ‘Writing R Extensions’ manual.
Flavors: r-devel-linux-x86_64-debian-clang, r-devel-linux-x86_64-debian-gcc, r-devel-linux-x86_64-fedora-clang, r-devel-linux-x86_64-fedora-gcc, r-devel-osx-x86_64-clang, r-devel-windows-ix86+x86_64, r-patched-linux-x86_64, r-patched-solaris-sparc, r-patched-solaris-x86, r-release-linux-ix86, r-release-linux-x86_64, r-release-osx-x86_64-mavericks, r-release-windows-ix86+x86_64, r-oldrel-windows-ix86+x86_64

Version: 2.2-3
Check: R code for possible problems
Result: NOTE
    coxme: no visible global function definition for ‘untangle.specials’
    coxme: no visible global function definition for ‘strata’
    coxme.fit: no visible global function definition for ‘coxph.control’
    expand.nested: no visible global function definition for ‘strata’
Flavors: r-devel-linux-x86_64-debian-clang, r-devel-linux-x86_64-debian-gcc, r-devel-linux-x86_64-fedora-clang, r-devel-linux-x86_64-fedora-gcc, r-devel-osx-x86_64-clang, r-devel-windows-ix86+x86_64, r-patched-linux-x86_64, r-patched-solaris-sparc, r-patched-solaris-x86

Version: 2.2-3
Check: top-level files
Result: NOTE
    Non-standard files/directories found at top level:
     ‘COPYRIGHT’ ‘Readme’ ‘noweb’
    Copyright information should be in file inst/COPYRIGHTS
Flavor: r-release-linux-x86_64