CRAN Package Check Results for Package coxme

Last updated on 2015-08-28 19:47:08.

Flavor Version Tinstall Tcheck Ttotal Status Flags
r-devel-linux-x86_64-debian-clang 2.2-5 5.27 243.94 249.21 NOTE
r-devel-linux-x86_64-debian-gcc 2.2-5 5.88 245.88 251.77 NOTE
r-devel-linux-x86_64-fedora-clang 2.2-5 494.49 NOTE
r-devel-linux-x86_64-fedora-gcc 2.2-5 488.26 NOTE
r-devel-osx-x86_64-clang 2.2-5 369.36 OK
r-devel-windows-ix86+x86_64 2.2-5 32.00 269.00 301.00 NOTE --no-vignettes
r-patched-linux-x86_64 2.2-5 6.51 253.47 259.98 OK
r-patched-solaris-sparc 2.2-5 5419.10 OK
r-patched-solaris-x86 2.2-5 910.20 OK
r-release-linux-x86_64 2.2-5 6.31 255.05 261.36 OK
r-release-osx-x86_64-mavericks 2.2-5 OK
r-release-windows-ix86+x86_64 2.2-5 28.00 290.00 318.00 OK --no-vignettes
r-oldrel-windows-ix86+x86_64 2.2-5 33.00 329.00 362.00 OK --no-vignettes

Check Details

Version: 2.2-5
Check: R code for possible problems
Result: NOTE
    anova.coxme: no visible global function definition for ‘as.formula’
    anova.coxme: no visible global function definition for ‘coef’
    anova.coxme: no visible global function definition for ‘pchisq’
    anova.coxmelist : rfun: no visible global function definition for
     ‘formula’
    anova.coxmelist: no visible global function definition for ‘anova’
    anova.coxmelist : dffun: no visible global function definition for
     ‘coef’
    anova.coxmelist: no visible global function definition for ‘pchisq’
    coxme: no visible global function definition for ‘model.extract’
    coxme: no visible global function definition for ‘model.weights’
    coxme: no visible global function definition for ‘model.offset’
    coxme: no visible global function definition for ‘terms’
    coxme: no visible global function definition for ‘model.matrix’
    coxme : getcmat: no visible global function definition for ‘terms’
    coxme : getcmat: no visible global function definition for
     ‘model.matrix’
    coxme.fit: no visible global function definition for ‘rnorm’
    coxme.fit: no visible global function definition for ‘rchisq’
    coxme.fit: no visible global function definition for ‘var’
    coxmeFull : initialize: no visible binding for global variable ‘var’
    lmekin: no visible global function definition for ‘model.extract’
    lmekin: no visible global function definition for ‘model.weights’
    lmekin: no visible global function definition for ‘model.offset’
    lmekin: no visible global function definition for ‘terms’
    lmekin: no visible global function definition for ‘model.matrix’
    lmekin : getcmat: no visible global function definition for ‘terms’
    lmekin : getcmat: no visible global function definition for
     ‘model.matrix’
    predict.coxme: no visible global function definition for ‘napredict’
    print.coxme: no visible global function definition for ‘naprint’
    print.coxme: no visible global function definition for ‘pchisq’
    print.lmekin: no visible global function definition for ‘naprint’
    print.lmekin: no visible global function definition for ‘pchisq’
    residuals.lmekin: no visible global function definition for ‘naresid’
    Undefined global functions or variables:
     anova as.formula coef formula model.extract model.matrix model.offset
     model.weights napredict naprint naresid pchisq rchisq rnorm terms var
    Consider adding
     importFrom("stats", "anova", "as.formula", "coef", "formula",
     "model.extract", "model.matrix", "model.offset",
     "model.weights", "napredict", "naprint", "naresid",
     "pchisq", "rchisq", "rnorm", "terms", "var")
    to your NAMESPACE.
Flavors: r-devel-linux-x86_64-debian-clang, r-devel-linux-x86_64-debian-gcc, r-devel-linux-x86_64-fedora-clang, r-devel-linux-x86_64-fedora-gcc

Version: 2.2-5
Flags: --no-vignettes
Check: R code for possible problems
Result: NOTE
    anova.coxme: no visible global function definition for 'as.formula'
    anova.coxme: no visible global function definition for 'coef'
    anova.coxme: no visible global function definition for 'pchisq'
    anova.coxmelist : rfun: no visible global function definition for
     'formula'
    anova.coxmelist: no visible global function definition for 'anova'
    anova.coxmelist : dffun: no visible global function definition for
     'coef'
    anova.coxmelist: no visible global function definition for 'pchisq'
    coxme: no visible global function definition for 'model.extract'
    coxme: no visible global function definition for 'model.weights'
    coxme: no visible global function definition for 'model.offset'
    coxme: no visible global function definition for 'terms'
    coxme: no visible global function definition for 'model.matrix'
    coxme : getcmat: no visible global function definition for 'terms'
    coxme : getcmat: no visible global function definition for
     'model.matrix'
    coxme.fit: no visible global function definition for 'rnorm'
    coxme.fit: no visible global function definition for 'rchisq'
    coxme.fit: no visible global function definition for 'var'
    coxmeFull : initialize: no visible binding for global variable 'var'
    lmekin: no visible global function definition for 'model.extract'
    lmekin: no visible global function definition for 'model.weights'
    lmekin: no visible global function definition for 'model.offset'
    lmekin: no visible global function definition for 'terms'
    lmekin: no visible global function definition for 'model.matrix'
    lmekin : getcmat: no visible global function definition for 'terms'
    lmekin : getcmat: no visible global function definition for
     'model.matrix'
    predict.coxme: no visible global function definition for 'napredict'
    print.coxme: no visible global function definition for 'naprint'
    print.coxme: no visible global function definition for 'pchisq'
    print.lmekin: no visible global function definition for 'naprint'
    print.lmekin: no visible global function definition for 'pchisq'
    residuals.lmekin: no visible global function definition for 'naresid'
    Undefined global functions or variables:
     anova as.formula coef formula model.extract model.matrix model.offset
     model.weights napredict naprint naresid pchisq rchisq rnorm terms var
    Consider adding
     importFrom("stats", "anova", "as.formula", "coef", "formula",
     "model.extract", "model.matrix", "model.offset",
     "model.weights", "napredict", "naprint", "naresid",
     "pchisq", "rchisq", "rnorm", "terms", "var")
    to your NAMESPACE.
Flavor: r-devel-windows-ix86+x86_64