CRAN Package Check Results for Package coxphMIC

Last updated on 2024-02-24 08:49:33 CET.

Flavor Version Tinstall Tcheck Ttotal Status Flags
r-devel-linux-x86_64-debian-clang 0.1.0 6.82 64.64 71.46 WARN
r-devel-linux-x86_64-debian-gcc 0.1.0 6.04 48.74 54.78 WARN
r-devel-linux-x86_64-fedora-clang 0.1.0 90.63 WARN
r-devel-linux-x86_64-fedora-gcc 0.1.0 86.77 WARN
r-devel-windows-x86_64 0.1.0 7.00 64.00 71.00 WARN
r-patched-linux-x86_64 0.1.0 8.33 64.07 72.40 NOTE
r-release-linux-x86_64 0.1.0 5.77 63.82 69.59 NOTE
r-release-macos-arm64 0.1.0 33.00 NOTE
r-release-macos-x86_64 0.1.0 50.00 NOTE
r-release-windows-x86_64 0.1.0 8.00 73.00 81.00 NOTE
r-oldrel-macos-arm64 0.1.0 31.00 NOTE
r-oldrel-windows-x86_64 0.1.0 8.00 80.00 88.00 NOTE

Check Details

Version: 0.1.0
Check: LazyData
Result: NOTE 'LazyData' is specified without a 'data' directory Flavors: r-devel-linux-x86_64-debian-clang, r-devel-linux-x86_64-debian-gcc, r-devel-linux-x86_64-fedora-clang, r-devel-linux-x86_64-fedora-gcc, r-devel-windows-x86_64, r-patched-linux-x86_64, r-release-linux-x86_64, r-release-macos-arm64, r-release-macos-x86_64, r-release-windows-x86_64, r-oldrel-macos-arm64, r-oldrel-windows-x86_64

Version: 0.1.0
Check: examples
Result: WARN Found the following significant warnings: Warning in is.R() : 'is.R' is deprecated. Warning in is.R() : 'is.R' is deprecated. Deprecated functions may be defunct as soon as of the next release of R. See ?Deprecated. Flavors: r-devel-linux-x86_64-debian-clang, r-devel-linux-x86_64-debian-gcc, r-devel-linux-x86_64-fedora-clang, r-devel-linux-x86_64-fedora-gcc, r-devel-windows-x86_64