CRAN Package Check Results for Package coxphf

Last updated on 2015-03-30 21:49:09.

Flavor Version Tinstall Tcheck Ttotal Status Flags
r-devel-linux-x86_64-debian-clang 1.11 2.47 10.84 13.31 NOTE
r-devel-linux-x86_64-debian-gcc 1.11 2.03 10.95 12.98 NOTE
r-devel-linux-x86_64-fedora-clang 1.11 24.31 NOTE
r-devel-linux-x86_64-fedora-gcc 1.11 23.11 NOTE
r-devel-osx-x86_64-clang 1.11 29.95 NOTE
r-prerel-windows-ix86+x86_64 1.11 12.00 25.00 37.00 NOTE
r-prerel-linux-x86_64 1.11 2.08 10.77 12.85 NOTE
r-prerel-solaris-sparc 1.11 161.30 NOTE --no-examples
r-prerel-solaris-x86 1.11 42.00 NOTE
r-release-linux-x86_64 1.11 2.23 11.84 14.08 OK
r-release-osx-x86_64-mavericks 1.11 WARN
r-release-osx-x86_64-snowleopard 1.11 OK
r-release-windows-ix86+x86_64 1.11 12.00 27.00 39.00 OK
r-oldrel-windows-ix86+x86_64 1.11 10.00 26.00 36.00 OK

Check Details

Version: 1.11
Check: DESCRIPTION meta-information
Result: NOTE
    Malformed Description field: should contain one or more complete sentences.
Flavors: r-devel-linux-x86_64-debian-clang, r-devel-linux-x86_64-debian-gcc, r-devel-linux-x86_64-fedora-clang, r-devel-linux-x86_64-fedora-gcc, r-devel-osx-x86_64-clang, r-prerel-windows-ix86+x86_64, r-prerel-linux-x86_64, r-prerel-solaris-x86

Version: 1.11
Flags: --no-examples
Check: DESCRIPTION meta-information
Result: NOTE
    Malformed Description field: should contain one or more complete sentences.
Flavor: r-prerel-solaris-sparc

Version: 1.11
Check: whether package can be installed
Result: WARN
    Found the following significant warnings:
     Warning: Possible change of value in conversion from REAL(8) to INTEGER(4) at (1)
Flavor: r-release-osx-x86_64-mavericks