CRAN Package Check Results for Package coxphf

Last updated on 2016-05-28 14:47:41.

Flavor Version Tinstall Tcheck Ttotal Status Flags
r-devel-linux-x86_64-debian-gcc 1.11 4.41 30.76 35.17 NOTE
r-devel-linux-x86_64-fedora-clang 1.11 71.36 NOTE
r-devel-linux-x86_64-fedora-gcc 1.11 66.07 NOTE
r-devel-osx-x86_64-clang 1.11 70.05 NOTE
r-devel-windows-ix86+x86_64 1.11 12.00 73.00 85.00 NOTE
r-patched-linux-x86_64 1.11 4.06 30.09 34.15 NOTE
r-patched-solaris-sparc 1.11 366.50 NOTE --no-examples
r-patched-solaris-x86 1.11 91.70 NOTE
r-release-linux-x86_64 1.11 4.47 30.13 34.60 NOTE
r-release-osx-x86_64-mavericks 1.11 WARN
r-release-windows-ix86+x86_64 1.11 17.00 72.00 89.00 NOTE
r-oldrel-windows-ix86+x86_64 1.11 12.00 92.00 104.00 NOTE

Check Details

Version: 1.11
Check: DESCRIPTION meta-information
Result: NOTE
    Malformed Description field: should contain one or more complete sentences.
Flavors: r-devel-linux-x86_64-debian-gcc, r-devel-linux-x86_64-fedora-clang, r-devel-linux-x86_64-fedora-gcc, r-devel-osx-x86_64-clang, r-devel-windows-ix86+x86_64, r-patched-linux-x86_64, r-patched-solaris-x86, r-release-linux-x86_64, r-release-osx-x86_64-mavericks, r-release-windows-ix86+x86_64, r-oldrel-windows-ix86+x86_64

Version: 1.11
Check: R code for possible problems
Result: NOTE
    coxphf: no visible binding for global variable ‘sd’
    coxphf: no visible global function definition for ‘qchisq’
    coxphf: no visible global function definition for ‘pchisq’
    coxphf: no visible global function definition for ‘qnorm’
    coxphfplot: no visible global function definition for ‘coef’
    coxphfplot: no visible binding for global variable ‘sd’
    coxphfplot: no visible global function definition for ‘as.formula’
    coxphfplot: no visible global function definition for ‘qnorm’
    coxphfplot: no visible global function definition for ‘par’
    coxphfplot: no visible global function definition for ‘plot’
    coxphfplot: no visible global function definition for ‘points’
    coxphfplot: no visible global function definition for ‘segments’
    coxphfplot: no visible global function definition for ‘qchisq’
    coxphfplot: no visible global function definition for ‘axis’
    coxphfplot: no visible global function definition for ‘mtext’
    coxphfplot: no visible global function definition for ‘title’
    coxphftest: no visible binding for global variable ‘sd’
    coxphftest: no visible global function definition for ‘as.formula’
    coxphftest: no visible global function definition for ‘pchisq’
    decomposeSurv: no visible global function definition for ‘as.formula’
    decomposeSurv: no visible global function definition for
     ‘model.extract’
    decomposeSurv: no visible global function definition for ‘model.frame’
    decomposeSurv: no visible global function definition for ‘model.matrix’
    decomposeSurv: no visible global function definition for ‘tail’
    print.coxphf: no visible global function definition for ‘qchisq’
    print.coxphf: no visible global function definition for ‘pchisq’
    summary.coxphf: no visible global function definition for ‘qchisq’
    summary.coxphf: no visible global function definition for ‘pchisq’
    summary.coxphf: no visible global function definition for ‘coef’
    Undefined global functions or variables:
     as.formula axis coef model.extract model.frame model.matrix mtext par
     pchisq plot points qchisq qnorm sd segments tail title
    Consider adding
     importFrom("graphics", "axis", "mtext", "par", "plot", "points",
     "segments", "title")
     importFrom("stats", "as.formula", "coef", "model.extract",
     "model.frame", "model.matrix", "pchisq", "qchisq", "qnorm",
     "sd")
     importFrom("utils", "tail")
    to your NAMESPACE file.
Flavors: r-devel-linux-x86_64-debian-gcc, r-devel-linux-x86_64-fedora-clang, r-devel-linux-x86_64-fedora-gcc, r-devel-osx-x86_64-clang, r-devel-windows-ix86+x86_64, r-patched-linux-x86_64, r-patched-solaris-x86, r-release-linux-x86_64, r-release-osx-x86_64-mavericks, r-release-windows-ix86+x86_64

Version: 1.11
Flags: --no-examples
Check: DESCRIPTION meta-information
Result: NOTE
    Malformed Description field: should contain one or more complete sentences.
Flavor: r-patched-solaris-sparc

Version: 1.11
Flags: --no-examples
Check: R code for possible problems
Result: NOTE
    coxphf: no visible binding for global variable ‘sd’
    coxphf: no visible global function definition for ‘qchisq’
    coxphf: no visible global function definition for ‘pchisq’
    coxphf: no visible global function definition for ‘qnorm’
    coxphfplot: no visible global function definition for ‘coef’
    coxphfplot: no visible binding for global variable ‘sd’
    coxphfplot: no visible global function definition for ‘as.formula’
    coxphfplot: no visible global function definition for ‘qnorm’
    coxphfplot: no visible global function definition for ‘par’
    coxphfplot: no visible global function definition for ‘plot’
    coxphfplot: no visible global function definition for ‘points’
    coxphfplot: no visible global function definition for ‘segments’
    coxphfplot: no visible global function definition for ‘qchisq’
    coxphfplot: no visible global function definition for ‘axis’
    coxphfplot: no visible global function definition for ‘mtext’
    coxphfplot: no visible global function definition for ‘title’
    coxphftest: no visible binding for global variable ‘sd’
    coxphftest: no visible global function definition for ‘as.formula’
    coxphftest: no visible global function definition for ‘pchisq’
    decomposeSurv: no visible global function definition for ‘as.formula’
    decomposeSurv: no visible global function definition for
     ‘model.extract’
    decomposeSurv: no visible global function definition for ‘model.frame’
    decomposeSurv: no visible global function definition for ‘model.matrix’
    decomposeSurv: no visible global function definition for ‘tail’
    print.coxphf: no visible global function definition for ‘qchisq’
    print.coxphf: no visible global function definition for ‘pchisq’
    summary.coxphf: no visible global function definition for ‘qchisq’
    summary.coxphf: no visible global function definition for ‘pchisq’
    summary.coxphf: no visible global function definition for ‘coef’
    Undefined global functions or variables:
     as.formula axis coef model.extract model.frame model.matrix mtext par
     pchisq plot points qchisq qnorm sd segments tail title
    Consider adding
     importFrom("graphics", "axis", "mtext", "par", "plot", "points",
     "segments", "title")
     importFrom("stats", "as.formula", "coef", "model.extract",
     "model.frame", "model.matrix", "pchisq", "qchisq", "qnorm",
     "sd")
     importFrom("utils", "tail")
    to your NAMESPACE file.
Flavor: r-patched-solaris-sparc

Version: 1.11
Check: whether package can be installed
Result: WARN
    Found the following significant warnings:
     Warning: Possible change of value in conversion from REAL(8) to INTEGER(4) at (1)
Flavor: r-release-osx-x86_64-mavericks