CRAN Package Check Results for Package coxphf

Last updated on 2017-05-28 02:46:53.

Flavor Version Tinstall Tcheck Ttotal Status Flags
r-devel-linux-x86_64-debian-clang 1.12 4.43 31.80 36.22 NOTE
r-devel-linux-x86_64-debian-gcc 1.12 4.09 30.98 35.07 NOTE
r-devel-linux-x86_64-fedora-clang 1.12 78.34 NOTE
r-devel-linux-x86_64-fedora-gcc 1.12 73.66 NOTE
r-devel-windows-ix86+x86_64 1.12 14.00 75.00 89.00 OK
r-patched-linux-x86_64 1.12 4.32 33.42 37.73 NOTE
r-patched-solaris-sparc 1.12 418.20 OK --no-examples
r-patched-solaris-x86 1.12 108.00 OK
r-release-linux-x86_64 1.12 4.56 31.31 35.87 NOTE
r-release-windows-ix86+x86_64 1.12 11.00 87.00 98.00 OK
r-release-osx-x86_64 1.12 OK
r-oldrel-windows-ix86+x86_64 1.12 18.00 63.00 81.00 OK
r-oldrel-osx-x86_64 1.12 OK

Check Details

Version: 1.12
Check: compiled code
Result: NOTE
    File ‘coxphf/libs/coxphf.so’:
     Found no calls to: ‘R_registerRoutines’, ‘R_useDynamicSymbols’
    
    It is good practice to register native routines and to disable symbol
    search.
    
    See ‘Writing portable packages’ in the ‘Writing R Extensions’ manual.
Flavors: r-devel-linux-x86_64-debian-clang, r-devel-linux-x86_64-debian-gcc, r-devel-linux-x86_64-fedora-clang, r-devel-linux-x86_64-fedora-gcc, r-patched-linux-x86_64, r-release-linux-x86_64