CRAN Package Check Results for Package coxphf

Last updated on 2017-11-25 11:55:08 CET.

Flavor Version Tinstall Tcheck Ttotal Status Flags
r-devel-linux-x86_64-debian-clang 1.12 4.99 68.20 73.19 NOTE
r-devel-linux-x86_64-debian-gcc 1.12 4.36 65.53 69.89 NOTE
r-devel-linux-x86_64-fedora-clang 1.12 62.86 NOTE
r-devel-linux-x86_64-fedora-gcc 1.12 62.49 NOTE
r-devel-windows-ix86+x86_64 1.12 14.00 94.00 108.00 OK
r-patched-linux-x86_64 1.12 5.05 74.34 79.38 NOTE
r-patched-solaris-x86 1.12 107.60 OK
r-release-linux-x86_64 1.12 5.39 74.51 79.90 NOTE
r-release-windows-ix86+x86_64 1.12 14.00 70.00 84.00 OK
r-release-osx-x86_64 1.12 OK
r-oldrel-windows-ix86+x86_64 1.12 13.00 68.00 81.00 OK
r-oldrel-osx-x86_64 1.12 OK

Check Details

Version: 1.12
Check: compiled code
Result: NOTE
    File ‘coxphf/libs/coxphf.so’:
     Found no calls to: ‘R_registerRoutines’, ‘R_useDynamicSymbols’
    
    It is good practice to register native routines and to disable symbol
    search.
    
    See ‘Writing portable packages’ in the ‘Writing R Extensions’ manual.
Flavors: r-devel-linux-x86_64-debian-clang, r-devel-linux-x86_64-debian-gcc, r-devel-linux-x86_64-fedora-clang, r-devel-linux-x86_64-fedora-gcc, r-patched-linux-x86_64, r-release-linux-x86_64