CRAN Package Check Results for Package coxphf

Last updated on 2017-02-25 17:47:14.

Flavor Version Tinstall Tcheck Ttotal Status Flags
r-devel-linux-x86_64-debian-clang 1.12 3.96 30.50 34.46 NOTE
r-devel-linux-x86_64-debian-gcc 1.12 4.04 30.72 34.77 NOTE
r-devel-linux-x86_64-fedora-clang 1.12 79.59 NOTE --no-stop-on-test-error
r-devel-linux-x86_64-fedora-gcc 1.12 74.24 NOTE --no-stop-on-test-error
r-devel-macos-x86_64-clang 1.12 61.35 NOTE --no-stop-on-test-error
r-devel-windows-ix86+x86_64 1.12 19.00 93.00 112.00 OK
r-patched-linux-x86_64 1.12 3.64 27.06 30.70 OK
r-patched-solaris-sparc 1.12 381.70 OK --no-examples
r-patched-solaris-x86 1.12 93.40 OK
r-release-linux-x86_64 1.12 3.83 27.31 31.14 OK
r-release-osx-x86_64-mavericks 1.12 OK
r-release-windows-ix86+x86_64 1.12 16.00 92.00 108.00 OK
r-oldrel-windows-ix86+x86_64 1.12 15.00 62.00 77.00 OK

Check Details

Version: 1.12
Check: compiled code
Result: NOTE
    File ‘coxphf/libs/coxphf.so’:
     Found no calls to: ‘R_registerRoutines’, ‘R_useDynamicSymbols’
    
    It is good practice to register native routines and to disable symbol
    search.
    
    See ‘Writing portable packages’ in the ‘Writing R Extensions’ manual.
Flavors: r-devel-linux-x86_64-debian-clang, r-devel-linux-x86_64-debian-gcc

Version: 1.12
Flags: --no-stop-on-test-error
Check: compiled code
Result: NOTE
    File ‘coxphf/libs/coxphf.so’:
     Found no calls to: ‘R_registerRoutines’, ‘R_useDynamicSymbols’
    
    It is good practice to register native routines and to disable symbol
    search.
    
    See ‘Writing portable packages’ in the ‘Writing R Extensions’ manual.
Flavors: r-devel-linux-x86_64-fedora-clang, r-devel-linux-x86_64-fedora-gcc, r-devel-macos-x86_64-clang