CRAN Package Check Results for Package coxphf

Last updated on 2015-04-18 17:50:43.

Flavor Version Tinstall Tcheck Ttotal Status Flags
r-devel-linux-x86_64-debian-clang 1.11 2.57 11.20 13.77 NOTE
r-devel-linux-x86_64-debian-gcc 1.11 2.09 10.91 13.00 NOTE
r-devel-linux-x86_64-fedora-clang 1.11 24.30 NOTE
r-devel-linux-x86_64-fedora-gcc 1.11 23.29 NOTE
r-devel-osx-x86_64-clang 1.11 27.30 NOTE
r-patched-linux-x86_64 1.11 2.16 10.94 13.10 NOTE
r-patched-solaris-sparc 1.11 161.30 NOTE --no-examples
r-patched-solaris-x86 1.11 42.20 NOTE
r-release-linux-x86_64 1.11 2.09 10.81 12.90 NOTE
r-release-osx-x86_64-mavericks 1.11 WARN
r-release-osx-x86_64-snowleopard 1.11 NOTE
r-release-windows-ix86+x86_64 1.11 7.00 27.00 34.00 NOTE
r-oldrel-windows-ix86+x86_64 1.11 10.00 26.00 36.00 OK

Check Details

Version: 1.11
Check: DESCRIPTION meta-information
Result: NOTE
    Malformed Description field: should contain one or more complete sentences.
Flavors: r-devel-linux-x86_64-debian-clang, r-devel-linux-x86_64-debian-gcc, r-devel-linux-x86_64-fedora-clang, r-devel-linux-x86_64-fedora-gcc, r-devel-osx-x86_64-clang, r-patched-linux-x86_64, r-patched-solaris-x86, r-release-linux-x86_64, r-release-osx-x86_64-mavericks, r-release-osx-x86_64-snowleopard, r-release-windows-ix86+x86_64

Version: 1.11
Flags: --no-examples
Check: DESCRIPTION meta-information
Result: NOTE
    Malformed Description field: should contain one or more complete sentences.
Flavor: r-patched-solaris-sparc

Version: 1.11
Check: whether package can be installed
Result: WARN
    Found the following significant warnings:
     Warning: Possible change of value in conversion from REAL(8) to INTEGER(4) at (1)
Flavor: r-release-osx-x86_64-mavericks