CRAN Package Check Results for Package coxphf

Last updated on 2017-07-24 10:46:38.

Flavor Version Tinstall Tcheck Ttotal Status Flags
r-devel-linux-x86_64-debian-clang 1.12 3.98 37.22 41.20 NOTE
r-devel-linux-x86_64-debian-gcc 1.12 4.01 36.22 40.23 NOTE
r-devel-linux-x86_64-fedora-clang 1.12 78.46 NOTE
r-devel-linux-x86_64-fedora-gcc 1.12 75.79 NOTE
r-devel-windows-ix86+x86_64 1.12 19.00 97.00 116.00 OK
r-patched-linux-x86_64 1.12 4.09 36.77 40.86 NOTE
r-patched-solaris-x86 1.12 107.70 OK
r-release-linux-x86_64 1.12 4.04 36.92 40.95 NOTE
r-release-windows-ix86+x86_64 1.12 13.00 99.00 112.00 OK
r-release-osx-x86_64 1.12 OK
r-oldrel-windows-ix86+x86_64 1.12 12.00 96.00 108.00 OK
r-oldrel-osx-x86_64 1.12 OK

Check Details

Version: 1.12
Check: compiled code
Result: NOTE
    File ‘coxphf/libs/coxphf.so’:
     Found no calls to: ‘R_registerRoutines’, ‘R_useDynamicSymbols’
    
    It is good practice to register native routines and to disable symbol
    search.
    
    See ‘Writing portable packages’ in the ‘Writing R Extensions’ manual.
Flavors: r-devel-linux-x86_64-debian-clang, r-devel-linux-x86_64-debian-gcc, r-devel-linux-x86_64-fedora-clang, r-devel-linux-x86_64-fedora-gcc, r-patched-linux-x86_64, r-release-linux-x86_64