CRAN Package Check Results for Package coxphf

Last updated on 2017-09-21 05:48:21.

Flavor Version Tinstall Tcheck Ttotal Status Flags
r-devel-linux-x86_64-debian-clang 1.12 3.67 30.86 34.53 NOTE
r-devel-linux-x86_64-debian-gcc 1.12 3.80 29.94 33.74 NOTE
r-devel-linux-x86_64-fedora-clang 1.12 78.96 NOTE
r-devel-linux-x86_64-fedora-gcc 1.12 76.93 NOTE
r-devel-windows-ix86+x86_64 1.12 15.00 100.00 115.00 OK
r-patched-linux-x86_64 1.12 3.89 30.59 34.48 NOTE
r-patched-solaris-x86 1.12 110.50 OK
r-release-linux-x86_64 1.12 3.96 30.42 34.37 NOTE
r-release-windows-ix86+x86_64 1.12 13.00 74.00 87.00 OK
r-release-osx-x86_64 1.12 OK
r-oldrel-windows-ix86+x86_64 1.12 11.00 66.00 77.00 OK
r-oldrel-osx-x86_64 1.12 OK

Check Details

Version: 1.12
Check: compiled code
Result: NOTE
    File ‘coxphf/libs/coxphf.so’:
     Found no calls to: ‘R_registerRoutines’, ‘R_useDynamicSymbols’
    
    It is good practice to register native routines and to disable symbol
    search.
    
    See ‘Writing portable packages’ in the ‘Writing R Extensions’ manual.
Flavors: r-devel-linux-x86_64-debian-clang, r-devel-linux-x86_64-debian-gcc, r-devel-linux-x86_64-fedora-clang, r-devel-linux-x86_64-fedora-gcc, r-patched-linux-x86_64, r-release-linux-x86_64