CRAN Package Check Results for Package coxphf

Last updated on 2017-04-24 08:47:45.

Flavor Version Tinstall Tcheck Ttotal Status Flags
r-devel-linux-x86_64-debian-clang 1.12 3.86 30.18 34.04 NOTE
r-devel-linux-x86_64-debian-gcc 1.12 4.06 29.56 33.61 NOTE
r-devel-linux-x86_64-fedora-clang 1.12 77.25 NOTE --no-stop-on-test-error
r-devel-linux-x86_64-fedora-gcc 1.12 76.32 NOTE --no-stop-on-test-error
r-devel-windows-ix86+x86_64 1.12 24.00 85.00 109.00 OK
r-patched-linux-x86_64 1.12 4.01 30.06 34.07 NOTE
r-patched-solaris-sparc 1.12 418.20 OK --no-examples
r-patched-solaris-x86 1.12 113.00 OK
r-release-linux-x86_64 1.12 4.06 30.70 34.76 NOTE
r-release-windows-ix86+x86_64 1.12 15.00 84.00 99.00 OK
r-release-osx-x86_64 1.12 OK
r-oldrel-windows-ix86+x86_64 1.12 13.00 69.00 82.00 OK
r-oldrel-osx-x86_64 1.12 OK

Check Details

Version: 1.12
Check: compiled code
Result: NOTE
    File ‘coxphf/libs/coxphf.so’:
     Found no calls to: ‘R_registerRoutines’, ‘R_useDynamicSymbols’
    
    It is good practice to register native routines and to disable symbol
    search.
    
    See ‘Writing portable packages’ in the ‘Writing R Extensions’ manual.
Flavors: r-devel-linux-x86_64-debian-clang, r-devel-linux-x86_64-debian-gcc, r-patched-linux-x86_64, r-release-linux-x86_64

Version: 1.12
Flags: --no-stop-on-test-error
Check: compiled code
Result: NOTE
    File ‘coxphf/libs/coxphf.so’:
     Found no calls to: ‘R_registerRoutines’, ‘R_useDynamicSymbols’
    
    It is good practice to register native routines and to disable symbol
    search.
    
    See ‘Writing portable packages’ in the ‘Writing R Extensions’ manual.
Flavors: r-devel-linux-x86_64-fedora-clang, r-devel-linux-x86_64-fedora-gcc