CRAN Package Check Results for Package coxphf

Last updated on 2018-02-22 04:48:22 CET.

Flavor Version Tinstall Tcheck Ttotal Status Flags
r-devel-linux-x86_64-debian-clang 1.12 6.61 43.01 49.62 NOTE
r-devel-linux-x86_64-debian-gcc 1.12 4.51 38.24 42.75 NOTE
r-devel-linux-x86_64-fedora-clang 1.12 65.88 NOTE
r-devel-linux-x86_64-fedora-gcc 1.12 63.17 NOTE
r-devel-windows-ix86+x86_64 1.12 22.00 70.00 92.00 OK
r-patched-linux-x86_64 1.12 4.52 48.30 52.82 NOTE
r-patched-solaris-x86 1.12 108.50 OK
r-release-linux-x86_64 1.12 6.28 47.39 53.67 NOTE
r-release-windows-ix86+x86_64 1.12 17.00 67.00 84.00 OK
r-release-osx-x86_64 1.12 OK
r-oldrel-windows-ix86+x86_64 1.12 13.00 88.00 101.00 OK
r-oldrel-osx-x86_64 1.12 OK

Check Details

Version: 1.12
Check: compiled code
Result: NOTE
    File ‘coxphf/libs/coxphf.so’:
     Found no calls to: ‘R_registerRoutines’, ‘R_useDynamicSymbols’
    
    It is good practice to register native routines and to disable symbol
    search.
    
    See ‘Writing portable packages’ in the ‘Writing R Extensions’ manual.
Flavors: r-devel-linux-x86_64-debian-clang, r-devel-linux-x86_64-debian-gcc, r-devel-linux-x86_64-fedora-clang, r-devel-linux-x86_64-fedora-gcc, r-patched-linux-x86_64, r-release-linux-x86_64