CRAN Package Check Results for Package coxphf

Last updated on 2015-05-28 15:47:24.

Flavor Version Tinstall Tcheck Ttotal Status Flags
r-devel-linux-x86_64-debian-clang 1.11 2.49 12.05 14.54 NOTE
r-devel-linux-x86_64-debian-gcc 1.11 2.06 11.15 13.21 NOTE
r-devel-linux-x86_64-fedora-clang 1.11 24.71 NOTE
r-devel-linux-x86_64-fedora-gcc 1.11 23.16 NOTE
r-devel-osx-x86_64-clang 1.11 26.50 NOTE
r-devel-windows-ix86+x86_64 1.11 10.00 28.00 38.00 NOTE
r-patched-linux-x86_64 1.11 2.00 11.56 13.56 NOTE
r-patched-solaris-sparc 1.11 148.20 NOTE --no-examples
r-patched-solaris-x86 1.11 41.10 NOTE
r-release-linux-x86_64 1.11 2.09 11.02 13.10 NOTE
r-release-osx-x86_64-mavericks 1.11 WARN
r-release-osx-x86_64-snowleopard 1.11 NOTE
r-release-windows-ix86+x86_64 1.11 7.00 27.00 34.00 NOTE
r-oldrel-windows-ix86+x86_64 1.11 12.00 27.00 39.00 OK

Check Details

Version: 1.11
Check: DESCRIPTION meta-information
Result: NOTE
    Malformed Description field: should contain one or more complete sentences.
Flavors: r-devel-linux-x86_64-debian-clang, r-devel-linux-x86_64-debian-gcc, r-devel-linux-x86_64-fedora-clang, r-devel-linux-x86_64-fedora-gcc, r-devel-osx-x86_64-clang, r-devel-windows-ix86+x86_64, r-patched-linux-x86_64, r-patched-solaris-x86, r-release-linux-x86_64, r-release-osx-x86_64-mavericks, r-release-osx-x86_64-snowleopard, r-release-windows-ix86+x86_64

Version: 1.11
Flags: --no-examples
Check: DESCRIPTION meta-information
Result: NOTE
    Malformed Description field: should contain one or more complete sentences.
Flavor: r-patched-solaris-sparc

Version: 1.11
Check: whether package can be installed
Result: WARN
    Found the following significant warnings:
     Warning: Possible change of value in conversion from REAL(8) to INTEGER(4) at (1)
Flavor: r-release-osx-x86_64-mavericks