CRAN Package Check Results for Package coxphf

Last updated on 2014-09-02 22:47:35.

Flavor Version Tinstall Tcheck Ttotal Status Flags
r-devel-linux-x86_64-debian-clang 1.10 2.08 11.58 13.66 NOTE
r-devel-linux-x86_64-debian-gcc 1.10 2.34 11.31 13.66 NOTE
r-devel-linux-x86_64-fedora-clang 1.10 26.99 NOTE
r-devel-linux-x86_64-fedora-gcc 1.10 25.38 NOTE
r-devel-osx-x86_64-clang 1.10 29.78 NOTE
r-devel-windows-ix86+x86_64 1.10 9.00 26.00 35.00 NOTE
r-patched-linux-x86_64 1.10 2.10 11.98 14.08 NOTE
r-patched-solaris-sparc 1.10 151.50 NOTE --no-examples
r-patched-solaris-x86 1.10 44.00 NOTE
r-release-linux-ix86 1.10 3.33 18.93 22.26 NOTE
r-release-linux-x86_64 1.10 2.15 12.19 14.34 NOTE
r-release-osx-x86_64-mavericks 1.10 WARN
r-release-windows-ix86+x86_64 1.10 12.00 26.00 38.00 NOTE
r-oldrel-windows-ix86+x86_64 1.10 8.00 26.00 34.00 NOTE

Check Details

Version: 1.10
Check: dependencies in R code
Result: NOTE
    Package in Depends field not imported from: ‘survival’
     These packages need to be imported from (in the NAMESPACE file)
     for when this namespace is loaded but not attached.
    See the information on DESCRIPTION files in the chapter ‘Creating R
    packages’ of the ‘Writing R Extensions’ manual.
Flavors: r-devel-linux-x86_64-debian-clang, r-devel-linux-x86_64-debian-gcc, r-devel-linux-x86_64-fedora-clang, r-devel-linux-x86_64-fedora-gcc, r-devel-osx-x86_64-clang, r-devel-windows-ix86+x86_64, r-patched-linux-x86_64, r-patched-solaris-x86, r-release-linux-ix86, r-release-linux-x86_64, r-release-osx-x86_64-mavericks, r-release-windows-ix86+x86_64, r-oldrel-windows-ix86+x86_64

Version: 1.10
Flags: --no-examples
Check: dependencies in R code
Result: NOTE
    Package in Depends field not imported from: ‘survival’
     These packages need to be imported from (in the NAMESPACE file)
     for when this namespace is loaded but not attached.
    See the information on DESCRIPTION files in the chapter ‘Creating R
    packages’ of the ‘Writing R Extensions’ manual.
Flavor: r-patched-solaris-sparc

Version: 1.10
Check: whether package can be installed
Result: WARN
    Found the following significant warnings:
     Warning: Possible change of value in conversion from REAL(8) to INTEGER(4) at (1)
     Warning: Possible change of value in conversion from REAL(8) to INTEGER(4) at (1)
     Warning: Possible change of value in conversion from REAL(8) to INTEGER(4) at (1)
     Warning: Possible change of value in conversion from REAL(8) to INTEGER(4) at (1)
     Warning: Possible change of value in conversion from REAL(8) to INTEGER(4) at (1)
     Warning: Possible change of value in conversion from REAL(8) to INTEGER(4) at (1)
     Warning: Possible change of value in conversion from REAL(8) to INTEGER(4) at (1)
     Warning: Possible change of value in conversion from REAL(8) to INTEGER(4) at (1)
     Warning: Possible change of value in conversion from REAL(8) to INTEGER(4) at (1)
     Warning: Possible change of value in conversion from REAL(8) to INTEGER(4) at (1)
     Warning: Possible change of value in conversion from REAL(8) to INTEGER(4) at (1)
     Warning: Possible change of value in conversion from REAL(8) to INTEGER(4) at (1)
     Warning: Possible change of value in conversion from REAL(8) to INTEGER(4) at (1)
     Warning: Possible change of value in conversion from REAL(8) to INTEGER(4) at (1)
Flavor: r-release-osx-x86_64-mavericks