CRAN Package Check Results for Package coxphf

Last updated on 2017-03-27 06:48:01.

Flavor Version Tinstall Tcheck Ttotal Status Flags
r-devel-linux-x86_64-debian-clang 1.12 3.98 30.52 34.50 NOTE
r-devel-linux-x86_64-debian-gcc 1.12 4.06 29.67 33.74 NOTE
r-devel-linux-x86_64-fedora-clang 1.12 76.52 NOTE --no-stop-on-test-error
r-devel-linux-x86_64-fedora-gcc 1.12 76.94 NOTE --no-stop-on-test-error
r-devel-macos-x86_64-clang 1.12 60.57 NOTE --no-stop-on-test-error
r-devel-windows-ix86+x86_64 1.12 16.00 96.00 112.00 OK
r-patched-linux-x86_64 1.12 4.19 29.99 34.18 NOTE
r-patched-solaris-sparc 1.12 418.20 OK --no-examples
r-patched-solaris-x86 1.12 108.80 OK
r-release-linux-x86_64 1.12 3.66 27.14 30.80 OK
r-release-osx-x86_64-mavericks 1.12 OK
r-release-windows-ix86+x86_64 1.12 17.00 62.00 79.00 OK
r-oldrel-windows-ix86+x86_64 1.12 12.00 64.00 76.00 OK

Check Details

Version: 1.12
Check: compiled code
Result: NOTE
    File ‘coxphf/libs/coxphf.so’:
     Found no calls to: ‘R_registerRoutines’, ‘R_useDynamicSymbols’
    
    It is good practice to register native routines and to disable symbol
    search.
    
    See ‘Writing portable packages’ in the ‘Writing R Extensions’ manual.
Flavors: r-devel-linux-x86_64-debian-clang, r-devel-linux-x86_64-debian-gcc, r-patched-linux-x86_64

Version: 1.12
Flags: --no-stop-on-test-error
Check: compiled code
Result: NOTE
    File ‘coxphf/libs/coxphf.so’:
     Found no calls to: ‘R_registerRoutines’, ‘R_useDynamicSymbols’
    
    It is good practice to register native routines and to disable symbol
    search.
    
    See ‘Writing portable packages’ in the ‘Writing R Extensions’ manual.
Flavors: r-devel-linux-x86_64-fedora-clang, r-devel-linux-x86_64-fedora-gcc, r-devel-macos-x86_64-clang