CRAN Package Check Results for Package coxphw

Last updated on 2014-10-26 07:49:57.

Flavor Version Tinstall Tcheck Ttotal Status Flags
r-devel-linux-x86_64-debian-clang 3.0.0 2.53 17.19 19.72 OK
r-devel-linux-x86_64-debian-gcc 3.0.0 2.44 17.02 19.46 OK
r-devel-linux-x86_64-fedora-clang 3.0.0 45.27 OK
r-devel-linux-x86_64-fedora-gcc 3.0.0 34.75 OK
r-devel-osx-x86_64-clang 3.0.0 39.55 OK
r-devel-windows-ix86+x86_64 3.0.0 9.00 33.00 42.00 OK
r-patched-linux-x86_64 3.0.0 2.56 17.66 20.22 OK
r-patched-solaris-sparc 3.0.0 204.60 OK
r-patched-solaris-x86 3.0.0 62.00 OK
r-release-linux-ix86 3.0.0 3.67 24.06 27.73 OK
r-release-linux-x86_64 3.0.0 2.52 16.81 19.33 OK
r-release-osx-x86_64-mavericks 3.0.0 WARN
r-release-osx-x86_64-snowleopard 3.0.0 OK
r-release-windows-ix86+x86_64 3.0.0 13.00 36.00 49.00 OK
r-oldrel-windows-ix86+x86_64 3.0.0 8.00 39.00 47.00 OK

Check Details

Version: 3.0.0
Check: whether package can be installed
Result: WARN
    Found the following significant warnings:
     Warning: Possible change of value in conversion from REAL(8) to INTEGER(4) at (1)
     Warning: Possible change of value in conversion from REAL(8) to INTEGER(4) at (1)
     Warning: Possible change of value in conversion from REAL(8) to INTEGER(4) at (1)
     Warning: Possible change of value in conversion from REAL(8) to INTEGER(4) at (1)
     Warning: Possible change of value in conversion from REAL(8) to INTEGER(4) at (1)
     Warning: Possible change of value in conversion from REAL(8) to INTEGER(4) at (1)
     Warning: Possible change of value in conversion from REAL(8) to INTEGER(4) at (1)
     Warning: Possible change of value in conversion from REAL(8) to INTEGER(4) at (1)
     Warning: Possible change of value in conversion from REAL(8) to INTEGER(4) at (1)
     Warning: Possible change of value in conversion from REAL(8) to INTEGER(4) at (1)
     Warning: Possible change of value in conversion from REAL(8) to INTEGER(4) at (1)
     Warning: Possible change of value in conversion from REAL(8) to INTEGER(4) at (1)
     Warning: Possible change of value in conversion from REAL(8) to REAL(4) at (1)
     Warning: Possible change of value in conversion from REAL(8) to INTEGER(4) at (1)
     Warning: Possible change of value in conversion from REAL(8) to REAL(4) at (1)
     Warning: Possible change of value in conversion from REAL(8) to REAL(4) at (1)
Flavor: r-release-osx-x86_64-mavericks