CRAN Package Check Results for Package coxphw

Last updated on 2015-03-03 19:50:23.

Flavor Version Tinstall Tcheck Ttotal Status Flags
r-devel-linux-x86_64-debian-clang 3.0.0 2.40 15.87 18.27 OK
r-devel-linux-x86_64-debian-gcc 3.0.0 2.34 15.55 17.89 OK
r-devel-linux-x86_64-fedora-clang 3.0.0 34.82 OK
r-devel-linux-x86_64-fedora-gcc 3.0.0 32.58 OK
r-devel-osx-x86_64-clang 3.0.0 37.51 OK
r-devel-windows-ix86+x86_64 3.0.0 10.00 37.00 47.00 OK
r-patched-linux-x86_64 3.0.0 2.61 17.44 20.05 OK
r-patched-solaris-sparc 3.0.0 257.80 OK
r-patched-solaris-x86 3.0.0 59.40 OK
r-release-linux-ix86 3.0.0 3.80 24.80 28.60 OK
r-release-linux-x86_64 3.0.0 2.43 17.57 20.00 OK
r-release-osx-x86_64-mavericks 3.0.0 WARN
r-release-osx-x86_64-snowleopard 3.0.0 OK
r-release-windows-ix86+x86_64 3.0.0 10.00 35.00 45.00 OK
r-oldrel-windows-ix86+x86_64 3.0.0 10.00 38.00 48.00 OK

Check Details

Version: 3.0.0
Check: whether package can be installed
Result: WARN
    Found the following significant warnings:
     Warning: Possible change of value in conversion from REAL(8) to INTEGER(4) at (1)
     Warning: Possible change of value in conversion from REAL(8) to REAL(4) at (1)
Flavor: r-release-osx-x86_64-mavericks