CRAN Package Check Results for Package coxphw

Last updated on 2014-04-23 17:47:42.

Flavor Version Tinstall Tcheck Ttotal Status Flags
r-devel-linux-x86_64-debian-clang 3.0.0 2.61 16.81 19.42 OK
r-devel-linux-x86_64-debian-gcc 3.0.0 2.62 17.14 19.77 OK
r-devel-linux-x86_64-fedora-clang 3.0.0 37.03 OK
r-devel-linux-x86_64-fedora-gcc 3.0.0 34.99 OK
r-devel-osx-x86_64-clang 3.0.0 33.35 OK
r-devel-osx-x86_64-gcc 3.0.0 OK
r-devel-windows-ix86+x86_64 3.0.0 9.00 33.00 42.00 OK
r-patched-linux-x86_64 3.0.0 2.63 16.85 19.48 OK
r-patched-solaris-sparc 3.0.0 202.50 OK
r-patched-solaris-x86 3.0.0 59.20 OK
r-release-linux-ix86 3.0.0 4.00 33.00 37.00 OK
r-release-linux-x86_64 3.0.0 2.61 17.14 19.74 OK
r-release-osx-x86_64-mavericks 3.0.0 WARN
r-release-osx-x86_64-snowleopard 3.0.0 OK
r-release-windows-ix86+x86_64 3.0.0 16.00 45.00 61.00 OK
r-oldrel-windows-ix86+x86_64 3.0.0 8.00 39.00 47.00 OK

Check Details

Version: 3.0.0
Check: whether package can be installed
Result: WARNING
    Found the following significant warnings:
     Warning: Possible change of value in conversion from REAL(8) to INTEGER(4) at (1)
     Warning: Possible change of value in conversion from REAL(8) to INTEGER(4) at (1)
     Warning: Possible change of value in conversion from REAL(8) to INTEGER(4) at (1)
     Warning: Possible change of value in conversion from REAL(8) to INTEGER(4) at (1)
     Warning: Possible change of value in conversion from REAL(8) to INTEGER(4) at (1)
     Warning: Possible change of value in conversion from REAL(8) to INTEGER(4) at (1)
     Warning: Possible change of value in conversion from REAL(8) to INTEGER(4) at (1)
     Warning: Possible change of value in conversion from REAL(8) to INTEGER(4) at (1)
     Warning: Possible change of value in conversion from REAL(8) to INTEGER(4) at (1)
     Warning: Possible change of value in conversion from REAL(8) to INTEGER(4) at (1)
     Warning: Possible change of value in conversion from REAL(8) to INTEGER(4) at (1)
     Warning: Possible change of value in conversion from REAL(8) to INTEGER(4) at (1)
     Warning: Possible change of value in conversion from REAL(8) to REAL(4) at (1)
     Warning: Possible change of value in conversion from REAL(8) to INTEGER(4) at (1)
     Warning: Possible change of value in conversion from REAL(8) to REAL(4) at (1)
     Warning: Possible change of value in conversion from REAL(8) to REAL(4) at (1)
    See ‘/Builds/CRAN-QA-Simon/packages/mavericks-x86_64/results/3.1/coxphw.Rcheck/00install.out’ for details.
Flavor: r-release-osx-x86_64-mavericks