CRAN Package Check Results for Package coxphw

Last updated on 2017-06-23 04:46:57.

Flavor Version Tinstall Tcheck Ttotal Status Flags
r-devel-linux-x86_64-debian-clang 4.0.0 5.37 43.58 48.94 NOTE
r-devel-linux-x86_64-debian-gcc 4.0.0 4.50 42.14 46.64 NOTE
r-devel-linux-x86_64-fedora-clang 4.0.0 102.31 NOTE
r-devel-linux-x86_64-fedora-gcc 4.0.0 98.95 NOTE
r-devel-windows-ix86+x86_64 4.0.0 21.00 98.00 119.00 OK
r-patched-linux-x86_64 4.0.0 4.93 42.01 46.94 NOTE
r-patched-solaris-sparc 4.0.0 580.80 OK
r-patched-solaris-x86 4.0.0 132.90 OK
r-release-linux-x86_64 4.0.0 4.54 43.79 48.33 NOTE
r-release-windows-ix86+x86_64 4.0.0 21.00 124.00 145.00 OK
r-release-osx-x86_64 4.0.0 OK
r-oldrel-windows-ix86+x86_64 4.0.0 18.00 95.00 113.00 OK
r-oldrel-osx-x86_64 4.0.0 OK

Check Details

Version: 4.0.0
Check: compiled code
Result: NOTE
    File ‘coxphw/libs/coxphw.so’:
     Found no calls to: ‘R_registerRoutines’, ‘R_useDynamicSymbols’
    
    It is good practice to register native routines and to disable symbol
    search.
    
    See ‘Writing portable packages’ in the ‘Writing R Extensions’ manual.
Flavors: r-devel-linux-x86_64-debian-clang, r-devel-linux-x86_64-debian-gcc, r-devel-linux-x86_64-fedora-clang, r-devel-linux-x86_64-fedora-gcc, r-patched-linux-x86_64, r-release-linux-x86_64