CRAN Package Check Results for Package coxphw

Last updated on 2014-07-25 17:47:58.

Flavor Version Tinstall Tcheck Ttotal Status Flags
r-devel-linux-x86_64-debian-clang 3.0.0 2.44 15.96 18.40 OK
r-devel-linux-x86_64-debian-gcc 3.0.0 2.42 16.07 18.49 OK
r-devel-linux-x86_64-fedora-clang 3.0.0 37.33 OK
r-devel-linux-x86_64-fedora-gcc 3.0.0 34.07 OK
r-devel-osx-x86_64-clang 3.0.0 36.40 OK
r-devel-windows-ix86+x86_64 3.0.0 9.00 33.00 42.00 OK
r-patched-linux-x86_64 3.0.0 2.46 16.28 18.74 OK
r-patched-solaris-sparc 3.0.0 202.50 OK
r-patched-solaris-x86 3.0.0 57.10 OK
r-release-linux-ix86 3.0.0 3.71 23.72 27.43 OK
r-release-linux-x86_64 3.0.0 2.46 16.52 18.98 OK
r-release-osx-x86_64-mavericks 3.0.0 WARN
r-release-osx-x86_64-snowleopard 3.0.0 OK
r-release-windows-ix86+x86_64 3.0.0 13.00 36.00 49.00 OK
r-oldrel-windows-ix86+x86_64 3.0.0 8.00 39.00 47.00 OK

Check Details

Version: 3.0.0
Check: whether package can be installed
Result: WARNING
    Found the following significant warnings:
     Warning: Possible change of value in conversion from REAL(8) to INTEGER(4) at (1)
     Warning: Possible change of value in conversion from REAL(8) to INTEGER(4) at (1)
     Warning: Possible change of value in conversion from REAL(8) to INTEGER(4) at (1)
     Warning: Possible change of value in conversion from REAL(8) to INTEGER(4) at (1)
     Warning: Possible change of value in conversion from REAL(8) to INTEGER(4) at (1)
     Warning: Possible change of value in conversion from REAL(8) to INTEGER(4) at (1)
     Warning: Possible change of value in conversion from REAL(8) to INTEGER(4) at (1)
     Warning: Possible change of value in conversion from REAL(8) to INTEGER(4) at (1)
     Warning: Possible change of value in conversion from REAL(8) to INTEGER(4) at (1)
     Warning: Possible change of value in conversion from REAL(8) to INTEGER(4) at (1)
     Warning: Possible change of value in conversion from REAL(8) to INTEGER(4) at (1)
     Warning: Possible change of value in conversion from REAL(8) to INTEGER(4) at (1)
     Warning: Possible change of value in conversion from REAL(8) to REAL(4) at (1)
     Warning: Possible change of value in conversion from REAL(8) to INTEGER(4) at (1)
     Warning: Possible change of value in conversion from REAL(8) to REAL(4) at (1)
     Warning: Possible change of value in conversion from REAL(8) to REAL(4) at (1)
    See ‘/Builds/CRAN-QA-Simon/packages/mavericks-x86_64/results/3.1/coxphw.Rcheck/00install.out’ for details.
Flavor: r-release-osx-x86_64-mavericks