CRAN Package Check Results for Package coxphw

Last updated on 2014-11-26 03:47:53.

Flavor Version Tinstall Tcheck Ttotal Status Flags
r-devel-linux-x86_64-debian-clang 3.0.0 2.52 17.21 19.74 OK
r-devel-linux-x86_64-debian-gcc 3.0.0 2.45 16.84 19.29 OK
r-devel-linux-x86_64-fedora-clang 3.0.0 38.72 OK
r-devel-linux-x86_64-fedora-gcc 3.0.0 36.70 OK
r-devel-osx-x86_64-clang 3.0.0 40.24 OK
r-devel-windows-ix86+x86_64 3.0.0 9.00 35.00 44.00 OK
r-patched-linux-x86_64 3.0.0 2.51 17.30 19.81 OK
r-patched-solaris-sparc 3.0.0 204.60 OK
r-patched-solaris-x86 3.0.0 59.60 OK
r-release-linux-ix86 3.0.0 3.52 23.96 27.48 OK
r-release-linux-x86_64 3.0.0 2.55 17.23 19.78 OK
r-release-osx-x86_64-mavericks 3.0.0 WARN
r-release-osx-x86_64-snowleopard 3.0.0 OK
r-release-windows-ix86+x86_64 3.0.0 9.00 37.00 46.00 OK
r-oldrel-windows-ix86+x86_64 3.0.0 8.00 39.00 47.00 OK

Check Details

Version: 3.0.0
Check: whether package can be installed
Result: WARN
    Found the following significant warnings:
     Warning: Possible change of value in conversion from REAL(8) to INTEGER(4) at (1)
     Warning: Possible change of value in conversion from REAL(8) to INTEGER(4) at (1)
     Warning: Possible change of value in conversion from REAL(8) to INTEGER(4) at (1)
     Warning: Possible change of value in conversion from REAL(8) to INTEGER(4) at (1)
     Warning: Possible change of value in conversion from REAL(8) to INTEGER(4) at (1)
     Warning: Possible change of value in conversion from REAL(8) to INTEGER(4) at (1)
     Warning: Possible change of value in conversion from REAL(8) to INTEGER(4) at (1)
     Warning: Possible change of value in conversion from REAL(8) to INTEGER(4) at (1)
     Warning: Possible change of value in conversion from REAL(8) to INTEGER(4) at (1)
     Warning: Possible change of value in conversion from REAL(8) to INTEGER(4) at (1)
     Warning: Possible change of value in conversion from REAL(8) to INTEGER(4) at (1)
     Warning: Possible change of value in conversion from REAL(8) to INTEGER(4) at (1)
     Warning: Possible change of value in conversion from REAL(8) to REAL(4) at (1)
     Warning: Possible change of value in conversion from REAL(8) to INTEGER(4) at (1)
     Warning: Possible change of value in conversion from REAL(8) to REAL(4) at (1)
     Warning: Possible change of value in conversion from REAL(8) to REAL(4) at (1)
Flavor: r-release-osx-x86_64-mavericks