CRAN Package Check Results for Package coxphw

Last updated on 2017-08-18 12:52:16.

Flavor Version Tinstall Tcheck Ttotal Status Flags
r-devel-linux-x86_64-debian-clang 4.0.0 4.11 43.12 47.23 NOTE
r-devel-linux-x86_64-debian-gcc 4.0.0 3.93 41.10 45.03 NOTE
r-devel-linux-x86_64-fedora-clang 4.0.0 102.63 NOTE
r-devel-linux-x86_64-fedora-gcc 4.0.0 103.38 NOTE
r-devel-windows-ix86+x86_64 4.0.0 13.00 98.00 111.00 OK
r-patched-linux-x86_64 4.0.0 4.38 41.49 45.87 NOTE
r-patched-solaris-x86 4.0.0 140.40 OK
r-release-linux-x86_64 4.0.0 3.94 42.24 46.18 NOTE
r-release-windows-ix86+x86_64 4.0.0 20.00 89.00 109.00 OK
r-release-osx-x86_64 4.0.0 OK
r-oldrel-windows-ix86+x86_64 4.0.0 18.00 75.00 93.00 OK
r-oldrel-osx-x86_64 4.0.0 OK

Check Details

Version: 4.0.0
Check: compiled code
Result: NOTE
    File ‘coxphw/libs/coxphw.so’:
     Found no calls to: ‘R_registerRoutines’, ‘R_useDynamicSymbols’
    
    It is good practice to register native routines and to disable symbol
    search.
    
    See ‘Writing portable packages’ in the ‘Writing R Extensions’ manual.
Flavors: r-devel-linux-x86_64-debian-clang, r-devel-linux-x86_64-debian-gcc, r-devel-linux-x86_64-fedora-clang, r-devel-linux-x86_64-fedora-gcc, r-patched-linux-x86_64, r-release-linux-x86_64