CRAN Package Check Results for Package coxphw

Last updated on 2015-01-26 16:46:38.

Flavor Version Tinstall Tcheck Ttotal Status Flags
r-devel-linux-x86_64-debian-clang 3.0.0 2.45 16.44 18.89 OK
r-devel-linux-x86_64-debian-gcc 3.0.0 2.42 15.87 18.29 OK
r-devel-linux-x86_64-fedora-clang 3.0.0 38.82 OK
r-devel-linux-x86_64-fedora-gcc 3.0.0 36.59 OK
r-devel-osx-x86_64-clang 3.0.0 39.89 OK
r-devel-windows-ix86+x86_64 3.0.0 10.00 35.00 45.00 OK
r-patched-linux-x86_64 3.0.0 2.49 17.56 20.05 OK
r-patched-solaris-sparc 3.0.0 247.60 OK
r-patched-solaris-x86 3.0.0 60.10 OK
r-release-linux-ix86 3.0.0 3.54 23.79 27.33 OK
r-release-linux-x86_64 3.0.0 2.56 17.48 20.05 OK
r-release-osx-x86_64-mavericks 3.0.0 WARN
r-release-osx-x86_64-snowleopard 3.0.0 OK
r-release-windows-ix86+x86_64 3.0.0 9.00 37.00 46.00 OK
r-oldrel-windows-ix86+x86_64 3.0.0 8.00 39.00 47.00 OK

Check Details

Version: 3.0.0
Check: whether package can be installed
Result: WARN
    Found the following significant warnings:
     Warning: Possible change of value in conversion from REAL(8) to INTEGER(4) at (1)
     Warning: Possible change of value in conversion from REAL(8) to REAL(4) at (1)
Flavor: r-release-osx-x86_64-mavericks