CRAN Package Check Results for Package coxphw

Last updated on 2017-12-13 07:48:19 CET.

Flavor Version Tinstall Tcheck Ttotal Status Flags
r-devel-linux-x86_64-debian-clang 4.0.0 5.22 62.45 67.67 NOTE
r-devel-linux-x86_64-debian-gcc 4.0.0 4.82 49.87 54.69 NOTE
r-devel-linux-x86_64-fedora-clang 4.0.0 87.46 NOTE
r-devel-linux-x86_64-fedora-gcc 4.0.0 87.87 NOTE
r-devel-windows-ix86+x86_64 4.0.0 24.00 98.00 122.00 OK
r-patched-linux-x86_64 4.0.0 5.39 67.46 72.85 NOTE
r-patched-solaris-x86 4.0.0 137.60 OK
r-release-linux-x86_64 4.0.0 5.83 69.02 74.85 NOTE
r-release-windows-ix86+x86_64 4.0.0 15.00 105.00 120.00 OK
r-release-osx-x86_64 4.0.0 OK
r-oldrel-windows-ix86+x86_64 4.0.0 14.00 111.00 125.00 OK
r-oldrel-osx-x86_64 4.0.0 OK

Check Details

Version: 4.0.0
Check: compiled code
Result: NOTE
    File ‘coxphw/libs/coxphw.so’:
     Found no calls to: ‘R_registerRoutines’, ‘R_useDynamicSymbols’
    
    It is good practice to register native routines and to disable symbol
    search.
    
    See ‘Writing portable packages’ in the ‘Writing R Extensions’ manual.
Flavors: r-devel-linux-x86_64-debian-clang, r-devel-linux-x86_64-debian-gcc, r-devel-linux-x86_64-fedora-clang, r-devel-linux-x86_64-fedora-gcc, r-patched-linux-x86_64, r-release-linux-x86_64