CRAN Package Check Results for Package coxphw

Last updated on 2017-03-01 19:48:25.

Flavor Version Tinstall Tcheck Ttotal Status Flags
r-devel-linux-x86_64-debian-clang 4.0.0 4.42 42.43 46.84 NOTE
r-devel-linux-x86_64-debian-gcc 4.0.0 4.52 43.47 48.00 NOTE
r-devel-linux-x86_64-fedora-clang 4.0.0 104.41 NOTE --no-stop-on-test-error
r-devel-linux-x86_64-fedora-gcc 4.0.0 99.22 NOTE --no-stop-on-test-error
r-devel-macos-x86_64-clang 4.0.0 81.43 NOTE --no-stop-on-test-error
r-devel-windows-ix86+x86_64 4.0.0 18.00 124.00 142.00 OK
r-patched-linux-x86_64 4.0.0 4.24 37.19 41.43 OK
r-patched-solaris-sparc 4.0.0 485.20 OK
r-patched-solaris-x86 4.0.0 103.10 OK
r-release-linux-x86_64 4.0.0 4.34 37.86 42.20 OK
r-release-osx-x86_64-mavericks 4.0.0 OK
r-release-windows-ix86+x86_64 4.0.0 20.00 112.00 132.00 OK
r-oldrel-windows-ix86+x86_64 4.0.0 28.00 89.00 117.00 OK

Check Details

Version: 4.0.0
Check: compiled code
Result: NOTE
    File ‘coxphw/libs/coxphw.so’:
     Found no calls to: ‘R_registerRoutines’, ‘R_useDynamicSymbols’
    
    It is good practice to register native routines and to disable symbol
    search.
    
    See ‘Writing portable packages’ in the ‘Writing R Extensions’ manual.
Flavors: r-devel-linux-x86_64-debian-clang, r-devel-linux-x86_64-debian-gcc

Version: 4.0.0
Flags: --no-stop-on-test-error
Check: compiled code
Result: NOTE
    File ‘coxphw/libs/coxphw.so’:
     Found no calls to: ‘R_registerRoutines’, ‘R_useDynamicSymbols’
    
    It is good practice to register native routines and to disable symbol
    search.
    
    See ‘Writing portable packages’ in the ‘Writing R Extensions’ manual.
Flavors: r-devel-linux-x86_64-fedora-clang, r-devel-linux-x86_64-fedora-gcc, r-devel-macos-x86_64-clang