CRAN Package Check Results for Package coxphw

Last updated on 2015-05-27 11:49:18.

Flavor Version Tinstall Tcheck Ttotal Status Flags
r-devel-linux-x86_64-debian-clang 3.0.0 2.45 15.84 18.29 OK
r-devel-linux-x86_64-debian-gcc 3.0.0 2.40 15.54 17.95 OK
r-devel-linux-x86_64-fedora-clang 3.0.0 34.06 OK
r-devel-linux-x86_64-fedora-gcc 3.0.0 32.64 OK
r-devel-osx-x86_64-clang 3.0.0 36.20 OK
r-devel-windows-ix86+x86_64 3.0.0 11.00 37.00 48.00 OK
r-patched-linux-x86_64 3.0.0 2.47 15.56 18.04 OK
r-patched-solaris-sparc 3.0.0 229.50 OK
r-patched-solaris-x86 3.0.0 55.40 OK
r-release-linux-x86_64 3.0.0 2.39 15.88 18.27 OK
r-release-osx-x86_64-mavericks 3.0.0 WARN
r-release-osx-x86_64-snowleopard 3.0.0 OK
r-release-windows-ix86+x86_64 3.0.0 8.00 38.00 46.00 OK
r-oldrel-windows-ix86+x86_64 3.0.0 13.00 37.00 50.00 OK

Check Details

Version: 3.0.0
Check: whether package can be installed
Result: WARN
    Found the following significant warnings:
     Warning: Possible change of value in conversion from REAL(8) to INTEGER(4) at (1)
     Warning: Possible change of value in conversion from REAL(8) to REAL(4) at (1)
Flavor: r-release-osx-x86_64-mavericks