CRAN Package Check Results for Package coxphw

Last updated on 2015-04-28 16:46:37.

Flavor Version Tinstall Tcheck Ttotal Status Flags
r-devel-linux-x86_64-debian-clang 3.0.0 2.42 16.12 18.54 OK
r-devel-linux-x86_64-debian-gcc 3.0.0 2.38 16.09 18.47 OK
r-devel-linux-x86_64-fedora-clang 3.0.0 34.50 OK
r-devel-linux-x86_64-fedora-gcc 3.0.0 32.93 OK
r-devel-osx-x86_64-clang 3.0.0 35.76 OK
r-devel-windows-ix86+x86_64 3.0.0 11.00 36.00 47.00 OK
r-patched-linux-x86_64 3.0.0 2.83 15.70 18.54 OK
r-patched-solaris-sparc 3.0.0 239.10 OK
r-patched-solaris-x86 3.0.0 54.80 OK
r-release-linux-x86_64 3.0.0 2.38 15.66 18.04 OK
r-release-osx-x86_64-mavericks 3.0.0 WARN
r-release-osx-x86_64-snowleopard 3.0.0 OK
r-release-windows-ix86+x86_64 3.0.0 8.00 38.00 46.00 OK
r-oldrel-windows-ix86+x86_64 3.0.0 13.00 37.00 50.00 OK

Check Details

Version: 3.0.0
Check: whether package can be installed
Result: WARN
    Found the following significant warnings:
     Warning: Possible change of value in conversion from REAL(8) to INTEGER(4) at (1)
     Warning: Possible change of value in conversion from REAL(8) to REAL(4) at (1)
Flavor: r-release-osx-x86_64-mavericks