CRAN Package Check Results for Package coxphw

Last updated on 2014-08-21 17:46:43.

Flavor Version Tinstall Tcheck Ttotal Status Flags
r-devel-linux-x86_64-debian-clang 3.0.0 2.65 16.06 18.72 OK
r-devel-linux-x86_64-debian-gcc 3.0.0 2.41 16.10 18.50 OK
r-devel-linux-x86_64-fedora-clang 3.0.0 37.95 OK
r-devel-linux-x86_64-fedora-gcc 3.0.0 33.40 OK
r-devel-osx-x86_64-clang 3.0.0 35.95 OK
r-devel-windows-ix86+x86_64 3.0.0 9.00 34.00 43.00 OK
r-patched-linux-x86_64 3.0.0 2.46 16.09 18.54 OK
r-patched-solaris-sparc 3.0.0 218.60 OK
r-patched-solaris-x86 3.0.0 57.00 OK
r-release-linux-ix86 3.0.0 3.66 23.88 27.54 OK
r-release-linux-x86_64 3.0.0 2.47 16.47 18.94 OK
r-release-osx-x86_64-mavericks 3.0.0 WARN
r-release-osx-x86_64-snowleopard 3.0.0 OK
r-release-windows-ix86+x86_64 3.0.0 13.00 36.00 49.00 OK
r-oldrel-windows-ix86+x86_64 3.0.0 8.00 39.00 47.00 OK

Check Details

Version: 3.0.0
Check: whether package can be installed
Result: WARN
    Found the following significant warnings:
     Warning: Possible change of value in conversion from REAL(8) to INTEGER(4) at (1)
     Warning: Possible change of value in conversion from REAL(8) to INTEGER(4) at (1)
     Warning: Possible change of value in conversion from REAL(8) to INTEGER(4) at (1)
     Warning: Possible change of value in conversion from REAL(8) to INTEGER(4) at (1)
     Warning: Possible change of value in conversion from REAL(8) to INTEGER(4) at (1)
     Warning: Possible change of value in conversion from REAL(8) to INTEGER(4) at (1)
     Warning: Possible change of value in conversion from REAL(8) to INTEGER(4) at (1)
     Warning: Possible change of value in conversion from REAL(8) to INTEGER(4) at (1)
     Warning: Possible change of value in conversion from REAL(8) to INTEGER(4) at (1)
     Warning: Possible change of value in conversion from REAL(8) to INTEGER(4) at (1)
     Warning: Possible change of value in conversion from REAL(8) to INTEGER(4) at (1)
     Warning: Possible change of value in conversion from REAL(8) to INTEGER(4) at (1)
     Warning: Possible change of value in conversion from REAL(8) to REAL(4) at (1)
     Warning: Possible change of value in conversion from REAL(8) to INTEGER(4) at (1)
     Warning: Possible change of value in conversion from REAL(8) to REAL(4) at (1)
     Warning: Possible change of value in conversion from REAL(8) to REAL(4) at (1)
Flavor: r-release-osx-x86_64-mavericks