CRAN Package Check Results for Package coxphw

Last updated on 2014-12-21 11:46:31.

Flavor Version Tinstall Tcheck Ttotal Status Flags
r-devel-linux-x86_64-debian-clang 3.0.0 2.53 17.01 19.54 OK
r-devel-linux-x86_64-debian-gcc 3.0.0 2.40 16.92 19.32 OK
r-devel-linux-x86_64-fedora-clang 3.0.0 37.80 OK
r-devel-linux-x86_64-fedora-gcc 3.0.0 35.41 OK
r-devel-osx-x86_64-clang 3.0.0 39.59 OK
r-devel-windows-ix86+x86_64 3.0.0 16.00 45.00 61.00 OK
r-patched-linux-x86_64 3.0.0 2.51 18.04 20.55 OK
r-patched-solaris-sparc 3.0.0 204.60 OK
r-patched-solaris-x86 3.0.0 59.70 OK
r-release-linux-ix86 3.0.0 3.55 23.57 27.12 OK
r-release-linux-x86_64 3.0.0 2.46 17.85 20.30 OK
r-release-osx-x86_64-mavericks 3.0.0 WARN
r-release-osx-x86_64-snowleopard 3.0.0 OK
r-release-windows-ix86+x86_64 3.0.0 9.00 37.00 46.00 OK
r-oldrel-windows-ix86+x86_64 3.0.0 8.00 39.00 47.00 OK

Check Details

Version: 3.0.0
Check: whether package can be installed
Result: WARN
    Found the following significant warnings:
     Warning: Possible change of value in conversion from REAL(8) to INTEGER(4) at (1)
     Warning: Possible change of value in conversion from REAL(8) to INTEGER(4) at (1)
     Warning: Possible change of value in conversion from REAL(8) to INTEGER(4) at (1)
     Warning: Possible change of value in conversion from REAL(8) to INTEGER(4) at (1)
     Warning: Possible change of value in conversion from REAL(8) to INTEGER(4) at (1)
     Warning: Possible change of value in conversion from REAL(8) to INTEGER(4) at (1)
     Warning: Possible change of value in conversion from REAL(8) to INTEGER(4) at (1)
     Warning: Possible change of value in conversion from REAL(8) to INTEGER(4) at (1)
     Warning: Possible change of value in conversion from REAL(8) to INTEGER(4) at (1)
     Warning: Possible change of value in conversion from REAL(8) to INTEGER(4) at (1)
     Warning: Possible change of value in conversion from REAL(8) to INTEGER(4) at (1)
     Warning: Possible change of value in conversion from REAL(8) to INTEGER(4) at (1)
     Warning: Possible change of value in conversion from REAL(8) to REAL(4) at (1)
     Warning: Possible change of value in conversion from REAL(8) to INTEGER(4) at (1)
     Warning: Possible change of value in conversion from REAL(8) to REAL(4) at (1)
     Warning: Possible change of value in conversion from REAL(8) to REAL(4) at (1)
Flavor: r-release-osx-x86_64-mavericks