CRAN Package Check Results for Package coxphw

Last updated on 2017-04-28 17:47:27.

Flavor Version Tinstall Tcheck Ttotal Status Flags
r-devel-linux-x86_64-debian-clang 4.0.0 4.69 42.87 47.56 NOTE
r-devel-linux-x86_64-debian-gcc 4.0.0 4.64 42.32 46.96 NOTE
r-devel-linux-x86_64-fedora-clang 4.0.0 102.12 NOTE --no-stop-on-test-error
r-devel-linux-x86_64-fedora-gcc 4.0.0 99.81 NOTE --no-stop-on-test-error
r-devel-windows-ix86+x86_64 4.0.0 15.00 128.00 143.00 OK
r-patched-linux-x86_64 4.0.0 4.24 41.93 46.17 NOTE
r-patched-solaris-sparc 4.0.0 580.80 OK
r-patched-solaris-x86 4.0.0 141.70 OK
r-release-linux-x86_64 4.0.0 4.38 44.33 48.71 NOTE
r-release-windows-ix86+x86_64 4.0.0 26.00 129.00 155.00 OK
r-release-osx-x86_64 4.0.0 OK
r-oldrel-windows-ix86+x86_64 4.0.0 18.00 113.00 131.00 OK
r-oldrel-osx-x86_64 4.0.0 OK

Check Details

Version: 4.0.0
Check: compiled code
Result: NOTE
    File ‘coxphw/libs/coxphw.so’:
     Found no calls to: ‘R_registerRoutines’, ‘R_useDynamicSymbols’
    
    It is good practice to register native routines and to disable symbol
    search.
    
    See ‘Writing portable packages’ in the ‘Writing R Extensions’ manual.
Flavors: r-devel-linux-x86_64-debian-clang, r-devel-linux-x86_64-debian-gcc, r-patched-linux-x86_64, r-release-linux-x86_64

Version: 4.0.0
Flags: --no-stop-on-test-error
Check: compiled code
Result: NOTE
    File ‘coxphw/libs/coxphw.so’:
     Found no calls to: ‘R_registerRoutines’, ‘R_useDynamicSymbols’
    
    It is good practice to register native routines and to disable symbol
    search.
    
    See ‘Writing portable packages’ in the ‘Writing R Extensions’ manual.
Flavors: r-devel-linux-x86_64-fedora-clang, r-devel-linux-x86_64-fedora-gcc