CRAN Package Check Results for Package coxphw

Last updated on 2017-10-19 19:46:59.

Flavor Version Tinstall Tcheck Ttotal Status Flags
r-devel-linux-x86_64-debian-clang 4.0.0 3.97 41.79 45.76 NOTE
r-devel-linux-x86_64-debian-gcc 4.0.0 4.43 45.18 49.61 NOTE
r-devel-linux-x86_64-fedora-clang 4.0.0 103.60 NOTE
r-devel-linux-x86_64-fedora-gcc 4.0.0 107.54 NOTE
r-devel-windows-ix86+x86_64 4.0.0 15.00 96.00 111.00 OK
r-patched-linux-x86_64 4.0.0 4.18 43.06 47.24 NOTE
r-patched-solaris-x86 4.0.0 137.10 OK
r-release-linux-x86_64 4.0.0 4.54 42.35 46.89 NOTE
r-release-windows-ix86+x86_64 4.0.0 22.00 95.00 117.00 OK
r-release-osx-x86_64 4.0.0 OK
r-oldrel-windows-ix86+x86_64 4.0.0 19.00 107.00 126.00 OK
r-oldrel-osx-x86_64 4.0.0 OK

Check Details

Version: 4.0.0
Check: compiled code
Result: NOTE
    File ‘coxphw/libs/coxphw.so’:
     Found no calls to: ‘R_registerRoutines’, ‘R_useDynamicSymbols’
    
    It is good practice to register native routines and to disable symbol
    search.
    
    See ‘Writing portable packages’ in the ‘Writing R Extensions’ manual.
Flavors: r-devel-linux-x86_64-debian-clang, r-devel-linux-x86_64-debian-gcc, r-devel-linux-x86_64-fedora-clang, r-devel-linux-x86_64-fedora-gcc, r-patched-linux-x86_64, r-release-linux-x86_64