CRAN Package Check Results for Package coxrobust

Last updated on 2014-11-21 19:47:57.

Flavor Version Tinstall Tcheck Ttotal Status Flags
r-devel-linux-x86_64-debian-clang 1.0 1.23 11.46 12.70 NOTE
r-devel-linux-x86_64-debian-gcc 1.0 1.26 11.95 13.22 NOTE
r-devel-linux-x86_64-fedora-clang 1.0 25.72 NOTE
r-devel-linux-x86_64-fedora-gcc 1.0 24.11 NOTE
r-devel-osx-x86_64-clang 1.0 28.86 NOTE
r-devel-windows-ix86+x86_64 1.0 10.00 23.00 33.00 NOTE
r-patched-linux-x86_64 1.0 1.31 11.42 12.73 NOTE
r-patched-solaris-sparc 1.0 138.70 NOTE
r-patched-solaris-x86 1.0 36.90 NOTE
r-release-linux-ix86 1.0 1.82 17.03 18.85 NOTE
r-release-linux-x86_64 1.0 1.31 11.30 12.61 NOTE
r-release-osx-x86_64-mavericks 1.0 NOTE
r-release-windows-ix86+x86_64 1.0 10.00 26.00 36.00 NOTE
r-oldrel-windows-ix86+x86_64 1.0 10.00 25.00 35.00 NOTE

Check Details

Version: 1.0
Check: dependencies in R code
Result: NOTE
    Package in Depends field not imported from: ‘survival’
     These packages need to be imported from (in the NAMESPACE file)
     for when this namespace is loaded but not attached.
    See the information on DESCRIPTION files in the chapter ‘Creating R
    packages’ of the ‘Writing R Extensions’ manual.
Flavors: r-devel-linux-x86_64-debian-clang, r-devel-linux-x86_64-debian-gcc, r-devel-linux-x86_64-fedora-clang, r-devel-linux-x86_64-fedora-gcc, r-devel-osx-x86_64-clang, r-devel-windows-ix86+x86_64, r-patched-linux-x86_64, r-patched-solaris-sparc, r-patched-solaris-x86, r-release-linux-ix86, r-release-linux-x86_64, r-release-osx-x86_64-mavericks, r-release-windows-ix86+x86_64, r-oldrel-windows-ix86+x86_64

Version: 1.0
Check: R code for possible problems
Result: NOTE
    plot.coxr: warning in close.screen(all = TRUE): partial argument match
     of ‘all’ to ‘all.screens’
Flavors: r-devel-linux-x86_64-debian-clang, r-devel-linux-x86_64-debian-gcc, r-devel-linux-x86_64-fedora-clang, r-devel-linux-x86_64-fedora-gcc, r-devel-osx-x86_64-clang, r-devel-windows-ix86+x86_64, r-patched-linux-x86_64, r-patched-solaris-sparc, r-patched-solaris-x86, r-release-linux-ix86, r-release-linux-x86_64, r-release-osx-x86_64-mavericks, r-release-windows-ix86+x86_64, r-oldrel-windows-ix86+x86_64