CRAN Package Check Results for Package coxrobust

Last updated on 2015-03-05 08:49:07.

Flavor Version Tinstall Tcheck Ttotal Status Flags
r-devel-linux-x86_64-debian-clang 1.0 1.23 10.52 11.75 NOTE
r-devel-linux-x86_64-debian-gcc 1.0 1.20 10.38 11.58 NOTE
r-devel-linux-x86_64-fedora-clang 1.0 22.38 NOTE
r-devel-linux-x86_64-fedora-gcc 1.0 20.77 NOTE
r-devel-osx-x86_64-clang 1.0 24.99 NOTE
r-devel-windows-ix86+x86_64 1.0 11.00 25.00 36.00 NOTE
r-patched-linux-x86_64 1.0 1.26 11.78 13.04 NOTE
r-patched-solaris-sparc 1.0 161.70 NOTE
r-patched-solaris-x86 1.0 36.40 NOTE
r-release-linux-ix86 1.0 1.93 17.72 19.64 NOTE
r-release-linux-x86_64 1.0 1.33 11.53 12.86 NOTE
r-release-osx-x86_64-mavericks 1.0 NOTE
r-release-windows-ix86+x86_64 1.0 11.00 27.00 38.00 NOTE
r-oldrel-windows-ix86+x86_64 1.0 11.00 26.00 37.00 NOTE

Check Details

Version: 1.0
Check: DESCRIPTION meta-information
Result: NOTE
    Malformed Description field: should contain one or more complete sentences.
Flavors: r-devel-linux-x86_64-debian-clang, r-devel-linux-x86_64-debian-gcc, r-devel-linux-x86_64-fedora-clang, r-devel-linux-x86_64-fedora-gcc, r-devel-osx-x86_64-clang, r-devel-windows-ix86+x86_64

Version: 1.0
Check: dependencies in R code
Result: NOTE
    Package in Depends field not imported from: ‘survival’
     These packages need to be imported from (in the NAMESPACE file)
     for when this namespace is loaded but not attached.
Flavors: r-devel-linux-x86_64-debian-clang, r-devel-linux-x86_64-debian-gcc, r-devel-linux-x86_64-fedora-clang, r-devel-linux-x86_64-fedora-gcc, r-devel-osx-x86_64-clang, r-devel-windows-ix86+x86_64, r-patched-linux-x86_64, r-patched-solaris-sparc, r-patched-solaris-x86

Version: 1.0
Check: R code for possible problems
Result: NOTE
    plot.coxr: warning in close.screen(all = TRUE): partial argument match
     of ‘all’ to ‘all.screens’
Flavors: r-devel-linux-x86_64-debian-clang, r-devel-linux-x86_64-debian-gcc, r-devel-linux-x86_64-fedora-clang, r-devel-linux-x86_64-fedora-gcc, r-devel-osx-x86_64-clang, r-devel-windows-ix86+x86_64, r-patched-linux-x86_64, r-patched-solaris-sparc, r-patched-solaris-x86, r-release-linux-ix86, r-release-linux-x86_64, r-release-osx-x86_64-mavericks, r-release-windows-ix86+x86_64, r-oldrel-windows-ix86+x86_64

Version: 1.0
Check: dependencies in R code
Result: NOTE
    Package in Depends field not imported from: ‘survival’
     These packages need to be imported from (in the NAMESPACE file)
     for when this namespace is loaded but not attached.
    See the information on DESCRIPTION files in the chapter ‘Creating R
    packages’ of the ‘Writing R Extensions’ manual.
Flavors: r-release-linux-ix86, r-release-linux-x86_64, r-release-osx-x86_64-mavericks, r-release-windows-ix86+x86_64, r-oldrel-windows-ix86+x86_64