CRAN Package Check Results for Package coxrt

Last updated on 2022-05-18 04:49:33 CEST.

Flavor Version Tinstall Tcheck Ttotal Status Flags
r-devel-linux-x86_64-debian-clang 1.0.3 39.75 201.54 241.29 NOTE
r-devel-linux-x86_64-debian-gcc 1.0.3 37.17 147.71 184.88 NOTE
r-devel-linux-x86_64-fedora-clang 1.0.3 300.37 NOTE
r-devel-linux-x86_64-fedora-gcc 1.0.3 283.74 NOTE
r-devel-windows-x86_64 1.0.3 42.00 238.00 280.00 NOTE
r-patched-linux-x86_64 1.0.3 38.14 190.71 228.85 NOTE
r-release-linux-x86_64 1.0.3 40.68 189.20 229.88 NOTE
r-release-macos-arm64 1.0.3 81.00 NOTE
r-release-macos-x86_64 1.0.3 147.00 NOTE
r-release-windows-x86_64 1.0.3 40.00 233.00 273.00 NOTE
r-oldrel-macos-arm64 1.0.3 100.00 NOTE
r-oldrel-macos-x86_64 1.0.3 148.00 NOTE
r-oldrel-windows-ix86+x86_64 1.0.3 106.00 274.00 380.00 NOTE

Check Details

Version: 1.0.3
Check: LazyData
Result: NOTE
     'LazyData' is specified without a 'data' directory
Flavors: r-devel-linux-x86_64-debian-clang, r-devel-linux-x86_64-debian-gcc, r-devel-linux-x86_64-fedora-clang, r-devel-linux-x86_64-fedora-gcc, r-devel-windows-x86_64, r-patched-linux-x86_64, r-release-linux-x86_64, r-release-macos-arm64, r-release-macos-x86_64, r-release-windows-x86_64, r-oldrel-macos-arm64, r-oldrel-macos-x86_64, r-oldrel-windows-ix86+x86_64