CRAN Package Check Results for Package cplexAPI

Last updated on 2016-08-28 23:48:05.

Flavor Version Tinstall Tcheck Ttotal Status Flags
r-devel-linux-x86_64-debian-clang 1.3.1 2.74 30.67 33.41 OK --install=fake
r-devel-linux-x86_64-debian-gcc 1.3.1 2.96 29.89 32.86 OK --install=fake
r-devel-linux-x86_64-fedora-clang 1.3.1 55.06 OK --install=fake
r-devel-linux-x86_64-fedora-gcc 1.3.1 52.62 OK --install=fake
r-patched-linux-x86_64 1.3.1 2.73 30.44 33.18 OK --install=fake
r-release-linux-x86_64 1.3.1 3.39 31.41 34.80 OK --install=fake
r-release-osx-x86_64-mavericks 1.3.1 ERROR
r-release-windows-ix86+x86_64 1.3.1 2.00 4.00 6.00 ERROR

Check Details

Version: 1.3.1
Check: whether package can be installed
Result: ERROR
    Installation failed.
Flavors: r-release-osx-x86_64-mavericks, r-release-windows-ix86+x86_64