CRAN Package Check Results for Package cplexAPI

Last updated on 2017-05-29 14:50:05.

Flavor Version Tinstall Tcheck Ttotal Status Flags
r-devel-linux-x86_64-debian-clang 1.3.3 2.91 33.83 36.74 OK --install=fake
r-devel-linux-x86_64-debian-gcc 1.3.3 2.92 32.12 35.04 OK --install=fake
r-devel-linux-x86_64-fedora-clang 1.3.3 61.68 OK --install=fake
r-devel-linux-x86_64-fedora-gcc 1.3.3 56.90 OK --install=fake
r-patched-linux-x86_64 1.3.3 3.16 32.74 35.91 OK --install=fake
r-release-linux-x86_64 1.3.3 3.35 34.16 37.51 OK --install=fake
r-release-osx-x86_64 1.3.3 ERROR
r-oldrel-windows-ix86+x86_64 1.3.1 2.00 4.00 6.00 ERROR
r-oldrel-osx-x86_64 1.3.3 ERROR

Check Details

Version: 1.3.3
Check: whether package can be installed
Result: ERROR
    Installation failed.
Flavors: r-release-osx-x86_64, r-oldrel-osx-x86_64

Version: 1.3.1
Check: whether package can be installed
Result: ERROR
    Installation failed.
Flavor: r-oldrel-windows-ix86+x86_64