CRAN Package Check Results for Package cplexAPI

Last updated on 2016-12-07 17:52:19.

Flavor Version Tinstall Tcheck Ttotal Status Flags
r-devel-linux-x86_64-debian-clang 1.3.2 3.15 33.08 36.23 OK --install=fake
r-devel-linux-x86_64-debian-gcc 1.3.2 3.00 32.36 35.35 OK --install=fake
r-devel-linux-x86_64-fedora-clang 1.3.2 63.15 OK --install=fake --no-stop-on-test-error
r-devel-linux-x86_64-fedora-gcc 1.3.2 60.58 OK --install=fake --no-stop-on-test-error
r-patched-linux-x86_64 1.3.2 2.97 30.14 33.10 OK --install=fake
r-release-linux-x86_64 1.3.2 3.28 30.44 33.72 OK --install=fake
r-release-osx-x86_64-mavericks 1.3.2 ERROR
r-release-windows-ix86+x86_64 1.3.1 2.00 4.00 6.00 ERROR

Check Details

Version: 1.3.2
Check: whether package can be installed
Result: ERROR
    Installation failed.
Flavor: r-release-osx-x86_64-mavericks

Version: 1.3.1
Check: whether package can be installed
Result: ERROR
    Installation failed.
Flavor: r-release-windows-ix86+x86_64