CRAN Package Check Results for Package cplexAPI

Last updated on 2017-01-17 17:47:19.

Flavor Version Tinstall Tcheck Ttotal Status Flags
r-devel-linux-x86_64-debian-clang 1.3.2 2.95 32.85 35.80 OK --install=fake
r-devel-linux-x86_64-debian-gcc 1.3.2 3.32 31.87 35.19 OK --install=fake
r-devel-linux-x86_64-fedora-clang 1.3.2 59.77 OK --install=fake --no-stop-on-test-error
r-devel-linux-x86_64-fedora-gcc 1.3.2 57.93 OK --install=fake --no-stop-on-test-error
r-patched-linux-x86_64 1.3.2 2.81 30.34 33.15 OK --install=fake
r-release-linux-x86_64 1.3.2 2.90 30.76 33.66 OK --install=fake
r-release-osx-x86_64-mavericks 1.3.2 ERROR
r-release-windows-ix86+x86_64 1.3.1 2.00 4.00 6.00 ERROR

Check Details

Version: 1.3.2
Check: whether package can be installed
Result: ERROR
    Installation failed.
Flavor: r-release-osx-x86_64-mavericks

Version: 1.3.1
Check: whether package can be installed
Result: ERROR
    Installation failed.
Flavor: r-release-windows-ix86+x86_64