CRAN Package Check Results for Package cplexAPI

Last updated on 2014-10-30 12:51:29.

Flavor Version Tinstall Tcheck Ttotal Status Flags
r-devel-linux-x86_64-debian-clang 1.2.11 3.26 30.92 34.18 OK --install=fake
r-devel-linux-x86_64-debian-gcc 1.2.11 3.58 30.15 33.73 OK --install=fake
r-devel-linux-x86_64-fedora-clang 1.2.11 79.75 OK --install=fake
r-devel-linux-x86_64-fedora-gcc 1.2.11 61.56 OK --install=fake
r-patched-linux-x86_64 1.2.11 3.25 32.66 35.91 OK --install=fake
r-release-linux-ix86 1.2.11 4.18 39.38 43.56 OK --install=fake
r-release-linux-x86_64 1.2.11 3.28 31.35 34.63 OK --install=fake
r-release-osx-x86_64-mavericks 1.2.11 ERROR
r-release-osx-x86_64-snowleopard 1.2.11 ERROR

Check Details

Version: 1.2.11
Check: whether package can be installed
Result: ERROR
    Installation failed.
Flavors: r-release-osx-x86_64-mavericks, r-release-osx-x86_64-snowleopard