CRAN Package Check Results for Package cplexAPI

Last updated on 2016-05-29 03:48:14.

Flavor Version Tinstall Tcheck Ttotal Status Flags
r-devel-linux-x86_64-debian-gcc 1.3.1 2.84 30.36 33.20 OK --install=fake
r-devel-linux-x86_64-fedora-clang 1.3.1 56.99 OK --install=fake
r-devel-linux-x86_64-fedora-gcc 1.3.1 51.42 OK --install=fake
r-patched-linux-x86_64 1.3.1 3.07 29.65 32.72 OK --install=fake
r-release-linux-x86_64 1.3.1 2.96 29.16 32.12 OK --install=fake
r-release-osx-x86_64-mavericks 1.3.1 ERROR
r-release-windows-ix86+x86_64 1.3.1 2.00 4.00 6.00 ERROR

Check Details

Version: 1.3.1
Check: whether package can be installed
Result: ERROR
    Installation failed.
Flavors: r-release-osx-x86_64-mavericks, r-release-windows-ix86+x86_64