CRAN Package Check Results for Package cplexAPI

Last updated on 2017-03-23 23:50:36.

Flavor Version Tinstall Tcheck Ttotal Status Flags
r-devel-linux-x86_64-debian-clang 1.3.3 3.24 33.46 36.70 OK --install=fake
r-devel-linux-x86_64-debian-gcc 1.3.3 3.06 32.41 35.47 OK --install=fake
r-devel-linux-x86_64-fedora-clang 1.3.3 58.91 OK --install=fake --no-stop-on-test-error
r-devel-linux-x86_64-fedora-gcc 1.3.3 59.82 OK --install=fake --no-stop-on-test-error
r-patched-linux-x86_64 1.3.3 2.92 30.27 33.18 OK --install=fake
r-release-linux-x86_64 1.3.3 2.77 30.79 33.56 OK --install=fake
r-release-osx-x86_64-mavericks 1.3.3 ERROR
r-release-windows-ix86+x86_64 1.3.1 2.00 4.00 6.00 ERROR

Check Details

Version: 1.3.3
Check: whether package can be installed
Result: ERROR
    Installation failed.
Flavor: r-release-osx-x86_64-mavericks

Version: 1.3.1
Check: whether package can be installed
Result: ERROR
    Installation failed.
Flavor: r-release-windows-ix86+x86_64