CRAN Package Check Results for Package cplexAPI

Last updated on 2016-02-09 16:46:52.

Flavor Version Tinstall Tcheck Ttotal Status Flags
r-devel-linux-x86_64-debian-gcc 1.3.1 2.80 28.72 31.52 OK --install=fake
r-devel-linux-x86_64-fedora-clang 1.3.1 53.74 OK --install=fake
r-devel-linux-x86_64-fedora-gcc 1.3.1 53.42 OK --install=fake
r-patched-linux-x86_64 1.3.1 3.14 29.83 32.97 OK --install=fake
r-release-linux-x86_64 1.3.1 3.08 30.50 33.57 OK --install=fake
r-release-osx-x86_64-mavericks 1.3.1 ERROR

Check Details

Version: 1.3.1
Check: whether package can be installed
Result: ERROR
    Installation failed.
Flavor: r-release-osx-x86_64-mavericks