CRAN Package Check Results for Package cplexAPI

Last updated on 2014-11-25 23:46:43.

Flavor Version Tinstall Tcheck Ttotal Status Flags
r-devel-linux-x86_64-debian-clang 1.2.11 3.42 30.49 33.92 OK --install=fake
r-devel-linux-x86_64-debian-gcc 1.2.11 3.10 29.90 33.00 OK --install=fake
r-devel-linux-x86_64-fedora-clang 1.2.11 66.86 OK --install=fake
r-devel-linux-x86_64-fedora-gcc 1.2.11 61.66 OK --install=fake
r-patched-linux-x86_64 1.2.11 3.27 30.83 34.10 OK --install=fake
r-release-linux-ix86 1.2.11 3.96 37.56 41.52 OK --install=fake
r-release-linux-x86_64 1.2.11 3.25 31.22 34.47 OK --install=fake
r-release-osx-x86_64-mavericks 1.2.11 ERROR
r-release-osx-x86_64-snowleopard 1.2.11 ERROR

Check Details

Version: 1.2.11
Check: whether package can be installed
Result: ERROR
    Installation failed.
Flavors: r-release-osx-x86_64-mavericks, r-release-osx-x86_64-snowleopard