CRAN Package Check Results for Package cplexAPI

Last updated on 2015-03-04 21:46:41.

Flavor Version Tinstall Tcheck Ttotal Status Flags
r-devel-linux-x86_64-debian-clang 1.2.11 3.40 29.77 33.17 NOTE --install=fake
r-devel-linux-x86_64-debian-gcc 1.2.11 3.13 30.70 33.82 NOTE --install=fake
r-devel-linux-x86_64-fedora-clang 1.2.11 59.21 NOTE --install=fake
r-devel-linux-x86_64-fedora-gcc 1.2.11 57.12 NOTE --install=fake
r-patched-linux-x86_64 1.2.11 3.20 31.23 34.43 OK --install=fake
r-release-linux-ix86 1.2.11 3.91 39.84 43.75 OK --install=fake
r-release-linux-x86_64 1.2.11 3.24 31.11 34.34 OK --install=fake
r-release-osx-x86_64-mavericks 1.2.11 ERROR
r-release-osx-x86_64-snowleopard 1.2.11 ERROR

Check Details

Version: 1.2.11
Flags: --install=fake
Check: DESCRIPTION meta-information
Result: NOTE
    Malformed Description field: should contain one or more complete sentences.
Flavors: r-devel-linux-x86_64-debian-clang, r-devel-linux-x86_64-debian-gcc, r-devel-linux-x86_64-fedora-clang, r-devel-linux-x86_64-fedora-gcc

Version: 1.2.11
Check: whether package can be installed
Result: ERROR
    Installation failed.
Flavors: r-release-osx-x86_64-mavericks, r-release-osx-x86_64-snowleopard