CRAN Package Check Results for Package cplexAPI

Last updated on 2017-11-25 09:49:19 CET.

Flavor Version Tinstall Tcheck Ttotal Status Flags
r-devel-linux-x86_64-debian-clang 1.3.3 3.97 78.26 82.22 OK --install=fake
r-devel-linux-x86_64-debian-gcc 1.3.3 3.74 70.59 74.33 OK --install=fake
r-devel-linux-x86_64-fedora-clang 1.3.3 56.19 OK --install=fake
r-devel-linux-x86_64-fedora-gcc 1.3.3 54.43 OK --install=fake
r-patched-linux-x86_64 1.3.3 4.02 87.91 91.92 OK --install=fake
r-release-linux-x86_64 1.3.3 4.18 78.07 82.25 OK --install=fake
r-release-osx-x86_64 1.3.3 ERROR
r-oldrel-windows-ix86+x86_64 1.3.1 2.00 4.00 6.00 ERROR
r-oldrel-osx-x86_64 1.3.3 ERROR

Check Details

Version: 1.3.3
Check: whether package can be installed
Result: ERROR
    Installation failed.
Flavors: r-release-osx-x86_64, r-oldrel-osx-x86_64

Version: 1.3.1
Check: whether package can be installed
Result: ERROR
    Installation failed.
Flavor: r-oldrel-windows-ix86+x86_64