CRAN Package Check Results for Package cplexAPI

Last updated on 2015-05-27 19:47:04.

Flavor Version Tinstall Tcheck Ttotal Status Flags
r-devel-linux-x86_64-debian-clang 1.2.11 3.15 30.02 33.18 NOTE --install=fake
r-devel-linux-x86_64-debian-gcc 1.2.11 3.03 29.63 32.66 NOTE --install=fake
r-devel-linux-x86_64-fedora-clang 1.2.11 58.79 NOTE --install=fake
r-devel-linux-x86_64-fedora-gcc 1.2.11 56.62 NOTE --install=fake
r-patched-linux-x86_64 1.2.11 3.01 28.75 31.76 NOTE --install=fake
r-release-linux-x86_64 1.2.11 3.06 31.25 34.30 NOTE --install=fake
r-release-osx-x86_64-mavericks 1.2.11 ERROR
r-release-osx-x86_64-snowleopard 1.2.11 ERROR

Check Details

Version: 1.2.11
Flags: --install=fake
Check: DESCRIPTION meta-information
Result: NOTE
    Malformed Description field: should contain one or more complete sentences.
Flavors: r-devel-linux-x86_64-debian-clang, r-devel-linux-x86_64-debian-gcc, r-devel-linux-x86_64-fedora-clang, r-devel-linux-x86_64-fedora-gcc, r-patched-linux-x86_64, r-release-linux-x86_64

Version: 1.2.11
Check: whether package can be installed
Result: ERROR
    Installation failed.
Flavors: r-release-osx-x86_64-mavericks, r-release-osx-x86_64-snowleopard