CRAN Package Check Results for Package cplexAPI

Last updated on 2014-04-24 23:48:00.

Flavor Version Tinstall Tcheck Ttotal Status Flags
r-devel-linux-x86_64-debian-clang 1.2.9 3.15 32.51 35.66 NOTE --install=fake
r-devel-linux-x86_64-debian-gcc 1.2.9 3.12 32.33 35.45 NOTE --install=fake
r-devel-linux-x86_64-fedora-clang 1.2.9 67.05 NOTE --install=fake
r-devel-linux-x86_64-fedora-gcc 1.2.9 66.63 NOTE --install=fake
r-devel-osx-x86_64-gcc 1.2.9 ERROR
r-patched-linux-x86_64 1.2.9 3.48 32.64 36.12 NOTE --install=fake
r-release-linux-ix86 1.2.9 5.00 53.00 58.00 NOTE --install=fake
r-release-linux-x86_64 1.2.9 3.22 32.12 35.34 NOTE --install=fake
r-release-osx-x86_64-mavericks 1.2.9 ERROR
r-release-osx-x86_64-snowleopard 1.2.9 ERROR

Check Details

Version: 1.2.9
Flags: --install=fake
Check: dependencies in R code
Result: NOTE
    Package in Depends field not imported from: ‘methods’
     These packages need to be imported from (in the NAMESPACE file)
     for when this namespace is loaded but not attached.
    See the information on DESCRIPTION files in the chapter ‘Creating R
    packages’ of the ‘Writing R Extensions’ manual.
Flavors: r-devel-linux-x86_64-debian-clang, r-devel-linux-x86_64-debian-gcc, r-devel-linux-x86_64-fedora-clang, r-devel-linux-x86_64-fedora-gcc, r-patched-linux-x86_64, r-release-linux-ix86, r-release-linux-x86_64

Version: 1.2.9
Check: whether package can be installed
Result: ERROR
    Installation failed.
    See ‘/Volumes/XT3/Builds/R-dev-web/QA/Simon/packages/snowleopard-x86_64/results/3.2/cplexAPI.Rcheck/00install.out’ for details.
Flavor: r-devel-osx-x86_64-gcc

Version: 1.2.9
Check: whether package can be installed
Result: ERROR
    Installation failed.
    See ‘/Builds/CRAN-QA-Simon/packages/mavericks-x86_64/results/3.1/cplexAPI.Rcheck/00install.out’ for details.
Flavor: r-release-osx-x86_64-mavericks

Version: 1.2.9
Check: whether package can be installed
Result: ERROR
    Installation failed.
    See ‘/Volumes/XT3/Builds/R-dev-web/QA/Simon/packages/snowleopard-x86_64/results/3.1/cplexAPI.Rcheck/00install.out’ for details.
Flavor: r-release-osx-x86_64-snowleopard