CRAN Package Check Results for Package cplexAPI

Last updated on 2017-07-23 04:48:20.

Flavor Version Tinstall Tcheck Ttotal Status Flags
r-devel-linux-x86_64-debian-clang 1.3.3 3.08 57.62 60.71 OK --install=fake
r-devel-linux-x86_64-debian-gcc 1.3.3 3.17 56.72 59.90 OK --install=fake
r-devel-linux-x86_64-fedora-clang 1.3.3 60.46 OK --install=fake
r-devel-linux-x86_64-fedora-gcc 1.3.3 57.32 OK --install=fake
r-patched-linux-x86_64 1.3.3 3.19 57.50 60.69 OK --install=fake
r-release-linux-x86_64 1.3.3 3.19 57.37 60.56 OK --install=fake
r-release-osx-x86_64 1.3.3 ERROR
r-oldrel-windows-ix86+x86_64 1.3.1 2.00 4.00 6.00 ERROR
r-oldrel-osx-x86_64 1.3.3 ERROR

Check Details

Version: 1.3.3
Check: whether package can be installed
Result: ERROR
    Installation failed.
Flavors: r-release-osx-x86_64, r-oldrel-osx-x86_64

Version: 1.3.1
Check: whether package can be installed
Result: ERROR
    Installation failed.
Flavor: r-oldrel-windows-ix86+x86_64