CRAN Package Check Results for Package cplexAPI

Last updated on 2017-04-23 23:50:54.

Flavor Version Tinstall Tcheck Ttotal Status Flags
r-devel-linux-x86_64-debian-clang 1.3.3 3.03 32.82 35.85 OK --install=fake
r-devel-linux-x86_64-debian-gcc 1.3.3 3.02 32.29 35.31 OK --install=fake
r-devel-linux-x86_64-fedora-clang 1.3.3 60.28 OK --install=fake --no-stop-on-test-error
r-devel-linux-x86_64-fedora-gcc 1.3.3 59.12 OK --install=fake --no-stop-on-test-error
r-patched-linux-x86_64 1.3.3 3.00 32.17 35.16 OK --install=fake
r-release-linux-x86_64 1.3.3 3.49 33.27 36.76 OK --install=fake
r-release-osx-x86_64 1.3.3 ERROR
r-oldrel-windows-ix86+x86_64 1.3.1 2.00 4.00 6.00 ERROR
r-oldrel-osx-x86_64 1.3.3 ERROR

Check Details

Version: 1.3.3
Check: whether package can be installed
Result: ERROR
    Installation failed.
Flavors: r-release-osx-x86_64, r-oldrel-osx-x86_64

Version: 1.3.1
Check: whether package can be installed
Result: ERROR
    Installation failed.
Flavor: r-oldrel-windows-ix86+x86_64