CRAN Package Check Results for Package cplexAPI

Last updated on 2016-07-24 22:46:48.

Flavor Version Tinstall Tcheck Ttotal Status Flags
r-devel-linux-x86_64-debian-clang 1.3.1 3.30 36.41 39.71 OK --install=fake
r-devel-linux-x86_64-debian-gcc 1.3.1 3.46 34.36 37.81 OK --install=fake
r-devel-linux-x86_64-fedora-clang 1.3.1 53.04 OK --install=fake
r-devel-linux-x86_64-fedora-gcc 1.3.1 51.95 OK --install=fake
r-patched-linux-x86_64 1.3.1 3.50 33.74 37.23 OK --install=fake
r-release-linux-x86_64 1.3.1 3.14 35.75 38.89 OK --install=fake
r-release-osx-x86_64-mavericks 1.3.1 ERROR
r-release-windows-ix86+x86_64 1.3.1 2.00 4.00 6.00 ERROR

Check Details

Version: 1.3.1
Check: whether package can be installed
Result: ERROR
    Installation failed.
Flavors: r-release-osx-x86_64-mavericks, r-release-windows-ix86+x86_64