CRAN Package Check Results for Package cplexAPI

Last updated on 2014-09-21 03:48:59.

Flavor Version Tinstall Tcheck Ttotal Status Flags
r-devel-linux-x86_64-debian-clang 1.2.11 4.08 30.69 34.76 OK --install=fake
r-devel-linux-x86_64-debian-gcc 1.2.11 3.21 30.09 33.30 OK --install=fake
r-devel-linux-x86_64-fedora-clang 1.2.11 66.64 OK --install=fake
r-devel-linux-x86_64-fedora-gcc 1.2.11 63.43 OK --install=fake
r-patched-linux-x86_64 1.2.11 3.26 30.85 34.12 OK --install=fake
r-release-linux-ix86 1.2.11 4.19 38.92 43.11 OK --install=fake
r-release-linux-x86_64 1.2.11 3.27 32.77 36.04 OK --install=fake
r-release-osx-x86_64-mavericks 1.2.11 ERROR
r-release-osx-x86_64-snowleopard 1.2.11 ERROR

Check Details

Version: 1.2.11
Check: whether package can be installed
Result: ERROR
    Installation failed.
Flavors: r-release-osx-x86_64-mavericks, r-release-osx-x86_64-snowleopard