CRAN Package Check Results for Package cplexAPI

Last updated on 2018-02-17 21:49:15 CET.

Flavor Version Tinstall Tcheck Ttotal Status Flags
r-devel-linux-x86_64-debian-clang 1.3.3 6.60 46.14 52.74 OK --no-examples --no-tests --no-vignettes
r-devel-linux-x86_64-debian-gcc 1.3.3 5.00 36.13 41.13 OK --no-examples --no-tests --no-vignettes
r-devel-windows-ix86+x86_64 1.3.3 2.00 4.00 6.00 ERROR
r-patched-linux-x86_64 1.3.3 4.88 45.82 50.70 OK --no-examples --no-tests --no-vignettes
r-release-linux-x86_64 1.3.3 4.04 45.69 49.73 OK --no-examples --no-tests --no-vignettes
r-release-osx-x86_64 1.3.3 ERROR
r-oldrel-windows-ix86+x86_64 1.3.1 2.00 4.00 6.00 ERROR
r-oldrel-osx-x86_64 1.3.3 ERROR

Check Details

Version: 1.3.3
Check: whether package can be installed
Result: ERROR
    Installation failed.
Flavors: r-devel-windows-ix86+x86_64, r-release-osx-x86_64, r-oldrel-osx-x86_64

Version: 1.3.1
Check: whether package can be installed
Result: ERROR
    Installation failed.
Flavor: r-oldrel-windows-ix86+x86_64