CRAN Package Check Results for Package cplexAPI

Last updated on 2016-06-28 14:48:19.

Flavor Version Tinstall Tcheck Ttotal Status Flags
r-devel-linux-x86_64-debian-gcc 1.3.1 2.98 29.70 32.68 OK --install=fake
r-devel-linux-x86_64-fedora-clang 1.3.1 52.48 OK --install=fake
r-devel-linux-x86_64-fedora-gcc 1.3.1 50.40 OK --install=fake
r-patched-linux-x86_64 1.3.1 2.81 31.01 33.82 OK --install=fake
r-release-linux-x86_64 1.3.1 2.90 30.34 33.24 OK --install=fake
r-release-osx-x86_64-mavericks 1.3.1 ERROR
r-release-windows-ix86+x86_64 1.3.1 2.00 4.00 6.00 ERROR

Check Details

Version: 1.3.1
Check: whether package can be installed
Result: ERROR
    Installation failed.
Flavors: r-release-osx-x86_64-mavericks, r-release-windows-ix86+x86_64