CRAN Package Check Results for Package cplexAPI

Last updated on 2017-09-20 06:49:12.

Flavor Version Tinstall Tcheck Ttotal Status Flags
r-devel-linux-x86_64-debian-clang 1.3.3 3.15 33.46 36.61 OK --install=fake
r-devel-linux-x86_64-debian-gcc 1.3.3 3.19 32.59 35.77 OK --install=fake
r-devel-linux-x86_64-fedora-clang 1.3.3 60.95 OK --install=fake
r-devel-linux-x86_64-fedora-gcc 1.3.3 60.06 OK --install=fake
r-patched-linux-x86_64 1.3.3 3.08 33.33 36.41 OK --install=fake
r-release-linux-x86_64 1.3.3 3.24 33.04 36.28 OK --install=fake
r-release-osx-x86_64 1.3.3 ERROR
r-oldrel-windows-ix86+x86_64 1.3.1 2.00 4.00 6.00 ERROR
r-oldrel-osx-x86_64 1.3.3 ERROR

Check Details

Version: 1.3.3
Check: whether package can be installed
Result: ERROR
    Installation failed.
Flavors: r-release-osx-x86_64, r-oldrel-osx-x86_64

Version: 1.3.1
Check: whether package can be installed
Result: ERROR
    Installation failed.
Flavor: r-oldrel-windows-ix86+x86_64