CRAN Package Check Results for Package cplexAPI

Last updated on 2015-08-29 10:46:41.

Flavor Version Tinstall Tcheck Ttotal Status Flags
r-devel-linux-x86_64-debian-clang 1.2.11 3.11 28.47 31.58 NOTE --install=fake
r-devel-linux-x86_64-debian-gcc 1.2.11 2.95 28.25 31.20 NOTE --install=fake
r-devel-linux-x86_64-fedora-clang 1.2.11 56.25 NOTE --install=fake
r-devel-linux-x86_64-fedora-gcc 1.2.11 54.72 NOTE --install=fake
r-patched-linux-x86_64 1.2.11 3.05 30.80 33.84 NOTE --install=fake
r-release-linux-x86_64 1.2.11 3.05 29.11 32.16 NOTE --install=fake
r-release-osx-x86_64-mavericks 1.2.11 ERROR

Check Details

Version: 1.2.11
Flags: --install=fake
Check: DESCRIPTION meta-information
Result: NOTE
    Malformed Description field: should contain one or more complete sentences.
Flavors: r-devel-linux-x86_64-debian-clang, r-devel-linux-x86_64-debian-gcc, r-devel-linux-x86_64-fedora-clang, r-devel-linux-x86_64-fedora-gcc, r-patched-linux-x86_64, r-release-linux-x86_64

Version: 1.2.11
Check: whether package can be installed
Result: ERROR
    Installation failed.
Flavor: r-release-osx-x86_64-mavericks