CRAN Package Check Results for Package cplexAPI

Last updated on 2015-07-07 11:48:03.

Flavor Version Tinstall Tcheck Ttotal Status Flags
r-devel-linux-x86_64-debian-clang 1.2.11 2.98 29.34 32.33 NOTE --install=fake
r-devel-linux-x86_64-debian-gcc 1.2.11 3.24 29.12 32.37 NOTE --install=fake
r-devel-linux-x86_64-fedora-clang 1.2.11 57.31 NOTE --install=fake
r-devel-linux-x86_64-fedora-gcc 1.2.11 51.27 NOTE --install=fake
r-patched-linux-x86_64 1.2.11 3.00 29.19 32.19 NOTE --install=fake
r-release-linux-x86_64 1.2.11 3.01 28.99 32.00 NOTE --install=fake
r-release-osx-x86_64-mavericks 1.2.11 ERROR

Check Details

Version: 1.2.11
Flags: --install=fake
Check: DESCRIPTION meta-information
Result: NOTE
    Malformed Description field: should contain one or more complete sentences.
Flavors: r-devel-linux-x86_64-debian-clang, r-devel-linux-x86_64-debian-gcc, r-devel-linux-x86_64-fedora-clang, r-devel-linux-x86_64-fedora-gcc, r-patched-linux-x86_64, r-release-linux-x86_64

Version: 1.2.11
Check: whether package can be installed
Result: ERROR
    Installation failed.
Flavor: r-release-osx-x86_64-mavericks