CRAN Package Check Results for Package cplexAPI

Last updated on 2014-08-01 23:48:18.

Flavor Version Tinstall Tcheck Ttotal Status Flags
r-devel-linux-x86_64-debian-clang 1.2.11 3.54 31.21 34.74 OK --install=fake
r-devel-linux-x86_64-debian-gcc 1.2.11 3.48 30.89 34.37 OK --install=fake
r-devel-linux-x86_64-fedora-clang 1.2.11 35.34 OK --install=fake
r-devel-linux-x86_64-fedora-gcc 1.2.11 33.44 OK --install=fake
r-patched-linux-x86_64 1.2.11 3.24 30.07 33.31 OK --install=fake
r-release-linux-ix86 1.2.9 3.84 38.39 42.24 NOTE --install=fake
r-release-linux-x86_64 1.2.11 3.28 31.17 34.45 OK --install=fake
r-release-osx-x86_64-mavericks 1.2.9 ERROR
r-release-osx-x86_64-snowleopard 1.2.11 ERROR

Check Details

Version: 1.2.9
Flags: --install=fake
Check: dependencies in R code
Result: NOTE
    Package in Depends field not imported from: methods
     These packages need to be imported from (in the NAMESPACE file)
     for when this namespace is loaded but not attached.
    See the information on DESCRIPTION files in the chapter Creating R
    packages of the Writing R Extensions manual.
Flavor: r-release-linux-ix86

Version: 1.2.9
Check: whether package can be installed
Result: ERROR
    Installation failed.
Flavor: r-release-osx-x86_64-mavericks

Version: 1.2.11
Check: whether package can be installed
Result: ERROR
    Installation failed.
Flavor: r-release-osx-x86_64-snowleopard