CRAN Package Check Results for Package cplexAPI

Last updated on 2014-12-18 11:50:02.

Flavor Version Tinstall Tcheck Ttotal Status Flags
r-devel-linux-x86_64-debian-clang 1.2.11 3.25 30.57 33.82 OK --install=fake
r-devel-linux-x86_64-debian-gcc 1.2.11 3.18 30.08 33.25 OK --install=fake
r-devel-linux-x86_64-fedora-clang 1.2.11 66.50 OK --install=fake
r-devel-linux-x86_64-fedora-gcc 1.2.11 62.32 OK --install=fake
r-patched-linux-x86_64 1.2.11 3.27 32.12 35.38 OK --install=fake
r-release-linux-ix86 1.2.11 3.96 37.58 41.54 OK --install=fake
r-release-linux-x86_64 1.2.11 3.28 31.05 34.32 OK --install=fake
r-release-osx-x86_64-mavericks 1.2.11 ERROR
r-release-osx-x86_64-snowleopard 1.2.11 ERROR

Check Details

Version: 1.2.11
Check: whether package can be installed
Result: ERROR
    Installation failed.
Flavors: r-release-osx-x86_64-mavericks, r-release-osx-x86_64-snowleopard