CRAN Package Check Results for Package cplexAPI

Last updated on 2020-08-06 20:48:08 CEST.

Flavor Version Tinstall Tcheck Ttotal Status Flags
r-devel-linux-x86_64-debian-clang 1.3.6 8.60 55.46 64.06 OK --no-examples --no-tests --no-vignettes
r-devel-linux-x86_64-debian-gcc 1.3.6 6.48 42.48 48.96 OK --no-examples --no-tests --no-vignettes
r-patched-linux-x86_64 1.3.6 8.74 53.94 62.68 OK --no-examples --no-tests --no-vignettes
r-release-linux-x86_64 1.3.6 7.65 54.33 61.98 OK --no-examples --no-tests --no-vignettes
r-release-macos-x86_64 1.3.6 ERROR
r-release-windows-ix86+x86_64 1.3.6 2.00 7.00 9.00 ERROR
r-oldrel-macos-x86_64 1.3.6 ERROR

Check Details

Version: 1.3.6
Check: whether package can be installed
Result: ERROR
    Installation failed.
Flavors: r-release-macos-x86_64, r-release-windows-ix86+x86_64, r-oldrel-macos-x86_64