CRAN Package Check Results for Package cplexAPI

Last updated on 2018-04-24 15:47:47 CEST.

Flavor Version Tinstall Tcheck Ttotal Status Flags
r-devel-linux-x86_64-debian-clang 1.3.3 5.78 46.45 52.23 OK --no-examples --no-tests --no-vignettes
r-devel-linux-x86_64-debian-gcc 1.3.3 5.63 36.28 41.91 OK --no-examples --no-tests --no-vignettes
r-devel-windows-ix86+x86_64 1.3.3 2.00 4.00 6.00 ERROR
r-patched-linux-x86_64 1.3.3 4.89 45.60 50.49 OK --no-examples --no-tests --no-vignettes
r-release-linux-x86_64 1.3.3 4.94 45.73 50.67 OK --no-examples --no-tests --no-vignettes
r-release-windows-ix86+x86_64 1.3.3 2.00 4.00 6.00 ERROR
r-release-osx-x86_64 1.3.3 ERROR
r-oldrel-osx-x86_64 1.3.3 ERROR

Check Details

Version: 1.3.3
Check: whether package can be installed
Result: ERROR
    Installation failed.
Flavors: r-devel-windows-ix86+x86_64, r-release-windows-ix86+x86_64, r-release-osx-x86_64, r-oldrel-osx-x86_64