CRAN Package Check Results for Package cplexAPI

Last updated on 2017-02-26 23:48:08.

Flavor Version Tinstall Tcheck Ttotal Status Flags
r-devel-linux-x86_64-debian-clang 1.3.3 3.34 32.56 35.90 OK --install=fake
r-devel-linux-x86_64-debian-gcc 1.3.3 3.20 33.90 37.10 OK --install=fake
r-devel-linux-x86_64-fedora-clang 1.3.3 61.25 OK --install=fake --no-stop-on-test-error
r-devel-linux-x86_64-fedora-gcc 1.3.3 57.92 OK --install=fake --no-stop-on-test-error
r-patched-linux-x86_64 1.3.3 2.78 31.02 33.80 OK --install=fake
r-release-linux-x86_64 1.3.3 3.06 30.10 33.17 OK --install=fake
r-release-osx-x86_64-mavericks 1.3.3 ERROR
r-release-windows-ix86+x86_64 1.3.1 2.00 4.00 6.00 ERROR

Check Details

Version: 1.3.3
Check: whether package can be installed
Result: ERROR
    Installation failed.
Flavor: r-release-osx-x86_64-mavericks

Version: 1.3.1
Check: whether package can be installed
Result: ERROR
    Installation failed.
Flavor: r-release-windows-ix86+x86_64