CRAN Package Check Results for Package cplexAPI

Last updated on 2016-09-30 12:50:15.

Flavor Version Tinstall Tcheck Ttotal Status Flags
r-devel-linux-x86_64-debian-clang 1.3.1 3.16 32.27 35.43 OK --install=fake
r-devel-linux-x86_64-debian-gcc 1.3.1 2.95 31.65 34.60 OK --install=fake
r-devel-linux-x86_64-fedora-clang 1.3.1 59.50 OK --install=fake
r-devel-linux-x86_64-fedora-gcc 1.3.1 53.56 OK --install=fake
r-patched-linux-x86_64 1.3.1 3.05 30.66 33.70 OK --install=fake
r-release-linux-x86_64 1.3.1 2.80 31.08 33.88 OK --install=fake
r-release-osx-x86_64-mavericks 1.3.1 ERROR
r-release-windows-ix86+x86_64 1.3.1 2.00 4.00 6.00 ERROR

Check Details

Version: 1.3.1
Check: whether package can be installed
Result: ERROR
    Installation failed.
Flavors: r-release-osx-x86_64-mavericks, r-release-windows-ix86+x86_64