CRAN Package Check Results for Package cplm

Last updated on 2016-12-03 23:47:33.

Flavor Version Tinstall Tcheck Ttotal Status Flags
r-devel-linux-x86_64-debian-clang 0.7-4 7.08 64.92 72.01 OK
r-devel-linux-x86_64-debian-gcc 0.7-4 6.96 64.67 71.63 OK
r-devel-linux-x86_64-fedora-clang 0.7-4 155.60 OK
r-devel-linux-x86_64-fedora-gcc 0.7-4 153.37 OK
r-devel-macos-x86_64-clang 0.7-4 114.28 OK
r-devel-windows-ix86+x86_64 0.7-4 20.00 129.00 149.00 OK
r-patched-linux-x86_64 0.7-4 6.56 59.56 66.11 OK
r-patched-solaris-sparc 0.7-4 794.80 OK
r-patched-solaris-x86 0.7-4 163.90 OK
r-release-linux-x86_64 0.7-4 6.54 59.75 66.29 OK
r-release-osx-x86_64-mavericks 0.7-4 NOTE
r-release-windows-ix86+x86_64 0.7-4 27.00 131.00 158.00 OK
r-oldrel-windows-ix86+x86_64 0.7-4 33.00 196.00 229.00 OK

Check Details

Version: 0.7-4
Check: re-building of vignette outputs
Result: NOTE
    Error in re-building vignettes:
     ...
    Warning in grepl("(Rerun to get|biblatex.*\\(re\\)run)", readLines(log, :
     input string 253 is invalid in this locale
    Error in texi2dvi(file = file, pdf = TRUE, clean = clean, quiet = quiet, :
     Running 'texi2dvi' on 'cplm.tex' failed.
    LaTeX errors:
    ! LaTeX Error: Missing \begin{document}.
    
    See the LaTeX manual or LaTeX Companion for explanation.
    Type H <return> for immediate help.
     ...
    ! Extra }, or forgotten \endgroup.
    l.18 ...^^NAy<9e>'^^?i<a4><9a>`^^^R-^^V<8b>333<8c><b1><b5><b5><b5>P(<a4><eb>z2<99>D1b}
     }}jj^^J
    I've deleted a group-closing symbol because it seems to be
    spurious, as in `$x}$'. But perhaps the } is legitimate and
    ! Extra }, or forgotten \endgroup.
    l.18 ...^NAy<9e>'^^?i<a4><9a>`^^^R-^^V<8b>333<8c><b1><b5><b5><b5>P(<a4><eb>z2<99>D1b}}
     }jj^^J
    I've deleted a group-closing symbol because it seems to be
    spurious, as in `$x}$'. But perhaps the } is legitimate and
    ! Extra }, or forgotten \endgroup.
    l.18 ...NAy<9e>'^^?i<a4><9a>`^^^R-^^V<8b>333<8c><b1><b5><b5><b5>P(<a4><eb>z2<99>D1b}}}
    
    Calls: buildVignettes -> texi2pdf -> texi2dvi
    Execution halted
Flavor: r-release-osx-x86_64-mavericks