CRAN Package Check Results for Package cplm

Last updated on 2017-03-27 17:47:17.

Flavor Version Tinstall Tcheck Ttotal Status Flags
r-devel-linux-x86_64-debian-clang 0.7-5 7.25 65.75 73.00 OK
r-devel-linux-x86_64-debian-gcc 0.7-5 7.02 64.05 71.07 OK
r-devel-linux-x86_64-fedora-clang 0.7-5 152.65 OK --no-stop-on-test-error
r-devel-linux-x86_64-fedora-gcc 0.7-5 151.99 OK --no-stop-on-test-error
r-devel-macos-x86_64-clang 0.7-5 114.82 OK --no-stop-on-test-error
r-devel-windows-ix86+x86_64 0.7-5 23.00 150.00 173.00 OK
r-patched-linux-x86_64 0.7-5 6.70 65.93 72.63 OK
r-patched-solaris-sparc 0.7-5 868.80 OK
r-patched-solaris-x86 0.7-5 196.90 OK
r-release-linux-x86_64 0.7-5 6.38 59.99 66.37 OK
r-release-osx-x86_64-mavericks 0.7-5 NOTE
r-release-windows-ix86+x86_64 0.7-5 30.00 134.00 164.00 OK
r-oldrel-windows-ix86+x86_64 0.7-5 22.00 141.00 163.00 OK

Check Details

Version: 0.7-5
Check: re-building of vignette outputs
Result: NOTE
    Error in re-building vignettes:
     ...
    Warning in grepl("(Rerun to get|biblatex.*\\(re\\)run)", readLines(log, :
     input string 238 is invalid in this locale
    Warning in grepl("(Rerun to get|biblatex.*\\(re\\)run)", readLines(log, :
     input string 244 is invalid in this locale
    Error in texi2dvi(file = file, pdf = TRUE, clean = clean, quiet = quiet, :
     Running 'texi2dvi' on 'cplm.tex' failed.
    LaTeX errors:
    ! Undefined control sequence.
    l.15 ...<cb>^^L<8e><0b><99><98>y<8b>#<8e><a6><98><d8>^^Fl^^By><b2><ac><f1>̹^^_g~<f7>|<dc>s<8f><db>\<d7>
     <85><97><97><da>_<f4>^^D<9a>K-<f1><8e>3<b5><c4>;<ce><d4>^^R<ef>8<d3>...
    The control sequence at the end of the top line
    of your error message was never \def'ed. If you have
    ! LaTeX Error: Missing \begin{document}.
    
    See the LaTeX manual or LaTeX Companion for explanation.
    Type H <return> for immediate help.
     ...
    ! Extra }, or forgotten \endgroup.
    l.15 ...}<f6><d9>g<a3><a3><a3>B<88><c5><c5>ť<a5><a5>|>^^?<f9><f2>e|<a4>i^^Zʃ<bd><fd><f0><c3>^^O^^_}
     <f4><91><a6>i׮]<db><c3>tݽS.<97><ab><f2><f4><c1><83>^^G<fb><e8><b3>...
    I've deleted a group-closing symbol because it seems to be
    spurious, as in `$x}$'. But perhaps the } is legitimate and
    ! Missing $ in
    Calls: buildVignettes -> texi2pdf -> texi2dvi
    Execution halted
Flavor: r-release-osx-x86_64-mavericks