CRAN Package Check Results for Package cplm

Last updated on 2016-06-25 18:46:35.

Flavor Version Tinstall Tcheck Ttotal Status Flags
r-devel-linux-x86_64-debian-gcc 0.7-4 6.69 62.35 69.04 OK
r-devel-linux-x86_64-fedora-clang 0.7-4 131.46 OK
r-devel-linux-x86_64-fedora-gcc 0.7-4 124.98 OK
r-devel-osx-x86_64-clang 0.7-4 99.82 OK
r-devel-windows-ix86+x86_64 0.7-4 28.00 131.00 159.00 OK
r-patched-linux-x86_64 0.7-4 7.41 62.67 70.08 OK
r-patched-solaris-sparc 0.7-4 760.00 OK
r-patched-solaris-x86 0.7-4 165.90 OK
r-release-linux-x86_64 0.7-4 6.98 61.95 68.92 OK
r-release-osx-x86_64-mavericks 0.7-4 NOTE
r-release-windows-ix86+x86_64 0.7-4 30.00 183.00 213.00 OK
r-oldrel-windows-ix86+x86_64 0.7-4 32.00 141.00 173.00 OK

Check Details

Version: 0.7-4
Check: re-building of vignette outputs
Result: NOTE
    Error in re-building vignettes:
     ...
    Warning in grepl("(Rerun to get|biblatex.*\\(re\\)run)", readLines(log, :
     input string 253 is invalid in this locale
    Error in texi2dvi(file = file, pdf = TRUE, clean = clean, quiet = quiet, :
     Running 'texi2dvi' on 'cplm.tex' failed.
    LaTeX errors:
    ! LaTeX Error: Missing \begin{document}.
    
    See the LaTeX manual or LaTeX Companion for explanation.
    Type H <return> for immediate help.
     ...
    ! Extra }, or forgotten \endgroup.
    l.18 ...^^NAy<9e>'^^?i<a4><9a>`^^^R-^^V<8b>333<8c><b1><b5><b5><b5>P(<a4><eb>z2<99>D1b}
     }}jj^^J
    I've deleted a group-closing symbol because it seems to be
    spurious, as in `$x}$'. But perhaps the } is legitimate and
    ! Extra }, or forgotten \endgroup.
    l.18 ...^NAy<9e>'^^?i<a4><9a>`^^^R-^^V<8b>333<8c><b1><b5><b5><b5>P(<a4><eb>z2<99>D1b}}
     }jj^^J
    I've deleted a group-closing symbol because it seems to be
    spurious, as in `$x}$'. But perhaps the } is legitimate and
    ! Extra }, or forgotten \endgroup.
    l.18 ...NAy<9e>'^^?i<a4><9a>`^^^R-^^V<8b>333<8c><b1><b5><b5><b5>P(<a4><eb>z2<99>D1b}}}
    
    Calls: buildVignettes -> texi2pdf -> texi2dvi
    Execution halted
Flavor: r-release-osx-x86_64-mavericks