CRAN Package Check Results for Package cplm

Last updated on 2014-04-23 12:48:16.

Flavor Version Tinstall Tcheck Ttotal Status Flags
r-devel-linux-x86_64-debian-clang 0.7-2 7.84 82.72 90.56 OK
r-devel-linux-x86_64-debian-gcc 0.7-2 8.45 82.74 91.19 OK
r-devel-linux-x86_64-fedora-clang 0.7-2 208.19 OK
r-devel-linux-x86_64-fedora-gcc 0.7-2 203.29 OK
r-devel-osx-x86_64-clang 0.7-2 162.43 OK
r-devel-osx-x86_64-gcc 0.7-2 ERROR
r-devel-windows-ix86+x86_64 0.7-2 25.00 151.00 176.00 OK
r-patched-linux-x86_64 0.7-2 8.56 84.40 92.96 OK
r-patched-solaris-sparc 0.7-2 1101.80 OK
r-patched-solaris-x86 0.7-2 256.10 OK
r-release-linux-ix86 0.7-2 13.00 137.00 150.00 OK
r-release-linux-x86_64 0.7-2 8.38 83.26 91.64 OK
r-release-osx-x86_64-mavericks 0.7-2 WARN
r-release-osx-x86_64-snowleopard 0.7-2 OK
r-release-windows-ix86+x86_64 0.7-2 27.00 151.00 178.00 OK
r-oldrel-windows-ix86+x86_64 0.7-2 28.00 162.00 190.00 OK

Check Details

Version: 0.7-2
Check: package dependencies
Result: ERROR
    Package required but not available: ‘ggplot2’
    
    See the information on DESCRIPTION files in the chapter ‘Creating R
    packages’ of the ‘Writing R Extensions’ manual.
Flavor: r-devel-osx-x86_64-gcc

Version: 0.7-2
Check: re-building of vignette outputs
Result: NOTE
    Error in re-building vignettes:
     ...
    Loading required package: coda
    Loading required package: lattice
    Loading required package: Matrix
    Loading required package: splines
    Error in texi2dvi(file = file, pdf = TRUE, clean = clean, quiet = quiet, :
     Running 'texi2dvi' on 'cplm.tex' failed.
    LaTeX errors:
    ! LaTeX Error: File `a4wide.sty' not found.
    
    Type X to quit or <RETURN> to proceed,
    or enter new name. (Default extension: sty)
    
    ./Z.cls:20: ==> Fatal error occurred, no output PDF file produced!
    Calls: buildVignettes -> texi2pdf -> texi2dvi
    Execution halted
Flavor: r-release-osx-x86_64-mavericks

Version: 0.7-2
Check: PDF version of manual
Result: WARNING
    LaTeX errors when creating PDF version.
    This typically indicates Rd problems.
    LaTeX errors found:
    ! LaTeX Error: File `upquote.sty' not found.
    
    Type X to quit or <RETURN> to proceed,
    or enter new name. (Default extension: sty)
    
    0e9c1a/Rd2.tex:8: ==> Fatal error occurred, no output PDF file produced!
Flavor: r-release-osx-x86_64-mavericks