CRAN Package Check Results for Package cplm

Last updated on 2014-07-28 11:48:56.

Flavor Version Tinstall Tcheck Ttotal Status Flags
r-devel-linux-x86_64-debian-clang 0.7-2 7.59 80.64 88.23 OK
r-devel-linux-x86_64-debian-gcc 0.7-2 8.39 78.98 87.37 OK
r-devel-linux-x86_64-fedora-clang 0.7-2 207.39 OK
r-devel-linux-x86_64-fedora-gcc 0.7-2 196.33 OK
r-devel-osx-x86_64-clang 0.7-2 162.81 OK
r-devel-windows-ix86+x86_64 0.7-2 25.00 149.00 174.00 OK
r-patched-linux-x86_64 0.7-2 8.80 78.48 87.28 OK
r-patched-solaris-sparc 0.7-2 1101.80 OK
r-patched-solaris-x86 0.7-2 258.80 OK
r-release-linux-ix86 0.7-2 10.15 94.86 105.01 OK
r-release-linux-x86_64 0.7-2 8.71 81.01 89.72 OK
r-release-osx-x86_64-mavericks 0.7-2 NOTE
r-release-osx-x86_64-snowleopard 0.7-2 OK
r-release-windows-ix86+x86_64 0.7-2 25.00 164.00 189.00 OK
r-oldrel-windows-ix86+x86_64 0.7-2 26.00 151.00 177.00 OK

Check Details

Version: 0.7-2
Check: re-building of vignette outputs
Result: NOTE
    Error in re-building vignettes:
     ...
    Loading required package: coda
    Loading required package: lattice
    Loading required package: Matrix
    Loading required package: splines
    Error in texi2dvi(file = file, pdf = TRUE, clean = clean, quiet = quiet, :
     Running 'texi2dvi' on 'cplm.tex' failed.
    LaTeX errors:
    ! LaTeX Error: File `a4wide.sty' not found.
    
    Type X to quit or <RETURN> to proceed,
    or enter new name. (Default extension: sty)
    
    ./Z.cls:20: ==> Fatal error occurred, no output PDF file produced!
    Calls: buildVignettes -> texi2pdf -> texi2dvi
    Execution halted
Flavor: r-release-osx-x86_64-mavericks