CRAN Package Check Results for Package cplm

Last updated on 2016-09-25 20:47:12.

Flavor Version Tinstall Tcheck Ttotal Status Flags
r-devel-linux-x86_64-debian-clang 0.7-4 6.46 59.00 65.45 OK
r-devel-linux-x86_64-debian-gcc 0.7-4 6.38 57.73 64.11 OK
r-devel-linux-x86_64-fedora-clang 0.7-4 132.55 OK
r-devel-linux-x86_64-fedora-gcc 0.7-4 127.23 OK
r-devel-macos-x86_64-clang 0.7-4 99.70 OK
r-devel-windows-ix86+x86_64 0.7-4 20.00 183.00 203.00 OK
r-patched-linux-x86_64 0.7-4 6.69 58.92 65.61 OK
r-patched-solaris-sparc 0.7-4 760.00 OK
r-patched-solaris-x86 0.7-4 162.60 OK
r-release-linux-x86_64 0.7-4 6.27 58.10 64.37 OK
r-release-osx-x86_64-mavericks 0.7-4 NOTE
r-release-windows-ix86+x86_64 0.7-4 19.00 121.00 140.00 OK
r-oldrel-windows-ix86+x86_64 0.7-4 29.00 172.00 201.00 OK

Check Details

Version: 0.7-4
Check: re-building of vignette outputs
Result: NOTE
    Error in re-building vignettes:
     ...
    Warning in grepl("(Rerun to get|biblatex.*\\(re\\)run)", readLines(log, :
     input string 253 is invalid in this locale
    Error in texi2dvi(file = file, pdf = TRUE, clean = clean, quiet = quiet, :
     Running 'texi2dvi' on 'cplm.tex' failed.
    LaTeX errors:
    ! LaTeX Error: Missing \begin{document}.
    
    See the LaTeX manual or LaTeX Companion for explanation.
    Type H <return> for immediate help.
     ...
    ! Extra }, or forgotten \endgroup.
    l.18 ...^^NAy<9e>'^^?i<a4><9a>`^^^R-^^V<8b>333<8c><b1><b5><b5><b5>P(<a4><eb>z2<99>D1b}
     }}jj^^J
    I've deleted a group-closing symbol because it seems to be
    spurious, as in `$x}$'. But perhaps the } is legitimate and
    ! Extra }, or forgotten \endgroup.
    l.18 ...^NAy<9e>'^^?i<a4><9a>`^^^R-^^V<8b>333<8c><b1><b5><b5><b5>P(<a4><eb>z2<99>D1b}}
     }jj^^J
    I've deleted a group-closing symbol because it seems to be
    spurious, as in `$x}$'. But perhaps the } is legitimate and
    ! Extra }, or forgotten \endgroup.
    l.18 ...NAy<9e>'^^?i<a4><9a>`^^^R-^^V<8b>333<8c><b1><b5><b5><b5>P(<a4><eb>z2<99>D1b}}}
    
    Calls: buildVignettes -> texi2pdf -> texi2dvi
    Execution halted
Flavor: r-release-osx-x86_64-mavericks