CRAN Package Check Results for Package cplm

Last updated on 2018-04-21 09:49:34 CEST.

Flavor Version Tinstall Tcheck Ttotal Status Flags
r-devel-linux-x86_64-debian-clang 0.7-5 14.25 97.75 112.00 WARN
r-devel-linux-x86_64-debian-gcc 0.7-5 12.87 78.38 91.25 WARN
r-devel-linux-x86_64-fedora-clang 0.7-5 142.67 WARN
r-devel-linux-x86_64-fedora-gcc 0.7-5 138.58 WARN
r-devel-windows-ix86+x86_64 0.7-5 44.00 142.00 186.00 WARN
r-devel-osx-x86_64 0.7-5 WARN
r-patched-linux-x86_64 0.7-5 16.73 96.66 113.39 WARN
r-patched-solaris-x86 0.7-5 193.20 WARN
r-release-linux-x86_64 0.7-5 9.97 104.50 114.47 OK
r-release-windows-ix86+x86_64 0.7-5 35.00 203.00 238.00 OK
r-release-osx-x86_64 0.7-5 NOTE
r-oldrel-windows-ix86+x86_64 0.7-5 35.00 134.00 169.00 OK

Check Details

Version: 0.7-5
Check: whether package can be installed
Result: WARN
    Found the following significant warnings:
     Note: break used in wrong context: no loop is visible
    See ‘/home/hornik/tmp/R.check/r-devel-clang/Work/PKGS/cplm.Rcheck/00install.out’ for details.
    Information on the location(s) of code generating the ‘Note’s can be
    obtained by re-running with environment variable R_KEEP_PKG_SOURCE set
    to ‘yes’.
Flavor: r-devel-linux-x86_64-debian-clang

Version: 0.7-5
Check: whether package can be installed
Result: WARN
    Found the following significant warnings:
     Note: break used in wrong context: no loop is visible
    See ‘/home/hornik/tmp/R.check/r-devel-gcc/Work/PKGS/cplm.Rcheck/00install.out’ for details.
    Information on the location(s) of code generating the ‘Note’s can be
    obtained by re-running with environment variable R_KEEP_PKG_SOURCE set
    to ‘yes’.
Flavor: r-devel-linux-x86_64-debian-gcc

Version: 0.7-5
Check: whether package can be installed
Result: WARN
    Found the following significant warnings:
     Note: break used in wrong context: no loop is visible
    See ‘/data/gannet/ripley/R/packages/tests-clang/cplm.Rcheck/00install.out’ for details.
    Information on the location(s) of code generating the ‘Note’s can be
    obtained by re-running with environment variable R_KEEP_PKG_SOURCE set
    to ‘yes’.
Flavor: r-devel-linux-x86_64-fedora-clang

Version: 0.7-5
Check: whether package can be installed
Result: WARN
    Found the following significant warnings:
     Note: break used in wrong context: no loop is visible
    See ‘/data/gannet/ripley/R/packages/tests-devel/cplm.Rcheck/00install.out’ for details.
    Information on the location(s) of code generating the ‘Note’s can be
    obtained by re-running with environment variable R_KEEP_PKG_SOURCE set
    to ‘yes’.
Flavor: r-devel-linux-x86_64-fedora-gcc

Version: 0.7-5
Check: whether package can be installed
Result: WARN
    Found the following significant warnings:
     Note: break used in wrong context: no loop is visible
    See 'd:/Rcompile/CRANpkg/local/3.5/cplm.Rcheck/00install.out' for details.
    Information on the location(s) of code generating the 'Note's can be
    obtained by re-running with environment variable R_KEEP_PKG_SOURCE set
    to 'yes'.
Flavor: r-devel-windows-ix86+x86_64

Version: 0.7-5
Check: whether package can be installed
Result: WARN
    Found the following significant warnings:
     Note: break used in wrong context: no loop is visible
    See ‘/Volumes/SSD-Data/Builds/R-dev-web/QA/Simon/packages/el-capitan-x86_64/results/3.5/cplm.Rcheck/00install.out’ for details.
    Information on the location(s) of code generating the ‘Note’s can be
    obtained by re-running with environment variable R_KEEP_PKG_SOURCE set
    to ‘yes’.
Flavor: r-devel-osx-x86_64

Version: 0.7-5
Check: whether package can be installed
Result: WARN
    Found the following significant warnings:
     Note: break used in wrong context: no loop is visible
    See ‘/home/hornik/tmp/R.check/r-patched-gcc/Work/PKGS/cplm.Rcheck/00install.out’ for details.
    Information on the location(s) of code generating the ‘Note’s can be
    obtained by re-running with environment variable R_KEEP_PKG_SOURCE set
    to ‘yes’.
Flavor: r-patched-linux-x86_64

Version: 0.7-5
Check: whether package can be installed
Result: WARN
    Found the following significant warnings:
     Note: break used in wrong context: no loop is visible
    See ‘/home/ripley/R/packages/tests32/cplm.Rcheck/00install.out’ for details.
    Information on the location(s) of code generating the ‘Note’s can be
    obtained by re-running with environment variable R_KEEP_PKG_SOURCE set
    to ‘yes’.
Flavor: r-patched-solaris-x86

Version: 0.7-5
Check: re-building of vignette outputs
Result: NOTE
    Error in re-building vignettes:
     ...
    Loading required package: coda
    Loading required package: Matrix
    Loading required package: splines
    Error in texi2dvi(file = file, pdf = TRUE, clean = clean, quiet = quiet, :
     Running 'texi2dvi' on 'cplm.tex' failed.
    LaTeX errors:
    ! LaTeX Error: File `a4wide.sty' not found.
    
    Type X to quit or <RETURN> to proceed,
    or enter new name. (Default extension: sty)
    
    ! Emergency stop.
    <read *>
    
    l.20 \RequirePackage
     [T1]{fontenc}^^M
    ! ==> Fatal error occurred, no output PDF file produced!
    Calls: buildVignettes -> texi2pdf -> texi2dvi
    Execution halted
Flavor: r-release-osx-x86_64