CRAN Package Check Results for Package cplm

Last updated on 2017-10-17 02:48:27.

Flavor Version Tinstall Tcheck Ttotal Status Flags
r-devel-linux-x86_64-debian-clang 0.7-5 6.90 65.26 72.15 OK
r-devel-linux-x86_64-debian-gcc 0.7-5 7.75 68.95 76.70 OK
r-devel-linux-x86_64-fedora-clang 0.7-5 156.21 OK
r-devel-linux-x86_64-fedora-gcc 0.7-5 160.25 OK
r-devel-windows-ix86+x86_64 0.7-5 22.00 143.00 165.00 OK
r-patched-linux-x86_64 0.7-5 6.90 64.33 71.23 OK
r-patched-solaris-x86 0.7-5 198.00 OK
r-release-linux-x86_64 0.7-5 6.88 64.61 71.50 OK
r-release-windows-ix86+x86_64 0.7-5 38.00 187.00 225.00 OK
r-release-osx-x86_64 0.7-5 NOTE
r-oldrel-windows-ix86+x86_64 0.7-5 30.00 183.00 213.00 OK
r-oldrel-osx-x86_64 0.7-5 NOTE

Additional issues

rchk

Check Details

Version: 0.7-5
Check: re-building of vignette outputs
Result: NOTE
    Error in re-building vignettes:
     ...
    Loading required package: coda
    Loading required package: Matrix
    Loading required package: splines
    Error in texi2dvi(file = file, pdf = TRUE, clean = clean, quiet = quiet, :
     Running 'texi2dvi' on 'cplm.tex' failed.
    LaTeX errors:
    ! LaTeX Error: File `a4wide.sty' not found.
    
    Type X to quit or <RETURN> to proceed,
    or enter new name. (Default extension: sty)
    
    ! Emergency stop.
    <read *>
    
    l.20 \RequirePackage
     [T1]{fontenc}^^M
    ! ==> Fatal error occurred, no output PDF file produced!
    Calls: buildVignettes -> texi2pdf -> texi2dvi
    Execution halted
Flavor: r-release-osx-x86_64

Version: 0.7-5
Check: re-building of vignette outputs
Result: NOTE
    Error in re-building vignettes:
     ...
    Warning in grepl("(Rerun to get|biblatex.*\\(re\\)run)", readLines(log, :
     input string 238 is invalid in this locale
    Warning in grepl("(Rerun to get|biblatex.*\\(re\\)run)", readLines(log, :
     input string 244 is invalid in this locale
    Error in texi2dvi(file = file, pdf = TRUE, clean = clean, quiet = quiet, :
     Running 'texi2dvi' on 'cplm.tex' failed.
    LaTeX errors:
    ! Undefined control sequence.
    l.15 ...<cb>^^L<8e><0b><99><98>y<8b>#<8e><a6><98><d8>^^Fl^^By><b2><ac><f1>̹^^_g~<f7>|<dc>s<8f><db>\<d7>
     <85><97><97><da>_<f4>^^D<9a>K-<f1><8e>3<b5><c4>;<ce><d4>^^R<ef>8<d3>...
    The control sequence at the end of the top line
    of your error message was never \def'ed. If you have
    ! LaTeX Error: Missing \begin{document}.
    
    See the LaTeX manual or LaTeX Companion for explanation.
    Type H <return> for immediate help.
     ...
    ! Extra }, or forgotten \endgroup.
    l.15 ...}<f6><d9>g<a3><a3><a3>B<88><c5><c5>ť<a5><a5>|>^^?<f9><f2>e|<a4>i^^Zʃ<bd><fd><f0><c3>^^O^^_}
     <f4><91><a6>i׮]<db><c3>tݽS.<97><ab><f2><f4><c1><83>^^G<fb><e8><b3>...
    I've deleted a group-closing symbol because it seems to be
    spurious, as in `$x}$'. But perhaps the } is legitimate and
    ! Missing $ in
    Calls: buildVignettes -> texi2pdf -> texi2dvi
    Execution halted
Flavor: r-oldrel-osx-x86_64