CRAN Package Check Results for Package cplm

Last updated on 2016-02-09 12:47:34.

Flavor Version Tinstall Tcheck Ttotal Status Flags
r-devel-linux-x86_64-debian-gcc 0.7-4 6.66 60.66 67.32 OK
r-devel-linux-x86_64-fedora-clang 0.7-4 133.74 OK
r-devel-linux-x86_64-fedora-gcc 0.7-4 132.47 OK
r-devel-osx-x86_64-clang 0.7-4 136.69 OK
r-devel-windows-ix86+x86_64 0.7-4 30.00 116.00 146.00 OK
r-patched-linux-x86_64 0.7-4 7.51 64.87 72.38 OK
r-patched-solaris-sparc 0.7-4 835.60 OK
r-patched-solaris-x86 0.7-4 177.10 OK
r-release-linux-x86_64 0.7-4 7.41 65.12 72.53 OK
r-release-osx-x86_64-mavericks 0.7-4 NOTE
r-release-windows-ix86+x86_64 0.7-4 29.00 119.00 148.00 OK
r-oldrel-windows-ix86+x86_64 0.7-4 43.00 255.00 298.00 OK

Check Details

Version: 0.7-4
Check: re-building of vignette outputs
Result: NOTE
    Error in re-building vignettes:
     ...
    Loading required package: Matrix
    Loading required package: splines
    Error in texi2dvi(file = file, pdf = TRUE, clean = clean, quiet = quiet, :
     Running 'texi2dvi' on 'cplm.tex' failed.
    LaTeX errors:
    ! LaTeX Error: Missing \begin{document}.
    
    See the LaTeX manual or LaTeX Companion for explanation.
    Type H <return> for immediate help.
     ...
    ! Extra }, or forgotten \endgroup.
    l.18 ...^^NAy<9e>'^^?i<a4><9a>`^^^R-^^V<8b>333<8c><b1><b5><b5><b5>P(<a4><eb>z2<99>D1b}
     }}jj^^J
    I've deleted a group-closing symbol because it seems to be
    spurious, as in `$x}$'. But perhaps the } is legitimate and
    ! Extra }, or forgotten \endgroup.
    l.18 ...^NAy<9e>'^^?i<a4><9a>`^^^R-^^V<8b>333<8c><b1><b5><b5><b5>P(<a4><eb>z2<99>D1b}}
     }jj^^J
    I've deleted a group-closing symbol because it seems to be
    spurious, as in `$x}$'. But perhaps the } is legitimate and
    ! Extra }, or forgotten \endgroup.
    l.18 ...NAy<9e>'^^?i<a4><9a>`^^^R-^^V<8b>333<8c><b1><b5><b5><b5>P(<a4><eb>z2<99>D1b}}}
    
    Calls: buildVignettes -> texi2pdf -> texi2dvi
    Execution halted
Flavor: r-release-osx-x86_64-mavericks