CRAN Package Check Results for Package cplm

Last updated on 2015-03-28 11:49:10.

Flavor Version Tinstall Tcheck Ttotal Status Flags
r-devel-linux-x86_64-debian-clang 0.7-2 6.20 61.40 67.60 NOTE
r-devel-linux-x86_64-debian-gcc 0.7-2 6.53 61.00 67.53 NOTE
r-devel-linux-x86_64-fedora-clang 0.7-2 143.74 NOTE
r-devel-linux-x86_64-fedora-gcc 0.7-2 133.90 NOTE
r-devel-osx-x86_64-clang 0.7-2 135.13 NOTE
r-prerel-windows-ix86+x86_64 0.7-2 25.00 117.00 142.00 NOTE
r-prerel-linux-x86_64 0.7-2 6.53 61.10 67.63 NOTE
r-prerel-solaris-sparc 0.7-2 874.20 NOTE
r-prerel-solaris-x86 0.7-2 182.80 NOTE
r-release-linux-x86_64 0.7-2 8.36 82.05 90.41 NOTE
r-release-osx-x86_64-mavericks 0.7-2 NOTE
r-release-osx-x86_64-snowleopard 0.7-2 OK
r-release-windows-ix86+x86_64 0.7-2 27.00 162.00 189.00 NOTE
r-oldrel-windows-ix86+x86_64 0.7-2 29.00 156.00 185.00 OK

Check Details

Version: 0.7-2
Check: dependencies in R code
Result: NOTE
    Package in Depends field not imported from: ‘splines’
     These packages need to be imported from (in the NAMESPACE file)
     for when this namespace is loaded but not attached.
Flavors: r-devel-linux-x86_64-debian-clang, r-devel-linux-x86_64-debian-gcc, r-devel-linux-x86_64-fedora-clang, r-devel-linux-x86_64-fedora-gcc, r-devel-osx-x86_64-clang, r-prerel-windows-ix86+x86_64, r-prerel-linux-x86_64, r-prerel-solaris-sparc, r-prerel-solaris-x86, r-release-linux-x86_64, r-release-windows-ix86+x86_64

Version: 0.7-2
Check: R code for possible problems
Result: NOTE
    bsp: no visible global function definition for ‘spline.des’
Flavors: r-devel-linux-x86_64-debian-clang, r-devel-linux-x86_64-debian-gcc, r-devel-linux-x86_64-fedora-clang, r-devel-linux-x86_64-fedora-gcc, r-devel-osx-x86_64-clang, r-prerel-windows-ix86+x86_64, r-prerel-linux-x86_64, r-prerel-solaris-sparc, r-prerel-solaris-x86, r-release-linux-x86_64, r-release-osx-x86_64-mavericks, r-release-windows-ix86+x86_64

Version: 0.7-2
Check: dependencies in R code
Result: NOTE
    Package in Depends field not imported from: ‘splines’
     These packages need to be imported from (in the NAMESPACE file)
     for when this namespace is loaded but not attached.
    See the information on DESCRIPTION files in the chapter ‘Creating R
    packages’ of the ‘Writing R Extensions’ manual.
Flavor: r-release-osx-x86_64-mavericks

Version: 0.7-2
Check: re-building of vignette outputs
Result: NOTE
    Error in re-building vignettes:
     ...
    Loading required package: coda
    Loading required package: lattice
    Loading required package: Matrix
    Loading required package: splines
    Error in texi2dvi(file = file, pdf = TRUE, clean = clean, quiet = quiet, :
     Running 'texi2dvi' on 'cplm.tex' failed.
    LaTeX errors:
    ! Undefined control sequence.
    l.20 ...t^^Z^^A:^^V<8b>^^Q<91>mۦi<e2><c2><9d><cd>^^\")鈡<f4>^^F^^Y<ed>\K
     "<91>8<b2>u<bc> t]^^?<9d>sz˕<b3><bf>q<cf>
    The control sequence at the end of the top line
    of your error message was never \def'ed. If you have
    ! Undefined control sequence.
    l.21 ...+++<91>H$<9b><cd>^^Z<86><c1>^^XC~<d3>:<b6>V<ab>y<bd>^<bc><91>1<f6><f8><f1><e3>^^[7nt\so
     <a4>ק<8c><f1><cd>ѕ<f4><90>"<d6>j5UU+<95>^^J
    The control sequence at the end of the top line
    of your error message was never \def'ed. If you have
    ! Undefined control sequence.
    l.23 ...v<b4><88><a1><e7>l<96>m<9b><9b><9b>><9f>^^O~L<92>$<ce><f9><f3><e7><cf>#<91>^^H4'<97>˝;w<ce><e3><f1>\<be>
     |Y<e8>R0^^X\__<87>`<e7><e6><e6>l<db><f6>z<bd><9a><a6><a9><aa>^^J
    The control sequence at the end of the top line
    of your erro
    Calls: buildVignettes -> texi2pdf -> texi2dvi
    Execution halted
Flavor: r-release-osx-x86_64-mavericks