CRAN Package Check Results for Package cplm

Last updated on 2015-08-28 06:47:12.

Flavor Version Tinstall Tcheck Ttotal Status Flags
r-devel-linux-x86_64-debian-clang 0.7-4 6.07 62.89 68.96 OK
r-devel-linux-x86_64-debian-gcc 0.7-4 6.74 61.22 67.96 OK
r-devel-linux-x86_64-fedora-clang 0.7-4 142.33 OK
r-devel-linux-x86_64-fedora-gcc 0.7-4 138.30 OK
r-devel-osx-x86_64-clang 0.7-4 115.45 OK
r-devel-windows-ix86+x86_64 0.7-4 39.00 124.00 163.00 OK
r-patched-linux-x86_64 0.7-4 6.88 66.68 73.56 OK
r-patched-solaris-sparc 0.7-4 825.80 OK
r-patched-solaris-x86 0.7-4 160.00 OK
r-release-linux-x86_64 0.7-4 7.08 64.19 71.28 OK
r-release-osx-x86_64-mavericks 0.7-4 NOTE
r-release-windows-ix86+x86_64 0.7-4 37.00 140.00 177.00 OK
r-oldrel-windows-ix86+x86_64 0.7-4 43.00 185.00 228.00 OK

Check Details

Version: 0.7-4
Check: re-building of vignette outputs
Result: NOTE
    Error in re-building vignettes:
     ...
    Loading required package: Matrix
    Loading required package: splines
    Error in texi2dvi(file = file, pdf = TRUE, clean = clean, quiet = quiet, :
     Running 'texi2dvi' on 'cplm.tex' failed.
    LaTeX errors:
    ! LaTeX Error: Missing \begin{document}.
    
    See the LaTeX manual or LaTeX Companion for explanation.
    Type H <return> for immediate help.
     ...
    ! Extra }, or forgotten \endgroup.
    l.18 ...^^NAy<9e>'^^?i<a4><9a>`^^^R-^^V<8b>333<8c><b1><b5><b5><b5>P(<a4><eb>z2<99>D1b}
     }}jj^^J
    I've deleted a group-closing symbol because it seems to be
    spurious, as in `$x}$'. But perhaps the } is legitimate and
    ! Extra }, or forgotten \endgroup.
    l.18 ...^NAy<9e>'^^?i<a4><9a>`^^^R-^^V<8b>333<8c><b1><b5><b5><b5>P(<a4><eb>z2<99>D1b}}
     }jj^^J
    I've deleted a group-closing symbol because it seems to be
    spurious, as in `$x}$'. But perhaps the } is legitimate and
    ! Extra }, or forgotten \endgroup.
    l.18 ...NAy<9e>'^^?i<a4><9a>`^^^R-^^V<8b>333<8c><b1><b5><b5><b5>P(<a4><eb>z2<99>D1b}}}
    
    Calls: buildVignettes -> texi2pdf -> texi2dvi
    Execution halted
Flavor: r-release-osx-x86_64-mavericks