CRAN Package Check Results for Package cplm

Last updated on 2014-08-20 23:46:35.

Flavor Version Tinstall Tcheck Ttotal Status Flags
r-devel-linux-x86_64-debian-clang 0.7-2 7.51 80.24 87.75 NOTE
r-devel-linux-x86_64-debian-gcc 0.7-2 8.18 77.80 85.97 NOTE
r-devel-linux-x86_64-fedora-clang 0.7-2 210.84 NOTE
r-devel-linux-x86_64-fedora-gcc 0.7-2 196.38 NOTE
r-devel-osx-x86_64-clang 0.7-2 161.51 NOTE
r-devel-windows-ix86+x86_64 0.7-2 26.00 144.00 170.00 NOTE
r-patched-linux-x86_64 0.7-2 8.38 81.03 89.41 NOTE
r-patched-solaris-sparc 0.7-2 1099.00 NOTE
r-patched-solaris-x86 0.7-2 257.60 NOTE
r-release-linux-ix86 0.7-2 10.24 97.34 107.57 OK
r-release-linux-x86_64 0.7-2 8.44 79.89 88.34 OK
r-release-osx-x86_64-mavericks 0.7-2 NOTE
r-release-osx-x86_64-snowleopard 0.7-2 OK
r-release-windows-ix86+x86_64 0.7-2 26.00 156.00 182.00 OK
r-oldrel-windows-ix86+x86_64 0.7-2 25.00 156.00 181.00 OK

Check Details

Version: 0.7-2
Check: dependencies in R code
Result: NOTE
    Package in Depends field not imported from: ‘splines’
     These packages need to be imported from (in the NAMESPACE file)
     for when this namespace is loaded but not attached.
    See the information on DESCRIPTION files in the chapter ‘Creating R
    packages’ of the ‘Writing R Extensions’ manual.
Flavors: r-devel-linux-x86_64-debian-clang, r-devel-linux-x86_64-debian-gcc, r-devel-linux-x86_64-fedora-clang, r-devel-linux-x86_64-fedora-gcc, r-devel-osx-x86_64-clang, r-devel-windows-ix86+x86_64, r-patched-linux-x86_64, r-patched-solaris-sparc, r-patched-solaris-x86

Version: 0.7-2
Check: R code for possible problems
Result: NOTE
    bsp: no visible global function definition for ‘spline.des’
Flavors: r-devel-linux-x86_64-fedora-clang, r-devel-linux-x86_64-fedora-gcc, r-devel-osx-x86_64-clang

Version: 0.7-2
Check: re-building of vignette outputs
Result: NOTE
    Error in re-building vignettes:
     ...
    Loading required package: coda
    Loading required package: lattice
    Loading required package: Matrix
    Loading required package: splines
    Error in texi2dvi(file = file, pdf = TRUE, clean = clean, quiet = quiet, :
     Running 'texi2dvi' on 'cplm.tex' failed.
    LaTeX errors:
    ! LaTeX Error: File `a4wide.sty' not found.
    
    Type X to quit or <RETURN> to proceed,
    or enter new name. (Default extension: sty)
    
    ./Z.cls:20: ==> Fatal error occurred, no output PDF file produced!
    Calls: buildVignettes -> texi2pdf -> texi2dvi
    Execution halted
Flavor: r-release-osx-x86_64-mavericks