CRAN Package Check Results for Package cpm

Last updated on 2018-09-20 16:49:50 CEST.

Flavor Version Tinstall Tcheck Ttotal Status Flags
r-devel-linux-x86_64-debian-clang 2.2 25.75 25.61 51.36 NOTE
r-devel-linux-x86_64-debian-gcc 2.2 126.86 20.71 147.57 OK
r-devel-linux-x86_64-fedora-clang 2.2 76.48 NOTE
r-devel-linux-x86_64-fedora-gcc 2.2 234.49 NOTE
r-devel-windows-ix86+x86_64 2.2 149.00 56.00 205.00 OK
r-patched-linux-x86_64 2.2 128.01 23.90 151.91 NOTE
r-patched-solaris-x86 2.2 996.30 OK
r-release-linux-x86_64 2.2 129.83 24.23 154.06 NOTE
r-release-windows-ix86+x86_64 2.2 186.00 54.00 240.00 OK
r-release-osx-x86_64 2.2 OK
r-oldrel-windows-ix86+x86_64 2.2 149.00 51.00 200.00 OK
r-oldrel-osx-x86_64 2.2 OK

Check Details

Version: 2.2
Check: compiled code
Result: NOTE
    File ‘cpm/libs/cpm.so’:
     Found no calls to: ‘R_registerRoutines’, ‘R_useDynamicSymbols’
    
    It is good practice to register native routines and to disable symbol
    search.
    
    See ‘Writing portable packages’ in the ‘Writing R Extensions’ manual.
Flavors: r-devel-linux-x86_64-debian-clang, r-devel-linux-x86_64-fedora-clang, r-devel-linux-x86_64-fedora-gcc, r-patched-linux-x86_64, r-release-linux-x86_64