CRAN Package Check Results for Package cpm

Last updated on 2019-02-16 21:47:21 CET.

Flavor Version Tinstall Tcheck Ttotal Status Flags
r-devel-linux-x86_64-debian-clang 2.2 25.50 26.46 51.96 OK
r-devel-linux-x86_64-debian-gcc 2.2 117.39 20.79 138.18 OK
r-devel-linux-x86_64-fedora-clang 2.2 75.62 NOTE
r-devel-linux-x86_64-fedora-gcc 2.2 240.82 NOTE
r-devel-windows-ix86+x86_64 2.2 148.00 56.00 204.00 OK
r-patched-linux-x86_64 2.2 112.18 24.04 136.22 OK
r-patched-solaris-x86 2.2 1104.50 OK
r-release-linux-x86_64 2.2 OK
r-release-windows-ix86+x86_64 2.2 150.00 57.00 207.00 OK
r-release-osx-x86_64 2.2 OK
r-oldrel-windows-ix86+x86_64 2.2 145.00 56.00 201.00 OK
r-oldrel-osx-x86_64 2.2 OK

Check Details

Version: 2.2
Check: compiled code
Result: NOTE
    File ‘cpm/libs/cpm.so’:
     Found no calls to: ‘R_registerRoutines’, ‘R_useDynamicSymbols’
    
    It is good practice to register native routines and to disable symbol
    search.
    
    See ‘Writing portable packages’ in the ‘Writing R Extensions’ manual.
Flavors: r-devel-linux-x86_64-fedora-clang, r-devel-linux-x86_64-fedora-gcc