CRAN Package Check Results for Package cpm

Last updated on 2018-11-21 12:51:05 CET.

Flavor Version Tinstall Tcheck Ttotal Status Flags
r-devel-linux-x86_64-debian-clang 2.2 24.71 25.61 50.32 OK
r-devel-linux-x86_64-debian-gcc 2.2 129.69 20.59 150.28 OK
r-devel-linux-x86_64-fedora-clang 2.2 73.72 NOTE
r-devel-linux-x86_64-fedora-gcc 2.2 236.19 NOTE
r-devel-windows-ix86+x86_64 2.2 186.00 57.00 243.00 OK
r-patched-linux-x86_64 2.2 128.46 24.10 152.56 OK
r-patched-solaris-x86 2.2 1294.20 OK
r-release-linux-x86_64 2.2 126.58 24.19 150.77 OK
r-release-windows-ix86+x86_64 2.2 186.00 54.00 240.00 OK
r-release-osx-x86_64 2.2 OK
r-oldrel-windows-ix86+x86_64 2.2 145.00 56.00 201.00 OK
r-oldrel-osx-x86_64 2.2 OK

Check Details

Version: 2.2
Check: compiled code
Result: NOTE
    File ‘cpm/libs/cpm.so’:
     Found no calls to: ‘R_registerRoutines’, ‘R_useDynamicSymbols’
    
    It is good practice to register native routines and to disable symbol
    search.
    
    See ‘Writing portable packages’ in the ‘Writing R Extensions’ manual.
Flavors: r-devel-linux-x86_64-fedora-clang, r-devel-linux-x86_64-fedora-gcc