CRAN Package Check Results for Package cpm

Last updated on 2018-06-25 09:46:33 CEST.

Flavor Version Tinstall Tcheck Ttotal Status Flags
r-devel-linux-x86_64-debian-clang 2.2 24.34 23.56 47.90 NOTE
r-devel-linux-x86_64-debian-gcc 2.2 109.89 20.19 130.08 NOTE
r-devel-linux-x86_64-fedora-clang 2.2 70.76 NOTE
r-devel-linux-x86_64-fedora-gcc 2.2 179.86 NOTE
r-devel-windows-ix86+x86_64 2.2 189.00 56.00 245.00 OK
r-patched-linux-x86_64 2.2 111.15 24.00 135.15 NOTE
r-patched-solaris-x86 2.2 1238.50 OK
r-release-linux-x86_64 2.2 117.73 24.21 141.94 NOTE
r-release-windows-ix86+x86_64 2.2 186.00 54.00 240.00 OK
r-release-osx-x86_64 2.2 OK
r-oldrel-windows-ix86+x86_64 2.2 149.00 51.00 200.00 OK
r-oldrel-osx-x86_64 2.2 OK

Check Details

Version: 2.2
Check: compiled code
Result: NOTE
    File ‘cpm/libs/cpm.so’:
     Found no calls to: ‘R_registerRoutines’, ‘R_useDynamicSymbols’
    
    It is good practice to register native routines and to disable symbol
    search.
    
    See ‘Writing portable packages’ in the ‘Writing R Extensions’ manual.
Flavors: r-devel-linux-x86_64-debian-clang, r-devel-linux-x86_64-debian-gcc, r-devel-linux-x86_64-fedora-clang, r-devel-linux-x86_64-fedora-gcc, r-patched-linux-x86_64, r-release-linux-x86_64