CRAN Package Check Results for Package cqcr

Last updated on 2022-05-19 03:55:53 CEST.

Flavor Version Tinstall Tcheck Ttotal Status Flags
r-devel-linux-x86_64-debian-clang 0.1.2 2.68 39.48 42.16 NOTE
r-devel-linux-x86_64-debian-gcc 0.1.2 1.54 29.78 31.32 NOTE
r-devel-linux-x86_64-fedora-clang 0.1.2 50.04 NOTE
r-devel-linux-x86_64-fedora-gcc 0.1.2 48.53 NOTE
r-devel-windows-x86_64 0.1.2 17.00 61.00 78.00 NOTE
r-patched-linux-x86_64 0.1.2 2.38 37.45 39.83 NOTE
r-release-linux-x86_64 0.1.2 1.99 37.89 39.88 NOTE
r-release-macos-arm64 0.1.2 16.00 NOTE
r-release-macos-x86_64 0.1.2 34.00 NOTE
r-release-windows-x86_64 0.1.2 24.00 60.00 84.00 NOTE
r-oldrel-macos-arm64 0.1.2 40.00 NOTE
r-oldrel-macos-x86_64 0.1.2 34.00 NOTE
r-oldrel-windows-ix86+x86_64 0.1.2 8.00 55.00 63.00 NOTE

Check Details

Version: 0.1.2
Check: LazyData
Result: NOTE
     'LazyData' is specified without a 'data' directory
Flavors: r-devel-linux-x86_64-debian-clang, r-devel-linux-x86_64-debian-gcc, r-devel-linux-x86_64-fedora-clang, r-devel-linux-x86_64-fedora-gcc, r-devel-windows-x86_64, r-patched-linux-x86_64, r-release-linux-x86_64, r-release-macos-arm64, r-release-macos-x86_64, r-release-windows-x86_64, r-oldrel-macos-arm64, r-oldrel-macos-x86_64, r-oldrel-windows-ix86+x86_64