CRAN Package Check Results for Package cramer

Last updated on 2016-02-06 07:47:49.

Flavor Version Tinstall Tcheck Ttotal Status Flags
r-devel-linux-x86_64-debian-gcc 0.9-1 0.49 8.27 8.76 NOTE
r-devel-linux-x86_64-fedora-clang 0.9-1 16.01 NOTE
r-devel-linux-x86_64-fedora-gcc 0.9-1 15.73 NOTE
r-devel-osx-x86_64-clang 0.9-1 18.42 NOTE
r-devel-windows-ix86+x86_64 0.9-1 3.00 19.00 22.00 NOTE
r-patched-linux-x86_64 0.9-1 0.54 8.93 9.47 NOTE
r-patched-solaris-sparc 0.9-1 105.70 NOTE
r-patched-solaris-x86 0.9-1 23.40 NOTE
r-release-linux-x86_64 0.9-1 0.59 8.99 9.58 NOTE
r-release-osx-x86_64-mavericks 0.9-1 OK
r-release-windows-ix86+x86_64 0.9-1 3.00 17.00 20.00 OK
r-oldrel-windows-ix86+x86_64 0.9-1 4.00 21.00 25.00 OK

Check Details

Version: 0.9-1
Check: S3 generic/method consistency
Result: NOTE
    Found the following apparent S3 methods exported but not registered:
     print.cramertest
    See section ‘Registering S3 methods’ in the ‘Writing R Extensions’
    manual.
Flavors: r-devel-linux-x86_64-debian-gcc, r-devel-linux-x86_64-fedora-clang, r-devel-linux-x86_64-fedora-gcc, r-devel-osx-x86_64-clang, r-patched-linux-x86_64, r-patched-solaris-sparc, r-patched-solaris-x86, r-release-linux-x86_64

Version: 0.9-1
Check: R code for possible problems
Result: NOTE
    .cramer.kritwertfft: no visible global function definition for ‘fft’
    Undefined global functions or variables:
     fft
    Consider adding
     importFrom("stats", "fft")
    to your NAMESPACE.
Flavors: r-devel-linux-x86_64-debian-gcc, r-devel-linux-x86_64-fedora-clang, r-devel-linux-x86_64-fedora-gcc, r-devel-windows-ix86+x86_64