CRAN Package Check Results for Package cramer

Last updated on 2015-05-26 11:48:27.

Flavor Version Tinstall Tcheck Ttotal Status Flags
r-devel-linux-x86_64-debian-clang 0.9-1 0.52 9.23 9.75 NOTE
r-devel-linux-x86_64-debian-gcc 0.9-1 0.50 8.88 9.38 NOTE
r-devel-linux-x86_64-fedora-clang 0.9-1 18.76 NOTE
r-devel-linux-x86_64-fedora-gcc 0.9-1 17.19 NOTE
r-devel-osx-x86_64-clang 0.9-1 21.83 NOTE
r-devel-windows-ix86+x86_64 0.9-1 3.00 16.00 19.00 OK
r-patched-linux-x86_64 0.9-1 0.49 9.04 9.53 NOTE
r-patched-solaris-sparc 0.9-1 121.90 NOTE
r-patched-solaris-x86 0.9-1 27.90 NOTE
r-release-linux-x86_64 0.9-1 0.49 9.09 9.58 NOTE
r-release-osx-x86_64-mavericks 0.9-1 OK
r-release-osx-x86_64-snowleopard 0.9-1 OK
r-release-windows-ix86+x86_64 0.9-1 3.00 17.00 20.00 OK
r-oldrel-windows-ix86+x86_64 0.9-1 3.00 28.00 31.00 OK

Check Details

Version: 0.9-1
Check: S3 generic/method consistency
Result: NOTE
    Found the following apparent S3 methods exported but not registered:
     print.cramertest
    See section ‘Registering S3 methods’ in the ‘Writing R Extensions’
    manual.
Flavors: r-devel-linux-x86_64-debian-clang, r-devel-linux-x86_64-debian-gcc, r-devel-linux-x86_64-fedora-clang, r-devel-linux-x86_64-fedora-gcc, r-devel-osx-x86_64-clang, r-patched-linux-x86_64, r-patched-solaris-sparc, r-patched-solaris-x86, r-release-linux-x86_64