CRAN Package Check Results for Package cramer

Last updated on 2015-07-06 14:48:30.

Flavor Version Tinstall Tcheck Ttotal Status Flags
r-devel-linux-x86_64-debian-clang 0.9-1 0.49 8.90 9.39 NOTE
r-devel-linux-x86_64-debian-gcc 0.9-1 0.53 8.66 9.19 NOTE
r-devel-linux-x86_64-fedora-clang 0.9-1 17.58 NOTE
r-devel-linux-x86_64-fedora-gcc 0.9-1 16.26 NOTE
r-devel-osx-x86_64-clang 0.9-1 18.13 NOTE
r-devel-windows-ix86+x86_64 0.9-1 4.00 24.00 28.00 NOTE
r-patched-linux-x86_64 0.9-1 0.53 9.01 9.54 NOTE
r-patched-solaris-sparc 0.9-1 121.90 NOTE
r-patched-solaris-x86 0.9-1 27.90 NOTE
r-release-linux-x86_64 0.9-1 0.57 9.11 9.68 NOTE
r-release-osx-x86_64-mavericks 0.9-1 OK
r-release-windows-ix86+x86_64 0.9-1 3.00 16.00 19.00 OK
r-oldrel-windows-ix86+x86_64 0.9-1 4.00 30.00 34.00 OK

Check Details

Version: 0.9-1
Check: S3 generic/method consistency
Result: NOTE
    Found the following apparent S3 methods exported but not registered:
     print.cramertest
    See section ‘Registering S3 methods’ in the ‘Writing R Extensions’
    manual.
Flavors: r-devel-linux-x86_64-debian-clang, r-devel-linux-x86_64-debian-gcc, r-devel-linux-x86_64-fedora-clang, r-devel-linux-x86_64-fedora-gcc, r-devel-osx-x86_64-clang, r-patched-linux-x86_64, r-patched-solaris-sparc, r-patched-solaris-x86, r-release-linux-x86_64

Version: 0.9-1
Check: R code for possible problems
Result: NOTE
    .cramer.kritwertfft: no visible global function definition for ‘fft’
    Undefined global functions or variables:
     fft
Flavors: r-devel-linux-x86_64-debian-clang, r-devel-linux-x86_64-debian-gcc, r-devel-linux-x86_64-fedora-clang, r-devel-linux-x86_64-fedora-gcc, r-devel-windows-ix86+x86_64