CRAN Package Check Results for Package cramer

Last updated on 2017-06-26 02:47:23.

Flavor Version Tinstall Tcheck Ttotal Status Flags
r-devel-linux-x86_64-debian-clang 0.9-1 0.55 11.46 12.01 NOTE
r-devel-linux-x86_64-debian-gcc 0.9-1 0.54 11.03 11.57 NOTE
r-devel-linux-x86_64-fedora-clang 0.9-1 18.96 NOTE
r-devel-linux-x86_64-fedora-gcc 0.9-1 17.80 NOTE
r-devel-windows-ix86+x86_64 0.9-1 3.00 35.00 38.00 NOTE
r-patched-linux-x86_64 0.9-1 0.59 11.52 12.11 NOTE
r-patched-solaris-sparc 0.9-1 118.00 NOTE
r-patched-solaris-x86 0.9-1 26.90 NOTE
r-release-linux-x86_64 0.9-1 0.60 11.42 12.02 NOTE
r-release-windows-ix86+x86_64 0.9-1 3.00 36.00 39.00 NOTE
r-release-osx-x86_64 0.9-1 NOTE
r-oldrel-windows-ix86+x86_64 0.9-1 2.00 31.00 33.00 NOTE
r-oldrel-osx-x86_64 0.9-1 NOTE

Check Details

Version: 0.9-1
Check: S3 generic/method consistency
Result: NOTE
    Found the following apparent S3 methods exported but not registered:
     print.cramertest
    See section ‘Registering S3 methods’ in the ‘Writing R Extensions’
    manual.
Flavors: r-devel-linux-x86_64-debian-clang, r-devel-linux-x86_64-debian-gcc, r-devel-linux-x86_64-fedora-clang, r-devel-linux-x86_64-fedora-gcc, r-patched-linux-x86_64, r-patched-solaris-sparc, r-patched-solaris-x86, r-release-linux-x86_64

Version: 0.9-1
Check: R code for possible problems
Result: NOTE
    .cramer.kritwertfft: no visible global function definition for ‘fft’
    Undefined global functions or variables:
     fft
    Consider adding
     importFrom("stats", "fft")
    to your NAMESPACE file.
Flavors: r-devel-linux-x86_64-debian-clang, r-devel-linux-x86_64-debian-gcc, r-devel-linux-x86_64-fedora-clang, r-devel-linux-x86_64-fedora-gcc, r-devel-windows-ix86+x86_64, r-patched-linux-x86_64, r-patched-solaris-sparc, r-patched-solaris-x86, r-release-linux-x86_64, r-release-windows-ix86+x86_64, r-release-osx-x86_64, r-oldrel-windows-ix86+x86_64, r-oldrel-osx-x86_64