CRAN Package Check Results for Package cramer

Last updated on 2016-05-05 06:47:12.

Flavor Version Tinstall Tcheck Ttotal Status Flags
r-devel-linux-x86_64-debian-gcc 0.9-1 0.49 9.17 9.66 NOTE
r-devel-linux-x86_64-fedora-clang 0.9-1 16.93 NOTE
r-devel-linux-x86_64-fedora-gcc 0.9-1 15.37 NOTE
r-devel-osx-x86_64-clang 0.9-1 19.77 NOTE
r-devel-windows-ix86+x86_64 0.9-1 3.00 25.00 28.00 NOTE
r-patched-linux-x86_64 0.9-1 0.53 9.06 9.59 NOTE
r-patched-solaris-sparc 0.9-1 93.60 NOTE
r-patched-solaris-x86 0.9-1 22.40 NOTE
r-release-linux-x86_64 0.9-1 0.48 9.10 9.58 NOTE
r-release-osx-x86_64-mavericks 0.9-1 OK
r-release-windows-ix86+x86_64 0.9-1 3.00 25.00 28.00 NOTE
r-oldrel-windows-ix86+x86_64 0.9-1 3.00 32.00 35.00 OK

Check Details

Version: 0.9-1
Check: S3 generic/method consistency
Result: NOTE
    Found the following apparent S3 methods exported but not registered:
     print.cramertest
    See section ‘Registering S3 methods’ in the ‘Writing R Extensions’
    manual.
Flavors: r-devel-linux-x86_64-debian-gcc, r-devel-linux-x86_64-fedora-clang, r-devel-linux-x86_64-fedora-gcc, r-devel-osx-x86_64-clang, r-patched-linux-x86_64, r-patched-solaris-sparc, r-patched-solaris-x86, r-release-linux-x86_64

Version: 0.9-1
Check: R code for possible problems
Result: NOTE
    .cramer.kritwertfft: no visible global function definition for ‘fft’
    Undefined global functions or variables:
     fft
    Consider adding
     importFrom("stats", "fft")
    to your NAMESPACE file.
Flavors: r-devel-linux-x86_64-debian-gcc, r-devel-linux-x86_64-fedora-clang, r-devel-linux-x86_64-fedora-gcc, r-devel-osx-x86_64-clang, r-devel-windows-ix86+x86_64, r-patched-linux-x86_64, r-patched-solaris-sparc, r-patched-solaris-x86, r-release-linux-x86_64, r-release-windows-ix86+x86_64