CRAN Package Check Results for Package cramer

Last updated on 2017-01-18 22:49:47.

Flavor Version Tinstall Tcheck Ttotal Status Flags
r-devel-linux-x86_64-debian-clang 0.9-1 0.60 10.91 11.51 NOTE
r-devel-linux-x86_64-debian-gcc 0.9-1 0.64 11.03 11.67 NOTE
r-devel-linux-x86_64-fedora-clang 0.9-1 18.90 NOTE --no-stop-on-test-error
r-devel-linux-x86_64-fedora-gcc 0.9-1 17.75 NOTE --no-stop-on-test-error
r-devel-macos-x86_64-clang 0.9-1 17.15 NOTE --no-stop-on-test-error
r-devel-windows-ix86+x86_64 0.9-1 6.00 27.00 33.00 NOTE
r-patched-linux-x86_64 0.9-1 0.53 9.41 9.94 NOTE
r-patched-solaris-sparc 0.9-1 96.90 NOTE
r-patched-solaris-x86 0.9-1 22.60 NOTE
r-release-linux-x86_64 0.9-1 0.50 9.37 9.87 NOTE
r-release-osx-x86_64-mavericks 0.9-1 NOTE
r-release-windows-ix86+x86_64 0.9-1 3.00 28.00 31.00 NOTE
r-oldrel-windows-ix86+x86_64 0.9-1 2.00 32.00 34.00 OK

Check Details

Version: 0.9-1
Check: S3 generic/method consistency
Result: NOTE
    Found the following apparent S3 methods exported but not registered:
     print.cramertest
    See section ‘Registering S3 methods’ in the ‘Writing R Extensions’
    manual.
Flavors: r-devel-linux-x86_64-debian-clang, r-devel-linux-x86_64-debian-gcc, r-patched-linux-x86_64, r-patched-solaris-sparc, r-patched-solaris-x86, r-release-linux-x86_64

Version: 0.9-1
Check: R code for possible problems
Result: NOTE
    .cramer.kritwertfft: no visible global function definition for ‘fft’
    Undefined global functions or variables:
     fft
    Consider adding
     importFrom("stats", "fft")
    to your NAMESPACE file.
Flavors: r-devel-linux-x86_64-debian-clang, r-devel-linux-x86_64-debian-gcc, r-devel-windows-ix86+x86_64, r-patched-linux-x86_64, r-patched-solaris-sparc, r-patched-solaris-x86, r-release-linux-x86_64, r-release-osx-x86_64-mavericks, r-release-windows-ix86+x86_64

Version: 0.9-1
Flags: --no-stop-on-test-error
Check: S3 generic/method consistency
Result: NOTE
    Found the following apparent S3 methods exported but not registered:
     print.cramertest
    See section ‘Registering S3 methods’ in the ‘Writing R Extensions’
    manual.
Flavors: r-devel-linux-x86_64-fedora-clang, r-devel-linux-x86_64-fedora-gcc, r-devel-macos-x86_64-clang

Version: 0.9-1
Flags: --no-stop-on-test-error
Check: R code for possible problems
Result: NOTE
    .cramer.kritwertfft: no visible global function definition for ‘fft’
    Undefined global functions or variables:
     fft
    Consider adding
     importFrom("stats", "fft")
    to your NAMESPACE file.
Flavors: r-devel-linux-x86_64-fedora-clang, r-devel-linux-x86_64-fedora-gcc, r-devel-macos-x86_64-clang