CRAN Package Check Results for Package cramer

Last updated on 2017-02-23 15:48:11.

Flavor Version Tinstall Tcheck Ttotal Status Flags
r-devel-linux-x86_64-debian-clang 0.9-1 0.54 11.23 11.77 NOTE
r-devel-linux-x86_64-debian-gcc 0.9-1 0.60 11.01 11.61 NOTE
r-devel-linux-x86_64-fedora-clang 0.9-1 19.81 NOTE --no-stop-on-test-error
r-devel-linux-x86_64-fedora-gcc 0.9-1 17.80 NOTE --no-stop-on-test-error
r-devel-macos-x86_64-clang 0.9-1 17.90 NOTE --no-stop-on-test-error
r-devel-windows-ix86+x86_64 0.9-1 4.00 37.00 41.00 NOTE
r-patched-linux-x86_64 0.9-1 0.48 9.36 9.85 NOTE
r-patched-solaris-sparc 0.9-1 96.90 NOTE
r-patched-solaris-x86 0.9-1 23.50 NOTE
r-release-linux-x86_64 0.9-1 0.56 9.37 9.93 NOTE
r-release-osx-x86_64-mavericks 0.9-1 NOTE
r-release-windows-ix86+x86_64 0.9-1 3.00 53.00 56.00 NOTE
r-oldrel-windows-ix86+x86_64 0.9-1 5.00 30.00 35.00 OK

Check Details

Version: 0.9-1
Check: S3 generic/method consistency
Result: NOTE
    Found the following apparent S3 methods exported but not registered:
     print.cramertest
    See section ‘Registering S3 methods’ in the ‘Writing R Extensions’
    manual.
Flavors: r-devel-linux-x86_64-debian-clang, r-devel-linux-x86_64-debian-gcc, r-patched-linux-x86_64, r-patched-solaris-sparc, r-patched-solaris-x86, r-release-linux-x86_64

Version: 0.9-1
Check: R code for possible problems
Result: NOTE
    .cramer.kritwertfft: no visible global function definition for ‘fft’
    Undefined global functions or variables:
     fft
    Consider adding
     importFrom("stats", "fft")
    to your NAMESPACE file.
Flavors: r-devel-linux-x86_64-debian-clang, r-devel-linux-x86_64-debian-gcc, r-devel-windows-ix86+x86_64, r-patched-linux-x86_64, r-patched-solaris-sparc, r-patched-solaris-x86, r-release-linux-x86_64, r-release-osx-x86_64-mavericks, r-release-windows-ix86+x86_64

Version: 0.9-1
Flags: --no-stop-on-test-error
Check: S3 generic/method consistency
Result: NOTE
    Found the following apparent S3 methods exported but not registered:
     print.cramertest
    See section ‘Registering S3 methods’ in the ‘Writing R Extensions’
    manual.
Flavors: r-devel-linux-x86_64-fedora-clang, r-devel-linux-x86_64-fedora-gcc, r-devel-macos-x86_64-clang

Version: 0.9-1
Flags: --no-stop-on-test-error
Check: R code for possible problems
Result: NOTE
    .cramer.kritwertfft: no visible global function definition for ‘fft’
    Undefined global functions or variables:
     fft
    Consider adding
     importFrom("stats", "fft")
    to your NAMESPACE file.
Flavors: r-devel-linux-x86_64-fedora-clang, r-devel-linux-x86_64-fedora-gcc, r-devel-macos-x86_64-clang