CRAN Package Check Results for Package cramer

Last updated on 2017-10-18 19:48:05.

Flavor Version Tinstall Tcheck Ttotal Status Flags
r-devel-linux-x86_64-debian-clang 0.9-1 0.58 11.95 12.52 NOTE
r-devel-linux-x86_64-debian-gcc 0.9-1 0.53 11.38 11.91 NOTE
r-devel-linux-x86_64-fedora-clang 0.9-1 20.02 NOTE
r-devel-linux-x86_64-fedora-gcc 0.9-1 19.20 NOTE
r-devel-windows-ix86+x86_64 0.9-1 4.00 30.00 34.00 NOTE
r-patched-linux-x86_64 0.9-1 0.62 11.37 11.99 NOTE
r-patched-solaris-x86 0.9-1 28.50 NOTE
r-release-linux-x86_64 0.9-1 0.56 11.40 11.97 NOTE
r-release-windows-ix86+x86_64 0.9-1 4.00 24.00 28.00 NOTE
r-release-osx-x86_64 0.9-1 NOTE
r-oldrel-windows-ix86+x86_64 0.9-1 4.00 34.00 38.00 NOTE
r-oldrel-osx-x86_64 0.9-1 NOTE

Check Details

Version: 0.9-1
Check: S3 generic/method consistency
Result: NOTE
    Found the following apparent S3 methods exported but not registered:
     print.cramertest
    See section ‘Registering S3 methods’ in the ‘Writing R Extensions’
    manual.
Flavors: r-devel-linux-x86_64-debian-clang, r-devel-linux-x86_64-debian-gcc, r-devel-linux-x86_64-fedora-clang, r-devel-linux-x86_64-fedora-gcc, r-patched-linux-x86_64, r-patched-solaris-x86, r-release-linux-x86_64

Version: 0.9-1
Check: R code for possible problems
Result: NOTE
    .cramer.kritwertfft: no visible global function definition for ‘fft’
    Undefined global functions or variables:
     fft
    Consider adding
     importFrom("stats", "fft")
    to your NAMESPACE file.
Flavors: r-devel-linux-x86_64-debian-clang, r-devel-linux-x86_64-debian-gcc, r-devel-linux-x86_64-fedora-clang, r-devel-linux-x86_64-fedora-gcc, r-devel-windows-ix86+x86_64, r-patched-linux-x86_64, r-patched-solaris-x86, r-release-linux-x86_64, r-release-windows-ix86+x86_64, r-release-osx-x86_64, r-oldrel-windows-ix86+x86_64, r-oldrel-osx-x86_64