CRAN Package Check Results for Package cramer

Last updated on 2015-02-01 10:46:49.

Flavor Version Tinstall Tcheck Ttotal Status Flags
r-devel-linux-x86_64-debian-clang 0.9-1 0.54 10.04 10.58 NOTE
r-devel-linux-x86_64-debian-gcc 0.9-1 0.59 9.02 9.61 NOTE
r-devel-linux-x86_64-fedora-clang 0.9-1 20.99 NOTE
r-devel-linux-x86_64-fedora-gcc 0.9-1 18.00 NOTE
r-devel-osx-x86_64-clang 0.9-1 27.29 NOTE
r-devel-windows-ix86+x86_64 0.9-1 4.00 16.00 20.00 OK
r-patched-linux-x86_64 0.9-1 0.57 10.18 10.76 OK
r-patched-solaris-sparc 0.9-1 123.10 OK
r-patched-solaris-x86 0.9-1 31.20 OK
r-release-linux-ix86 0.9-1 0.82 15.68 16.50 OK
r-release-linux-x86_64 0.9-1 0.72 9.73 10.44 OK
r-release-osx-x86_64-mavericks 0.9-1 OK
r-release-osx-x86_64-snowleopard 0.9-1 OK
r-release-windows-ix86+x86_64 0.9-1 2.00 18.00 20.00 OK
r-oldrel-windows-ix86+x86_64 0.9-1 3.00 21.00 24.00 OK

Check Details

Version: 0.9-1
Check: S3 generic/method consistency
Result: NOTE
    Found the following apparent S3 methods exported but not registered:
     print.cramertest
    See section ‘Registering S3 methods’ in the ‘Writing R Extensions’
    manual.
Flavors: r-devel-linux-x86_64-debian-clang, r-devel-linux-x86_64-debian-gcc, r-devel-linux-x86_64-fedora-clang, r-devel-linux-x86_64-fedora-gcc, r-devel-osx-x86_64-clang