CRAN Package Check Results for Package cramer

Last updated on 2014-07-24 03:48:46.

Flavor Version Tinstall Tcheck Ttotal Status Flags
r-devel-linux-x86_64-debian-clang 0.8-1 0.48 9.68 10.16 NOTE
r-devel-linux-x86_64-debian-gcc 0.8-1 0.48 9.20 9.68 NOTE
r-devel-linux-x86_64-fedora-clang 0.8-1 20.19 NOTE
r-devel-linux-x86_64-fedora-gcc 0.8-1 18.51 NOTE
r-devel-osx-x86_64-clang 0.8-1 22.42 NOTE
r-devel-windows-ix86+x86_64 0.8-1 2.00 18.00 20.00 NOTE
r-patched-linux-x86_64 0.8-1 0.48 9.38 9.86 NOTE
r-patched-solaris-sparc 0.8-1 113.30 NOTE
r-patched-solaris-x86 0.8-1 28.90 NOTE
r-release-linux-ix86 0.8-1 0.81 15.26 16.07 NOTE
r-release-linux-x86_64 0.8-1 0.52 9.51 10.03 NOTE
r-release-osx-x86_64-mavericks 0.8-1 NOTE
r-release-windows-ix86+x86_64 0.8-1 2.00 18.00 20.00 NOTE
r-oldrel-windows-ix86+x86_64 0.8-1 2.00 19.00 21.00 NOTE

Check Details

Version: 0.8-1
Check: DESCRIPTION meta-information
Result: NOTE
    Package listed in more than one of Depends, Imports, Suggests, Enhances:
     ‘boot’
    A package should be listed in only one of these fields.
Flavors: r-devel-linux-x86_64-debian-clang, r-devel-linux-x86_64-debian-gcc, r-devel-linux-x86_64-fedora-clang, r-devel-linux-x86_64-fedora-gcc, r-devel-osx-x86_64-clang, r-devel-windows-ix86+x86_64, r-patched-linux-x86_64, r-patched-solaris-sparc, r-patched-solaris-x86, r-release-linux-ix86, r-release-linux-x86_64, r-release-osx-x86_64-mavericks, r-release-windows-ix86+x86_64, r-oldrel-windows-ix86+x86_64