CRAN Package Check Results for Package cramer

Last updated on 2016-12-09 03:51:26.

Flavor Version Tinstall Tcheck Ttotal Status Flags
r-devel-linux-x86_64-debian-clang 0.9-1 0.60 10.94 11.55 NOTE
r-devel-linux-x86_64-debian-gcc 0.9-1 0.57 10.70 11.27 NOTE
r-devel-linux-x86_64-fedora-clang 0.9-1 20.08 NOTE --no-stop-on-test-error
r-devel-linux-x86_64-fedora-gcc 0.9-1 18.61 NOTE --no-stop-on-test-error
r-devel-macos-x86_64-clang 0.9-1 17.55 NOTE
r-devel-windows-ix86+x86_64 0.9-1 3.00 33.00 36.00 NOTE
r-patched-linux-x86_64 0.9-1 0.50 9.22 9.72 NOTE
r-patched-solaris-sparc 0.9-1 96.60 NOTE
r-patched-solaris-x86 0.9-1 22.30 NOTE
r-release-linux-x86_64 0.9-1 0.60 9.48 10.08 NOTE
r-release-osx-x86_64-mavericks 0.9-1 NOTE
r-release-windows-ix86+x86_64 0.9-1 2.00 36.00 38.00 NOTE
r-oldrel-windows-ix86+x86_64 0.9-1 3.00 21.00 24.00 OK

Check Details

Version: 0.9-1
Check: S3 generic/method consistency
Result: NOTE
    Found the following apparent S3 methods exported but not registered:
     print.cramertest
    See section ‘Registering S3 methods’ in the ‘Writing R Extensions’
    manual.
Flavors: r-devel-linux-x86_64-debian-clang, r-devel-linux-x86_64-debian-gcc, r-devel-macos-x86_64-clang, r-patched-linux-x86_64, r-patched-solaris-sparc, r-patched-solaris-x86, r-release-linux-x86_64

Version: 0.9-1
Check: R code for possible problems
Result: NOTE
    .cramer.kritwertfft: no visible global function definition for ‘fft’
    Undefined global functions or variables:
     fft
    Consider adding
     importFrom("stats", "fft")
    to your NAMESPACE file.
Flavors: r-devel-linux-x86_64-debian-clang, r-devel-linux-x86_64-debian-gcc, r-devel-macos-x86_64-clang, r-devel-windows-ix86+x86_64, r-patched-linux-x86_64, r-patched-solaris-sparc, r-patched-solaris-x86, r-release-linux-x86_64, r-release-osx-x86_64-mavericks, r-release-windows-ix86+x86_64

Version: 0.9-1
Flags: --no-stop-on-test-error
Check: S3 generic/method consistency
Result: NOTE
    Found the following apparent S3 methods exported but not registered:
     print.cramertest
    See section ‘Registering S3 methods’ in the ‘Writing R Extensions’
    manual.
Flavors: r-devel-linux-x86_64-fedora-clang, r-devel-linux-x86_64-fedora-gcc

Version: 0.9-1
Flags: --no-stop-on-test-error
Check: R code for possible problems
Result: NOTE
    .cramer.kritwertfft: no visible global function definition for ‘fft’
    Undefined global functions or variables:
     fft
    Consider adding
     importFrom("stats", "fft")
    to your NAMESPACE file.
Flavors: r-devel-linux-x86_64-fedora-clang, r-devel-linux-x86_64-fedora-gcc