CRAN Package Check Results for Package cramer

Last updated on 2016-06-25 11:49:03.

Flavor Version Tinstall Tcheck Ttotal Status Flags
r-devel-linux-x86_64-debian-gcc 0.9-1 0.53 9.87 10.39 NOTE
r-devel-linux-x86_64-fedora-clang 0.9-1 15.56 NOTE
r-devel-linux-x86_64-fedora-gcc 0.9-1 14.60 NOTE
r-devel-osx-x86_64-clang 0.9-1 14.79 NOTE
r-devel-windows-ix86+x86_64 0.9-1 4.00 33.00 37.00 NOTE
r-patched-linux-x86_64 0.9-1 0.59 9.61 10.21 NOTE
r-patched-solaris-sparc 0.9-1 96.60 NOTE
r-patched-solaris-x86 0.9-1 22.50 NOTE
r-release-linux-x86_64 0.9-1 0.61 9.69 10.30 NOTE
r-release-osx-x86_64-mavericks 0.9-1 NOTE
r-release-windows-ix86+x86_64 0.9-1 5.00 26.00 31.00 NOTE
r-oldrel-windows-ix86+x86_64 0.9-1 4.00 32.00 36.00 OK

Check Details

Version: 0.9-1
Check: S3 generic/method consistency
Result: NOTE
    Found the following apparent S3 methods exported but not registered:
     print.cramertest
    See section ‘Registering S3 methods’ in the ‘Writing R Extensions’
    manual.
Flavors: r-devel-linux-x86_64-debian-gcc, r-devel-linux-x86_64-fedora-clang, r-devel-linux-x86_64-fedora-gcc, r-devel-osx-x86_64-clang, r-patched-linux-x86_64, r-patched-solaris-sparc, r-patched-solaris-x86, r-release-linux-x86_64

Version: 0.9-1
Check: R code for possible problems
Result: NOTE
    .cramer.kritwertfft: no visible global function definition for ‘fft’
    Undefined global functions or variables:
     fft
    Consider adding
     importFrom("stats", "fft")
    to your NAMESPACE file.
Flavors: r-devel-linux-x86_64-debian-gcc, r-devel-linux-x86_64-fedora-clang, r-devel-linux-x86_64-fedora-gcc, r-devel-osx-x86_64-clang, r-devel-windows-ix86+x86_64, r-patched-linux-x86_64, r-patched-solaris-sparc, r-patched-solaris-x86, r-release-linux-x86_64, r-release-osx-x86_64-mavericks, r-release-windows-ix86+x86_64