CRAN Package Check Results for Package cramer

Last updated on 2018-05-22 13:46:22 CEST.

Flavor Version Tinstall Tcheck Ttotal Status Flags
r-devel-linux-x86_64-debian-clang 0.9-1 1.06 17.52 18.58 NOTE
r-devel-linux-x86_64-debian-gcc 0.9-1 0.87 14.09 14.96 NOTE
r-devel-linux-x86_64-fedora-clang 0.9-1 22.08 NOTE
r-devel-linux-x86_64-fedora-gcc 0.9-1 20.84 NOTE
r-devel-windows-ix86+x86_64 0.9-1 4.00 29.00 33.00 NOTE
r-patched-linux-x86_64 0.9-1 0.83 16.84 17.67 NOTE
r-patched-solaris-x86 0.9-1 35.30 NOTE
r-release-linux-x86_64 0.9-1 0.82 16.68 17.50 NOTE
r-release-windows-ix86+x86_64 0.9-1 3.00 39.00 42.00 NOTE
r-release-osx-x86_64 0.9-1 NOTE
r-oldrel-windows-ix86+x86_64 0.9-1 3.00 35.00 38.00 NOTE
r-oldrel-osx-x86_64 0.9-1 NOTE

Check Details

Version: 0.9-1
Check: S3 generic/method consistency
Result: NOTE
    Found the following apparent S3 methods exported but not registered:
     print.cramertest
    See section ‘Registering S3 methods’ in the ‘Writing R Extensions’
    manual.
Flavors: r-devel-linux-x86_64-debian-clang, r-devel-linux-x86_64-debian-gcc, r-devel-linux-x86_64-fedora-clang, r-devel-linux-x86_64-fedora-gcc, r-patched-linux-x86_64, r-patched-solaris-x86, r-release-linux-x86_64

Version: 0.9-1
Check: R code for possible problems
Result: NOTE
    .cramer.kritwertfft: no visible global function definition for ‘fft’
    Undefined global functions or variables:
     fft
    Consider adding
     importFrom("stats", "fft")
    to your NAMESPACE file.
Flavors: r-devel-linux-x86_64-debian-clang, r-devel-linux-x86_64-debian-gcc, r-devel-linux-x86_64-fedora-clang, r-devel-linux-x86_64-fedora-gcc, r-devel-windows-ix86+x86_64, r-patched-linux-x86_64, r-patched-solaris-x86, r-release-linux-x86_64, r-release-windows-ix86+x86_64, r-release-osx-x86_64, r-oldrel-windows-ix86+x86_64, r-oldrel-osx-x86_64