CRAN Package Check Results for Package cramer

Last updated on 2015-09-01 10:50:47.

Flavor Version Tinstall Tcheck Ttotal Status Flags
r-devel-linux-x86_64-debian-clang 0.9-1 0.51 9.18 9.69 NOTE
r-devel-linux-x86_64-debian-gcc 0.9-1 0.47 8.72 9.19 NOTE
r-devel-linux-x86_64-fedora-clang 0.9-1 17.21 NOTE
r-devel-linux-x86_64-fedora-gcc 0.9-1 16.14 NOTE
r-devel-osx-x86_64-clang 0.9-1 18.50 NOTE
r-devel-windows-ix86+x86_64 0.9-1 3.00 29.00 32.00 NOTE
r-patched-linux-x86_64 0.9-1 0.53 9.01 9.54 NOTE
r-patched-solaris-sparc 0.9-1 117.90 NOTE
r-patched-solaris-x86 0.9-1 28.60 NOTE
r-release-linux-x86_64 0.9-1 0.54 9.06 9.60 NOTE
r-release-osx-x86_64-mavericks 0.9-1 OK
r-release-windows-ix86+x86_64 0.9-1 3.00 18.00 21.00 OK
r-oldrel-windows-ix86+x86_64 0.9-1 4.00 20.00 24.00 OK

Check Details

Version: 0.9-1
Check: S3 generic/method consistency
Result: NOTE
    Found the following apparent S3 methods exported but not registered:
     print.cramertest
    See section ‘Registering S3 methods’ in the ‘Writing R Extensions’
    manual.
Flavors: r-devel-linux-x86_64-debian-clang, r-devel-linux-x86_64-debian-gcc, r-devel-linux-x86_64-fedora-clang, r-devel-linux-x86_64-fedora-gcc, r-devel-osx-x86_64-clang, r-patched-linux-x86_64, r-patched-solaris-sparc, r-patched-solaris-x86, r-release-linux-x86_64

Version: 0.9-1
Check: R code for possible problems
Result: NOTE
    .cramer.kritwertfft: no visible global function definition for ‘fft’
    Undefined global functions or variables:
     fft
    Consider adding
     importFrom("stats", "fft")
    to your NAMESPACE.
Flavors: r-devel-linux-x86_64-debian-clang, r-devel-linux-x86_64-debian-gcc, r-devel-linux-x86_64-fedora-clang, r-devel-linux-x86_64-fedora-gcc, r-devel-windows-ix86+x86_64