CRAN Package Check Results for Package cramer

Last updated on 2014-04-23 17:47:42.

Flavor Version Tinstall Tcheck Ttotal Status Flags
r-devel-linux-x86_64-debian-clang 0.8-1 0.52 9.90 10.42 NOTE
r-devel-linux-x86_64-debian-gcc 0.8-1 0.52 9.84 10.36 NOTE
r-devel-linux-x86_64-fedora-clang 0.8-1 19.95 NOTE
r-devel-linux-x86_64-fedora-gcc 0.8-1 18.44 NOTE
r-devel-osx-x86_64-clang 0.8-1 21.59 NOTE
r-devel-osx-x86_64-gcc 0.8-1 NOTE
r-devel-windows-ix86+x86_64 0.8-1 2.00 18.00 20.00 NOTE
r-patched-linux-x86_64 0.8-1 0.53 9.73 10.26 NOTE
r-patched-solaris-sparc 0.8-1 113.30 NOTE
r-patched-solaris-x86 0.8-1 30.20 NOTE
r-release-linux-ix86 0.8-1 1.00 22.00 23.00 NOTE
r-release-linux-x86_64 0.8-1 0.52 10.19 10.71 NOTE
r-release-osx-x86_64-mavericks 0.8-1 WARN
r-release-windows-ix86+x86_64 0.8-1 2.00 17.00 19.00 NOTE
r-oldrel-windows-ix86+x86_64 0.8-1 2.00 18.00 20.00 NOTE

Check Details

Version: 0.8-1
Check: DESCRIPTION meta-information
Result: NOTE
    Package listed in more than one of Depends, Imports, Suggests, Enhances:
     ‘boot’
    A package should be listed in only one of these fields.
Flavors: r-devel-linux-x86_64-debian-clang, r-devel-linux-x86_64-debian-gcc, r-devel-linux-x86_64-fedora-clang, r-devel-linux-x86_64-fedora-gcc, r-devel-osx-x86_64-clang, r-devel-osx-x86_64-gcc, r-devel-windows-ix86+x86_64, r-patched-linux-x86_64, r-patched-solaris-sparc, r-patched-solaris-x86, r-release-linux-ix86, r-release-linux-x86_64, r-release-osx-x86_64-mavericks, r-release-windows-ix86+x86_64, r-oldrel-windows-ix86+x86_64

Version: 0.8-1
Check: PDF version of manual
Result: WARNING
    LaTeX errors when creating PDF version.
    This typically indicates Rd problems.
    LaTeX errors found:
    ! LaTeX Error: File `upquote.sty' not found.
    
    Type X to quit or <RETURN> to proceed,
    or enter new name. (Default extension: sty)
    
    bc91545/Rd2.tex:8: ==> Fatal error occurred, no output PDF file produced!
Flavor: r-release-osx-x86_64-mavericks