CRAN Package Check Results for Package cramer

Last updated on 2016-08-26 23:48:48.

Flavor Version Tinstall Tcheck Ttotal Status Flags
r-devel-linux-x86_64-debian-clang 0.9-1 0.50 8.82 9.32 NOTE
r-devel-linux-x86_64-debian-gcc 0.9-1 0.68 12.26 12.94 NOTE
r-devel-linux-x86_64-fedora-clang 0.9-1 16.27 NOTE
r-devel-linux-x86_64-fedora-gcc 0.9-1 15.20 NOTE
r-devel-osx-x86_64-clang 0.9-1 14.76 NOTE
r-devel-windows-ix86+x86_64 0.9-1 2.00 23.00 25.00 NOTE
r-patched-linux-x86_64 0.9-1 0.52 9.06 9.59 NOTE
r-patched-solaris-sparc 0.9-1 96.60 NOTE
r-patched-solaris-x86 0.9-1 22.20 NOTE
r-release-linux-x86_64 0.9-1 0.67 9.52 10.19 NOTE
r-release-osx-x86_64-mavericks 0.9-1 NOTE
r-release-windows-ix86+x86_64 0.9-1 4.00 26.00 30.00 NOTE
r-oldrel-windows-ix86+x86_64 0.9-1 3.00 28.00 31.00 OK

Check Details

Version: 0.9-1
Check: S3 generic/method consistency
Result: NOTE
    Found the following apparent S3 methods exported but not registered:
     print.cramertest
    See section ‘Registering S3 methods’ in the ‘Writing R Extensions’
    manual.
Flavors: r-devel-linux-x86_64-debian-clang, r-devel-linux-x86_64-debian-gcc, r-devel-linux-x86_64-fedora-clang, r-devel-linux-x86_64-fedora-gcc, r-devel-osx-x86_64-clang, r-patched-linux-x86_64, r-patched-solaris-sparc, r-patched-solaris-x86, r-release-linux-x86_64

Version: 0.9-1
Check: R code for possible problems
Result: NOTE
    .cramer.kritwertfft: no visible global function definition for ‘fft’
    Undefined global functions or variables:
     fft
    Consider adding
     importFrom("stats", "fft")
    to your NAMESPACE file.
Flavors: r-devel-linux-x86_64-debian-clang, r-devel-linux-x86_64-debian-gcc, r-devel-linux-x86_64-fedora-clang, r-devel-linux-x86_64-fedora-gcc, r-devel-osx-x86_64-clang, r-devel-windows-ix86+x86_64, r-patched-linux-x86_64, r-patched-solaris-sparc, r-patched-solaris-x86, r-release-linux-x86_64, r-release-osx-x86_64-mavericks, r-release-windows-ix86+x86_64