CRAN Package Check Results for Package crawl

Last updated on 2016-05-01 03:48:41.

Flavor Version Tinstall Tcheck Ttotal Status Flags
r-devel-linux-x86_64-debian-gcc 2.0 51.81 354.22 406.03 NOTE
r-devel-linux-x86_64-fedora-clang 2.0 1143.82 NOTE
r-devel-linux-x86_64-fedora-gcc 2.0 1108.92 NOTE
r-devel-osx-x86_64-clang 2.0 729.89 OK
r-devel-windows-ix86+x86_64 2.0 171.00 579.00 750.00 OK
r-patched-linux-x86_64 2.0 52.39 349.64 402.03 NOTE
r-patched-solaris-sparc 2.0 775.00 OK --no-vignettes
r-patched-solaris-x86 2.0 1665.10 OK
r-release-linux-x86_64 2.0 52.52 377.29 429.81 NOTE
r-release-osx-x86_64-mavericks 2.0 NOTE
r-release-windows-ix86+x86_64 2.0 217.00 773.00 990.00 OK
r-oldrel-windows-ix86+x86_64 2.0 208.00 868.00 1076.00 OK

Check Details

Version: 2.0
Check: installed package size
Result: NOTE
     installed size is 9.0Mb
     sub-directories of 1Mb or more:
     doc 2.1Mb
     libs 6.1Mb
Flavors: r-devel-linux-x86_64-debian-gcc, r-devel-linux-x86_64-fedora-clang, r-devel-linux-x86_64-fedora-gcc, r-patched-linux-x86_64, r-release-linux-x86_64, r-release-osx-x86_64-mavericks