CRAN Package Check Results for Package crawl

Last updated on 2015-05-30 03:48:35.

Flavor Version Tinstall Tcheck Ttotal Status Flags
r-devel-linux-x86_64-debian-clang 1.4-1 6.01 35.12 41.12 NOTE
r-devel-linux-x86_64-debian-gcc 1.4-1 5.95 33.34 39.30 NOTE
r-devel-linux-x86_64-fedora-clang 1.4-1 84.90 NOTE
r-devel-linux-x86_64-fedora-gcc 1.4-1 78.36 NOTE
r-devel-osx-x86_64-clang 1.4-1 71.36 NOTE
r-devel-windows-ix86+x86_64 1.4-1 20.00 63.00 83.00 NOTE
r-patched-linux-x86_64 1.4-1 6.05 33.84 39.89 NOTE
r-patched-solaris-sparc 1.4-1 517.80 NOTE
r-patched-solaris-x86 1.4-1 119.90 NOTE
r-release-linux-x86_64 1.4-1 5.97 34.34 40.31 NOTE
r-release-osx-x86_64-mavericks 1.4-1 NOTE
r-release-osx-x86_64-snowleopard 1.4-1 ERROR
r-release-windows-ix86+x86_64 1.4-1 20.00 66.00 86.00 NOTE
r-oldrel-windows-ix86+x86_64 1.4-1 24.00 73.00 97.00 NOTE

Check Details

Version: 1.4-1
Check: dependencies in R code
Result: NOTE
    'library' or 'require' calls to packages already attached by Depends:
     ‘raster’ ‘sp’
     Please remove these calls from your code.
Flavors: r-devel-linux-x86_64-debian-clang, r-devel-linux-x86_64-debian-gcc, r-devel-linux-x86_64-fedora-clang, r-devel-linux-x86_64-fedora-gcc, r-devel-osx-x86_64-clang, r-devel-windows-ix86+x86_64, r-patched-linux-x86_64, r-patched-solaris-sparc, r-patched-solaris-x86, r-release-linux-x86_64, r-release-osx-x86_64-mavericks, r-release-windows-ix86+x86_64, r-oldrel-windows-ix86+x86_64

Version: 1.4-1
Check: package dependencies
Result: ERROR
    Package required but not available: ‘raster’
    
    See section ‘The DESCRIPTION file’ in the ‘Writing R Extensions’
    manual.
Flavor: r-release-osx-x86_64-snowleopard