CRAN Package Check Results for Package crawl

Last updated on 2017-04-29 15:47:50.

Flavor Version Tinstall Tcheck Ttotal Status Flags
r-devel-linux-x86_64-debian-clang 2.1.1 71.55 64.55 136.10 OK
r-devel-linux-x86_64-debian-gcc 2.1.1 72.62 64.79 137.41 OK
r-devel-linux-x86_64-fedora-clang 2.1.1 231.69 NOTE --no-stop-on-test-error
r-devel-linux-x86_64-fedora-gcc 2.1.1 279.55 NOTE --no-stop-on-test-error
r-devel-windows-ix86+x86_64 2.1.1 266.00 149.00 415.00 OK --no-vignettes
r-patched-linux-x86_64 2.1.1 59.62 64.58 124.19 OK
r-patched-solaris-sparc 2.1.1 1392.80 OK --no-vignettes
r-patched-solaris-x86 2.1.1 306.70 OK
r-release-linux-x86_64 2.1.1 58.73 65.51 124.25 OK
r-release-windows-ix86+x86_64 2.1.1 239.00 142.00 381.00 OK --no-vignettes
r-release-osx-x86_64 2.1.1 NOTE
r-oldrel-windows-ix86+x86_64 2.1.1 256.00 188.00 444.00 OK --no-vignettes
r-oldrel-osx-x86_64 2.1.1 OK

Check Details

Version: 2.1.1
Flags: --no-stop-on-test-error
Check: installed package size
Result: NOTE
     installed size is 5.3Mb
     sub-directories of 1Mb or more:
     libs 4.7Mb
Flavors: r-devel-linux-x86_64-fedora-clang, r-devel-linux-x86_64-fedora-gcc

Version: 2.1.1
Check: package dependencies
Result: NOTE
    Packages suggested but not available for checking: ‘rgdal’ ‘sf’
Flavor: r-release-osx-x86_64