CRAN Package Check Results for Package crawl

Last updated on 2020-07-09 07:49:18 CEST.

Flavor Version Tinstall Tcheck Ttotal Status Flags
r-devel-linux-x86_64-debian-clang 2.2.1 153.76 58.15 211.91 OK
r-devel-linux-x86_64-debian-gcc 2.2.1 111.45 43.77 155.22 OK
r-devel-linux-x86_64-fedora-clang 2.2.1 294.88 NOTE
r-devel-linux-x86_64-fedora-gcc 2.2.1 259.30 NOTE
r-devel-windows-ix86+x86_64 2.2.1 281.00 128.00 409.00 OK --no-vignettes
r-patched-linux-x86_64 2.2.1 117.12 56.75 173.87 OK
r-patched-solaris-x86 2.2.1 243.80 NOTE
r-release-linux-x86_64 2.2.1 122.79 57.20 179.99 OK
r-release-osx-x86_64 2.2.1 NOTE
r-release-windows-ix86+x86_64 2.2.1 288.00 129.00 417.00 OK --no-vignettes
r-oldrel-osx-x86_64 2.2.1 NOTE
r-oldrel-windows-ix86+x86_64 2.2.1 280.00 146.00 426.00 OK --no-vignettes

Check Details

Version: 2.2.1
Check: installed package size
Result: NOTE
     installed size is 8.7Mb
     sub-directories of 1Mb or more:
     libs 8.1Mb
Flavors: r-devel-linux-x86_64-fedora-clang, r-release-osx-x86_64

Version: 2.2.1
Check: dependencies in R code
Result: NOTE
    Namespaces in Imports field not imported from:
     ‘gdistance’ ‘raster’
     All declared Imports should be used.
Flavors: r-devel-linux-x86_64-fedora-clang, r-devel-linux-x86_64-fedora-gcc, r-patched-solaris-x86, r-release-osx-x86_64, r-oldrel-osx-x86_64