CRAN Package Check Results for Package crawl

Last updated on 2015-03-06 21:48:17.

Flavor Version Tinstall Tcheck Ttotal Status Flags
r-devel-linux-x86_64-debian-clang 1.4-1 5.96 34.79 40.74 NOTE
r-devel-linux-x86_64-debian-gcc 1.4-1 6.02 35.63 41.65 NOTE
r-devel-linux-x86_64-fedora-clang 1.4-1 82.57 NOTE
r-devel-linux-x86_64-fedora-gcc 1.4-1 79.87 NOTE
r-devel-osx-x86_64-clang 1.4-1 76.70 NOTE
r-devel-windows-ix86+x86_64 1.4-1 29.00 65.00 94.00 NOTE
r-patched-linux-x86_64 1.4-1 6.69 43.38 50.07 NOTE
r-patched-solaris-sparc 1.4-1 643.10 NOTE
r-patched-solaris-x86 1.4-1 147.50 NOTE
r-release-linux-ix86 1.4-1 9.19 50.59 59.78 NOTE
r-release-linux-x86_64 1.4-1 6.65 42.58 49.22 NOTE
r-release-osx-x86_64-mavericks 1.4-1 NOTE
r-release-windows-ix86+x86_64 1.4-1 24.00 79.00 103.00 NOTE
r-oldrel-windows-ix86+x86_64 1.4-1 25.00 76.00 101.00 NOTE

Check Details

Version: 1.4-1
Check: dependencies in R code
Result: NOTE
    'library' or 'require' calls to packages already attached by Depends:
     ‘raster’ ‘sp’
     Please remove these calls from your code.
Flavors: r-devel-linux-x86_64-debian-clang, r-devel-linux-x86_64-debian-gcc, r-devel-linux-x86_64-fedora-clang, r-devel-linux-x86_64-fedora-gcc, r-devel-osx-x86_64-clang, r-devel-windows-ix86+x86_64, r-patched-linux-x86_64, r-patched-solaris-sparc, r-patched-solaris-x86

Version: 1.4-1
Check: dependencies in R code
Result: NOTE
    'library' or 'require' calls to packages already attached by Depends:
     ‘raster’ ‘sp’
     Please remove these calls from your code.
    See the information on DESCRIPTION files in the chapter ‘Creating R
    packages’ of the ‘Writing R Extensions’ manual.
Flavors: r-release-linux-ix86, r-release-linux-x86_64, r-release-osx-x86_64-mavericks, r-release-windows-ix86+x86_64, r-oldrel-windows-ix86+x86_64