CRAN Package Check Results for Package crawl

Last updated on 2017-10-16 23:47:21.

Flavor Version Tinstall Tcheck Ttotal Status Flags
r-devel-linux-x86_64-debian-clang 2.1.1 70.44 63.55 133.99 OK
r-devel-linux-x86_64-debian-gcc 2.1.1 72.31 67.65 139.96 OK
r-devel-linux-x86_64-fedora-clang 2.1.1 294.09 NOTE
r-devel-linux-x86_64-fedora-gcc 2.1.1 293.58 NOTE
r-devel-windows-ix86+x86_64 2.1.1 167.00 191.00 358.00 OK --no-vignettes
r-patched-linux-x86_64 2.1.1 74.45 63.51 137.96 OK
r-patched-solaris-x86 2.1.1 330.10 OK
r-release-linux-x86_64 2.1.1 75.63 63.07 138.71 OK
r-release-windows-ix86+x86_64 2.1.1 182.00 214.00 396.00 OK --no-vignettes
r-release-osx-x86_64 2.1.1 NOTE
r-oldrel-windows-ix86+x86_64 2.1.1 280.00 187.00 467.00 OK --no-vignettes
r-oldrel-osx-x86_64 2.1.1 OK

Check Details

Version: 2.1.1
Check: installed package size
Result: NOTE
     installed size is 5.5Mb
     sub-directories of 1Mb or more:
     libs 4.9Mb
Flavors: r-devel-linux-x86_64-fedora-clang, r-devel-linux-x86_64-fedora-gcc

Version: 2.1.1
Check: package dependencies
Result: NOTE
    Packages suggested but not available for checking: ‘rgdal’ ‘sf’
Flavor: r-release-osx-x86_64