CRAN Package Check Results for Package crawl

Last updated on 2015-08-03 23:47:44.

Flavor Version Tinstall Tcheck Ttotal Status Flags
r-devel-linux-x86_64-debian-clang 1.4-1 6.27 37.45 43.72 NOTE
r-devel-linux-x86_64-debian-gcc 1.4-1 6.08 35.42 41.50 NOTE
r-devel-linux-x86_64-fedora-clang 1.4-1 86.20 NOTE
r-devel-linux-x86_64-fedora-gcc 1.4-1 79.70 NOTE
r-devel-osx-x86_64-clang 1.4-1 71.42 NOTE
r-devel-windows-ix86+x86_64 1.4-1 21.00 83.00 104.00 NOTE
r-patched-linux-x86_64 1.4-1 6.12 35.31 41.43 NOTE
r-patched-solaris-sparc 1.4-1 539.30 NOTE
r-patched-solaris-x86 1.4-1 125.80 NOTE
r-release-linux-x86_64 1.4-1 6.27 35.64 41.91 NOTE
r-release-osx-x86_64-mavericks 1.4-1 NOTE
r-release-windows-ix86+x86_64 1.4-1 28.00 80.00 108.00 NOTE
r-oldrel-windows-ix86+x86_64 1.4-1 28.00 97.00 125.00 NOTE

Check Details

Version: 1.4-1
Check: dependencies in R code
Result: NOTE
    'library' or 'require' calls to packages already attached by Depends:
     ‘raster’ ‘sp’
     Please remove these calls from your code.
Flavors: r-devel-linux-x86_64-debian-clang, r-devel-linux-x86_64-debian-gcc, r-devel-linux-x86_64-fedora-clang, r-devel-linux-x86_64-fedora-gcc, r-devel-osx-x86_64-clang, r-devel-windows-ix86+x86_64, r-patched-linux-x86_64, r-patched-solaris-sparc, r-patched-solaris-x86, r-release-linux-x86_64, r-release-osx-x86_64-mavericks, r-release-windows-ix86+x86_64, r-oldrel-windows-ix86+x86_64

Version: 1.4-1
Check: R code for possible problems
Result: NOTE
    crwMLE: no visible global function definition for ‘slot’
    crwMLE: no visible global function definition for ‘model.matrix’
    crwMLE: no visible global function definition for ‘model.frame’
    crwMLE: no visible binding for global variable ‘na.pass’
    crwMLE: no visible global function definition for ‘approx’
    crwMLE: no visible global function definition for ‘optim’
    crwPostIS: no visible global function definition for ‘rnorm’
    crwPredict: no visible global function definition for ‘approx’
    crwPredict: no visible global function definition for ‘pchisq’
    crwPredictPlot: no visible global function definition for ‘layout’
    crwSamplePar: no visible global function definition for ‘sd’
    crwSimulator: no visible global function definition for ‘approx’
    crwUseGrid: no visible global function definition for ‘as’
    displayPar: no visible global function definition for ‘slot’
    displayPar: no visible global function definition for ‘model.matrix’
    displayPar: no visible global function definition for ‘model.frame’
    displayPar: no visible binding for global variable ‘na.pass’
    getQT: no visible global function definition for ‘pexp’
    logSpeed: no visible global function definition for ‘deriv’
    mergeTrackStop: no visible global function definition for ‘filter’
    mergeTrackStop: no visible global function definition for ‘approx’
    rmvtt: no visible global function definition for ‘rchisq’
    rmvtt: no visible global function definition for ‘pnorm’
    rmvtt: no visible global function definition for ‘qnorm’
    rmvtt: no visible global function definition for ‘runif’
    Undefined global functions or variables:
     approx as deriv filter layout model.frame model.matrix na.pass optim
     pchisq pexp pnorm qnorm rchisq rnorm runif sd slot
    Consider adding
     importFrom("graphics", "layout")
     importFrom("methods", "as", "slot")
     importFrom("stats", "approx", "deriv", "filter", "model.frame",
     "model.matrix", "na.pass", "optim", "pchisq", "pexp",
     "pnorm", "qnorm", "rchisq", "rnorm", "runif", "sd")
    to your NAMESPACE.
Flavors: r-devel-linux-x86_64-debian-clang, r-devel-linux-x86_64-debian-gcc, r-devel-linux-x86_64-fedora-clang, r-devel-linux-x86_64-fedora-gcc, r-devel-windows-ix86+x86_64