CRAN Package Check Results for Package crawl

Last updated on 2017-08-18 02:48:54.

Flavor Version Tinstall Tcheck Ttotal Status Flags
r-devel-linux-x86_64-debian-clang 2.1.1 69.46 62.90 132.36 OK
r-devel-linux-x86_64-debian-gcc 2.1.1 73.79 61.97 135.76 OK
r-devel-linux-x86_64-fedora-clang 2.1.1 290.51 NOTE
r-devel-linux-x86_64-fedora-gcc 2.1.1 290.65 NOTE
r-devel-windows-ix86+x86_64 2.1.1 181.00 206.00 387.00 OK --no-vignettes
r-patched-linux-x86_64 2.1.1 74.07 63.24 137.30 OK
r-patched-solaris-x86 2.1.1 309.00 OK
r-release-linux-x86_64 2.1.1 74.74 63.84 138.58 OK
r-release-windows-ix86+x86_64 2.1.1 190.00 149.00 339.00 OK --no-vignettes
r-release-osx-x86_64 2.1.1 NOTE
r-oldrel-windows-ix86+x86_64 2.1.1 182.00 189.00 371.00 OK --no-vignettes
r-oldrel-osx-x86_64 2.1.1 OK

Check Details

Version: 2.1.1
Check: installed package size
Result: NOTE
     installed size is 5.5Mb
     sub-directories of 1Mb or more:
     libs 4.9Mb
Flavors: r-devel-linux-x86_64-fedora-clang, r-devel-linux-x86_64-fedora-gcc

Version: 2.1.1
Check: package dependencies
Result: NOTE
    Packages suggested but not available for checking: ‘rgdal’ ‘sf’
Flavor: r-release-osx-x86_64