CRAN Package Check Results for Package crawl

Last updated on 2017-06-25 10:46:58.

Flavor Version Tinstall Tcheck Ttotal Status Flags
r-devel-linux-x86_64-debian-clang 2.1.1 71.61 63.11 134.71 OK
r-devel-linux-x86_64-debian-gcc 2.1.1 75.27 62.85 138.12 OK
r-devel-linux-x86_64-fedora-clang 2.1.1 291.49 NOTE
r-devel-linux-x86_64-fedora-gcc 2.1.1 224.49 NOTE
r-devel-windows-ix86+x86_64 2.1.1 258.00 184.00 442.00 OK --no-vignettes
r-patched-linux-x86_64 2.1.1 60.17 63.21 123.38 OK
r-patched-solaris-sparc 2.1.1 1431.00 OK --no-vignettes
r-patched-solaris-x86 2.1.1 308.40 OK
r-release-linux-x86_64 2.1.1 75.91 64.18 140.10 OK
r-release-windows-ix86+x86_64 2.1.1 264.00 175.00 439.00 OK --no-vignettes
r-release-osx-x86_64 2.1.1 NOTE
r-oldrel-windows-ix86+x86_64 2.1.1 272.00 174.00 446.00 OK --no-vignettes
r-oldrel-osx-x86_64 2.1.1 OK

Check Details

Version: 2.1.1
Check: installed package size
Result: NOTE
     installed size is 5.4Mb
     sub-directories of 1Mb or more:
     libs 4.8Mb
Flavors: r-devel-linux-x86_64-fedora-clang, r-devel-linux-x86_64-fedora-gcc

Version: 2.1.1
Check: package dependencies
Result: NOTE
    Packages suggested but not available for checking: ‘rgdal’ ‘sf’
Flavor: r-release-osx-x86_64