CRAN Package Check Results for Package crawl

Last updated on 2016-09-26 06:47:07.

Flavor Version Tinstall Tcheck Ttotal Status Flags
r-devel-linux-x86_64-debian-clang 2.0.1 64.33 435.62 499.95 NOTE
r-devel-linux-x86_64-debian-gcc 2.0.1 65.80 443.16 508.96 NOTE
r-devel-linux-x86_64-fedora-clang 2.0.1 1320.73 NOTE
r-devel-linux-x86_64-fedora-gcc 2.0.1 1250.02 NOTE
r-devel-macos-x86_64-clang 2.0.1 709.10 OK
r-devel-windows-ix86+x86_64 2.0.1 230.00 678.00 908.00 OK
r-patched-linux-x86_64 2.0.1 52.54 441.33 493.87 NOTE
r-patched-solaris-sparc 2.0.1 821.10 OK --no-vignettes
r-patched-solaris-x86 2.0.1 1674.10 OK
r-release-linux-x86_64 2.0.1 52.54 437.02 489.56 NOTE
r-release-osx-x86_64-mavericks 2.0.1 NOTE
r-release-windows-ix86+x86_64 2.0.1 318.00 648.00 966.00 OK
r-oldrel-windows-ix86+x86_64 2.0.1 205.00 813.00 1018.00 OK

Check Details

Version: 2.0.1
Check: installed package size
Result: NOTE
     installed size is 7.5Mb
     sub-directories of 1Mb or more:
     doc 2.2Mb
     libs 4.5Mb
Flavors: r-devel-linux-x86_64-debian-clang, r-devel-linux-x86_64-debian-gcc, r-devel-linux-x86_64-fedora-clang, r-devel-linux-x86_64-fedora-gcc, r-patched-linux-x86_64, r-release-linux-x86_64, r-release-osx-x86_64-mavericks