CRAN Package Check Results for Package crawl

Last updated on 2014-11-24 05:47:28.

Flavor Version Tinstall Tcheck Ttotal Status Flags
r-devel-linux-x86_64-debian-clang 1.4-1 6.54 41.20 47.75 NOTE
r-devel-linux-x86_64-debian-gcc 1.4-1 6.46 39.36 45.82 NOTE
r-devel-linux-x86_64-fedora-clang 1.4-1 108.16 NOTE
r-devel-linux-x86_64-fedora-gcc 1.4-1 102.10 NOTE
r-devel-osx-x86_64-clang 1.4-1 94.44 NOTE
r-devel-windows-ix86+x86_64 1.4-1 22.00 69.00 91.00 NOTE
r-patched-linux-x86_64 1.4-1 6.77 42.03 48.80 NOTE
r-patched-solaris-sparc 1.4-1 606.40 NOTE
r-patched-solaris-x86 1.4-1 146.90 NOTE
r-release-linux-ix86 1.4-1 8.47 49.21 57.68 NOTE
r-release-linux-x86_64 1.4-1 6.62 41.06 47.67 NOTE
r-release-osx-x86_64-mavericks 1.4-1 NOTE
r-release-windows-ix86+x86_64 1.4-1 23.00 77.00 100.00 NOTE
r-oldrel-windows-ix86+x86_64 1.4-1 24.00 78.00 102.00 NOTE

Check Details

Version: 1.4-1
Check: dependencies in R code
Result: NOTE
    'library' or 'require' calls to packages already attached by Depends:
     ‘raster’ ‘sp’
     Please remove these calls from your code.
    See the information on DESCRIPTION files in the chapter ‘Creating R
    packages’ of the ‘Writing R Extensions’ manual.
Flavors: r-devel-linux-x86_64-debian-clang, r-devel-linux-x86_64-debian-gcc, r-devel-linux-x86_64-fedora-clang, r-devel-linux-x86_64-fedora-gcc, r-devel-osx-x86_64-clang, r-devel-windows-ix86+x86_64, r-patched-linux-x86_64, r-patched-solaris-sparc, r-patched-solaris-x86, r-release-linux-ix86, r-release-linux-x86_64, r-release-osx-x86_64-mavericks, r-release-windows-ix86+x86_64, r-oldrel-windows-ix86+x86_64