CRAN Package Check Results for Package crawl

Last updated on 2016-08-24 16:46:43.

Flavor Version Tinstall Tcheck Ttotal Status Flags
r-devel-linux-x86_64-debian-clang 2.0.1 64.97 443.44 508.41 NOTE
r-devel-linux-x86_64-debian-gcc 2.0.1 65.52 459.20 524.72 NOTE
r-devel-linux-x86_64-fedora-clang 2.0.1 1336.67 NOTE
r-devel-linux-x86_64-fedora-gcc 2.0.1 1242.87 NOTE
r-devel-osx-x86_64-clang 2.0.1 742.49 OK
r-devel-windows-ix86+x86_64 2.0.1 229.00 676.00 905.00 OK
r-patched-linux-x86_64 2.0.1 51.85 442.85 494.71 NOTE
r-patched-solaris-sparc 2.0.1 738.20 OK --no-vignettes
r-patched-solaris-x86 2.0.1 1683.60 OK
r-release-linux-x86_64 2.0.1 52.98 441.52 494.51 NOTE
r-release-osx-x86_64-mavericks 2.0.1 NOTE
r-release-windows-ix86+x86_64 2.0.1 228.00 524.00 752.00 OK
r-oldrel-windows-ix86+x86_64 2.0.1 210.00 763.00 973.00 OK

Check Details

Version: 2.0.1
Check: installed package size
Result: NOTE
     installed size is 7.5Mb
     sub-directories of 1Mb or more:
     doc 2.2Mb
     libs 4.5Mb
Flavors: r-devel-linux-x86_64-debian-clang, r-devel-linux-x86_64-debian-gcc, r-devel-linux-x86_64-fedora-clang, r-devel-linux-x86_64-fedora-gcc, r-patched-linux-x86_64, r-release-linux-x86_64, r-release-osx-x86_64-mavericks