CRAN Package Check Results for Package crawl

Last updated on 2015-04-19 09:55:31.

Flavor Version Tinstall Tcheck Ttotal Status Flags
r-devel-linux-x86_64-debian-clang 1.4-1 6.16 36.19 42.35 NOTE
r-devel-linux-x86_64-debian-gcc 1.4-1 5.97 33.90 39.87 NOTE
r-devel-linux-x86_64-fedora-clang 1.4-1 82.37 NOTE
r-devel-linux-x86_64-fedora-gcc 1.4-1 79.64 NOTE
r-devel-osx-x86_64-clang 1.4-1 77.02 NOTE
r-devel-windows-ix86+x86_64 1.4-1 27.00 85.00 112.00 NOTE
r-patched-linux-x86_64 1.4-1 6.02 35.85 41.87 NOTE
r-patched-solaris-sparc 1.4-1 504.80 NOTE
r-patched-solaris-x86 1.4-1 115.60 NOTE
r-release-linux-x86_64 1.4-1 6.10 34.66 40.76 NOTE
r-release-osx-x86_64-mavericks 1.4-1 NOTE
r-release-osx-x86_64-snowleopard 1.4-1 ERROR
r-release-windows-ix86+x86_64 1.4-1 18.00 66.00 84.00 NOTE
r-oldrel-windows-ix86+x86_64 1.4-1 25.00 104.00 129.00 NOTE

Check Details

Version: 1.4-1
Check: dependencies in R code
Result: NOTE
    'library' or 'require' calls to packages already attached by Depends:
     ‘raster’ ‘sp’
     Please remove these calls from your code.
Flavors: r-devel-linux-x86_64-debian-clang, r-devel-linux-x86_64-debian-gcc, r-devel-linux-x86_64-fedora-clang, r-devel-linux-x86_64-fedora-gcc, r-devel-osx-x86_64-clang, r-devel-windows-ix86+x86_64, r-patched-linux-x86_64, r-patched-solaris-sparc, r-patched-solaris-x86, r-release-linux-x86_64, r-release-osx-x86_64-mavericks, r-release-windows-ix86+x86_64

Version: 1.4-1
Check: package dependencies
Result: ERROR
    Package required but not available: ‘raster’
    
    See section ‘The DESCRIPTION file’ in the ‘Writing R Extensions’
    manual.
Flavor: r-release-osx-x86_64-snowleopard

Version: 1.4-1
Check: dependencies in R code
Result: NOTE
    'library' or 'require' calls to packages already attached by Depends:
     'raster' 'sp'
     Please remove these calls from your code.
    See the information on DESCRIPTION files in the chapter 'Creating R
    packages' of the 'Writing R Extensions' manual.
Flavor: r-oldrel-windows-ix86+x86_64