CRAN Package Check Results for Package crawl

Last updated on 2016-07-02 03:48:34.

Flavor Version Tinstall Tcheck Ttotal Status Flags
r-devel-linux-x86_64-debian-gcc 2.0 75.97 399.17 475.14 NOTE
r-devel-linux-x86_64-fedora-clang 2.0 1155.47 NOTE
r-devel-linux-x86_64-fedora-gcc 2.0 1111.71 NOTE
r-devel-osx-x86_64-clang 2.0 719.43 OK
r-devel-windows-ix86+x86_64 2.0 228.00 650.00 878.00 OK
r-patched-linux-x86_64 2.0 58.07 405.47 463.55 NOTE
r-patched-solaris-sparc 2.0 800.00 NOTE --no-vignettes
r-patched-solaris-x86 2.0 1647.60 NOTE
r-release-linux-x86_64 2.0 51.73 352.05 403.78 NOTE
r-release-osx-x86_64-mavericks 2.0 NOTE
r-release-windows-ix86+x86_64 2.0 217.00 570.00 787.00 OK
r-oldrel-windows-ix86+x86_64 2.0 154.00 641.00 795.00 OK

Check Details

Version: 2.0
Check: installed package size
Result: NOTE
     installed size is 9.4Mb
     sub-directories of 1Mb or more:
     doc 2.1Mb
     libs 6.6Mb
Flavors: r-devel-linux-x86_64-debian-gcc, r-devel-linux-x86_64-fedora-clang, r-devel-linux-x86_64-fedora-gcc, r-patched-linux-x86_64, r-patched-solaris-x86, r-release-linux-x86_64, r-release-osx-x86_64-mavericks

Version: 2.0
Flags: --no-vignettes
Check: installed package size
Result: NOTE
     installed size is 8.6Mb
     sub-directories of 1Mb or more:
     doc 2.2Mb
     libs 5.5Mb
Flavor: r-patched-solaris-sparc