CRAN Package Check Results for Package crawl

Last updated on 2017-01-24 03:47:18.

Flavor Version Tinstall Tcheck Ttotal Status Flags
r-devel-linux-x86_64-debian-clang 2.0.1 64.30 465.27 529.56 OK
r-devel-linux-x86_64-debian-gcc 2.0.1 66.17 437.81 503.98 OK
r-devel-linux-x86_64-fedora-clang 2.0.1 1324.12 NOTE --no-stop-on-test-error
r-devel-linux-x86_64-fedora-gcc 2.0.1 1254.71 NOTE --no-stop-on-test-error
r-devel-macos-x86_64-clang 2.0.1 731.75 OK --no-stop-on-test-error
r-devel-windows-ix86+x86_64 2.0.1 179.00 693.00 872.00 OK
r-patched-linux-x86_64 2.0.1 53.34 432.93 486.27 OK
r-patched-solaris-sparc 2.0.1 818.20 OK --no-vignettes
r-patched-solaris-x86 2.0.1 1660.30 OK
r-release-linux-x86_64 2.0.1 53.42 436.35 489.77 OK
r-release-osx-x86_64-mavericks 2.0.1 NOTE
r-release-windows-ix86+x86_64 2.0.1 321.00 697.00 1018.00 OK
r-oldrel-windows-ix86+x86_64 2.0.1 282.00 859.00 1141.00 OK

Check Details

Version: 2.0.1
Flags: --no-stop-on-test-error
Check: installed package size
Result: NOTE
     installed size is 7.8Mb
     sub-directories of 1Mb or more:
     doc 2.2Mb
     libs 4.8Mb
Flavors: r-devel-linux-x86_64-fedora-clang, r-devel-linux-x86_64-fedora-gcc

Version: 2.0.1
Check: installed package size
Result: NOTE
     installed size is 7.0Mb
     sub-directories of 1Mb or more:
     doc 2.2Mb
     libs 4.1Mb
Flavor: r-release-osx-x86_64-mavericks