CRAN Package Check Results for Package crawl

Last updated on 2014-04-24 11:48:43.

Flavor Version Tinstall Tcheck Ttotal Status Flags
r-devel-linux-x86_64-debian-clang 1.4-1 6.96 42.27 49.23 NOTE
r-devel-linux-x86_64-debian-gcc 1.4-1 6.91 43.36 50.28 NOTE
r-devel-linux-x86_64-fedora-clang 1.4-1 107.07 NOTE
r-devel-linux-x86_64-fedora-gcc 1.4-1 104.72 NOTE
r-devel-osx-x86_64-clang 1.4-1 81.87 NOTE
r-devel-osx-x86_64-gcc 1.4-1 ERROR
r-devel-windows-ix86+x86_64 1.4-1 23.00 72.00 95.00 NOTE
r-patched-linux-x86_64 1.4-1 7.01 43.43 50.44 NOTE
r-patched-solaris-sparc 1.4-1 596.80 NOTE
r-patched-solaris-x86 1.4-1 147.20 NOTE
r-release-linux-ix86 1.4-1 12.00 67.00 79.00 NOTE
r-release-linux-x86_64 1.4-1 6.72 42.74 49.46 NOTE
r-release-osx-x86_64-mavericks 1.4-1 WARN
r-release-windows-ix86+x86_64 1.4-1 20.00 71.00 91.00 NOTE
r-oldrel-windows-ix86+x86_64 1.4-1 19.00 73.00 92.00 NOTE

Check Details

Version: 1.4-1
Check: dependencies in R code
Result: NOTE
    'library' or 'require' calls to packages already attached by Depends:
     ‘raster’ ‘sp’
     Please remove these calls from your code.
    See the information on DESCRIPTION files in the chapter ‘Creating R
    packages’ of the ‘Writing R Extensions’ manual.
Flavors: r-devel-linux-x86_64-debian-clang, r-devel-linux-x86_64-debian-gcc, r-devel-linux-x86_64-fedora-clang, r-devel-linux-x86_64-fedora-gcc, r-devel-osx-x86_64-clang, r-devel-windows-ix86+x86_64, r-patched-linux-x86_64, r-patched-solaris-sparc, r-patched-solaris-x86, r-release-linux-ix86, r-release-linux-x86_64, r-release-osx-x86_64-mavericks, r-release-windows-ix86+x86_64, r-oldrel-windows-ix86+x86_64

Version: 1.4-1
Check: package dependencies
Result: ERROR
    Package required but not available: ‘raster’
    
    See the information on DESCRIPTION files in the chapter ‘Creating R
    packages’ of the ‘Writing R Extensions’ manual.
Flavor: r-devel-osx-x86_64-gcc

Version: 1.4-1
Check: PDF version of manual
Result: WARNING
    LaTeX errors when creating PDF version.
    This typically indicates Rd problems.
    LaTeX errors found:
    ! LaTeX Error: File `upquote.sty' not found.
    
    Type X to quit or <RETURN> to proceed,
    or enter new name. (Default extension: sty)
    
    9c98928/Rd2.tex:8: ==> Fatal error occurred, no output PDF file produced!
Flavor: r-release-osx-x86_64-mavericks