CRAN Package Check Results for Package credule

Last updated on 2023-02-05 11:56:31 CET.

Flavor Version Tinstall Tcheck Ttotal Status Flags
r-devel-linux-x86_64-debian-clang 0.1.4 3.45 22.24 25.69 OK
r-devel-linux-x86_64-debian-gcc 0.1.4 2.35 17.32 19.67 OK
r-devel-linux-x86_64-fedora-clang 0.1.4 32.50 NOTE
r-devel-linux-x86_64-fedora-gcc 0.1.4 46.81 NOTE
r-devel-windows-x86_64 0.1.4 18.00 53.00 71.00 OK
r-patched-linux-x86_64 0.1.4 2.61 21.85 24.46 OK
r-release-linux-x86_64 0.1.4 2.81 25.45 28.26 OK
r-release-macos-arm64 0.1.4 18.00 OK
r-release-macos-x86_64 0.1.4 25.00 OK
r-release-windows-x86_64 0.1.4 17.00 65.00 82.00 OK
r-oldrel-macos-arm64 0.1.4 27.00 OK
r-oldrel-macos-x86_64 0.1.4 28.00 OK
r-oldrel-windows-ix86+x86_64 0.1.4 10.00 54.00 64.00 OK

Check Details

Version: 0.1.4
Check: compiled code
Result: NOTE
    File ‘credule/libs/credule.so’:
     Found no calls to: ‘R_registerRoutines’, ‘R_useDynamicSymbols’
    
    It is good practice to register native routines and to disable symbol
    search.
    
    See ‘Writing portable packages’ in the ‘Writing R Extensions’ manual.
Flavors: r-devel-linux-x86_64-fedora-clang, r-devel-linux-x86_64-fedora-gcc