Last updated on 2023-02-06 06:51:51 CET.
Flavor | Version | Tinstall | Tcheck | Ttotal | Status | Flags |
---|---|---|---|---|---|---|
r-devel-linux-x86_64-debian-clang | 0.4.1 | 57.33 | 132.55 | 189.88 | NOTE | |
r-devel-linux-x86_64-debian-gcc | 0.4.1 | 49.59 | 109.72 | 159.31 | NOTE | |
r-devel-linux-x86_64-fedora-clang | 0.4.1 | 250.78 | NOTE | |||
r-devel-linux-x86_64-fedora-gcc | 0.4.1 | 274.21 | NOTE | |||
r-devel-windows-x86_64 | 0.4.1 | 96.00 | 212.00 | 308.00 | NOTE | |
r-patched-linux-x86_64 | 0.4.1 | 46.72 | 146.62 | 193.34 | OK | |
r-release-linux-x86_64 | 0.4.1 | 50.21 | 142.10 | 192.31 | OK | |
r-release-macos-arm64 | 0.4.1 | 106.00 | OK | |||
r-release-macos-x86_64 | 0.4.1 | 108.00 | OK | |||
r-release-windows-x86_64 | 0.4.1 | 88.00 | 232.00 | 320.00 | OK | |
r-oldrel-macos-arm64 | 0.4.1 | 90.00 | OK | |||
r-oldrel-macos-x86_64 | 0.4.1 | 111.00 | OK | |||
r-oldrel-windows-ix86+x86_64 | 0.4.1 | 154.00 | 225.00 | 379.00 | OK |
Version: 0.4.1
Check: C++ specification
Result: NOTE
Specified C++11: please update to current default of C++17
Flavors: r-devel-linux-x86_64-debian-clang, r-devel-linux-x86_64-debian-gcc, r-devel-linux-x86_64-fedora-clang, r-devel-linux-x86_64-fedora-gcc, r-devel-windows-x86_64