Last updated on 2022-07-02 05:50:54 CEST.
Flavor | Version | Tinstall | Tcheck | Ttotal | Status | Flags |
---|---|---|---|---|---|---|
r-devel-linux-x86_64-debian-clang | 0.0.4 | 3.03 | 90.67 | 93.70 | NOTE | |
r-devel-linux-x86_64-debian-gcc | 0.0.4 | 3.79 | 68.80 | 72.59 | NOTE | |
r-devel-linux-x86_64-fedora-clang | 0.0.4 | 123.53 | NOTE | |||
r-devel-linux-x86_64-fedora-gcc | 0.0.4 | 122.47 | NOTE | |||
r-devel-windows-x86_64 | 0.0.4 | 21.00 | 131.00 | 152.00 | NOTE | |
r-patched-linux-x86_64 | 0.0.4 | 5.35 | 87.72 | 93.07 | NOTE | |
r-release-linux-x86_64 | 0.0.4 | 4.74 | 88.38 | 93.12 | NOTE | |
r-release-macos-arm64 | 0.0.4 | 39.00 | NOTE | |||
r-release-macos-x86_64 | 0.0.4 | 55.00 | NOTE | |||
r-release-windows-x86_64 | 0.0.4 | 43.00 | 135.00 | 178.00 | NOTE | |
r-oldrel-macos-arm64 | 0.0.4 | 47.00 | NOTE | |||
r-oldrel-macos-x86_64 | 0.0.4 | 75.00 | NOTE | |||
r-oldrel-windows-ix86+x86_64 | 0.0.4 | 8.00 | 69.00 | 77.00 | NOTE |
Version: 0.0.4
Check: DESCRIPTION meta-information
Result: NOTE
BugReports field is not a suitable URL but contains an email address:
use the Contact field instead
Flavors: r-devel-linux-x86_64-debian-clang, r-devel-linux-x86_64-debian-gcc, r-devel-linux-x86_64-fedora-clang, r-devel-linux-x86_64-fedora-gcc, r-devel-windows-x86_64, r-patched-linux-x86_64, r-release-linux-x86_64, r-release-macos-arm64, r-release-macos-x86_64, r-release-windows-x86_64, r-oldrel-macos-arm64, r-oldrel-macos-x86_64, r-oldrel-windows-ix86+x86_64