CRAN Package Check Results for Package crmPack

Last updated on 2022-01-21 18:50:09 CET.

Flavor Version Tinstall Tcheck Ttotal Status Flags
r-devel-linux-x86_64-debian-clang 1.0.0 24.19 209.55 233.74 NOTE --no-vignettes
r-devel-linux-x86_64-debian-gcc 1.0.0 20.37 161.97 182.34 NOTE --no-vignettes
r-devel-linux-x86_64-fedora-clang 1.0.0 1502.46 OK
r-devel-linux-x86_64-fedora-gcc 1.0.0 1509.62 OK
r-devel-windows-x86_64-new-UL 1.0.0 286.00 201.00 487.00 NOTE --no-vignettes
r-devel-windows-x86_64-new-TK 1.0.0 OK --no-vignettes
r-patched-linux-x86_64 1.0.0 27.33 198.43 225.76 NOTE --no-vignettes
r-release-linux-x86_64 1.0.0 18.84 195.45 214.29 NOTE --no-vignettes
r-release-macos-arm64 1.0.0 OK
r-release-macos-x86_64 1.0.0 OK
r-release-windows-ix86+x86_64 1.0.0 50.00 223.00 273.00 NOTE --no-vignettes
r-oldrel-macos-x86_64 1.0.0 OK
r-oldrel-windows-ix86+x86_64 1.0.0 49.00 242.00 291.00 NOTE --no-vignettes

Check Details

Version: 1.0.0
Flags: --no-vignettes
Check: package vignettes
Result: NOTE
    Package vignette with placeholder title 'Vignette Title':
     'guidelines.Rmd'
Flavors: r-devel-linux-x86_64-debian-clang, r-devel-linux-x86_64-debian-gcc, r-devel-windows-x86_64-new-UL, r-patched-linux-x86_64, r-release-linux-x86_64, r-release-windows-ix86+x86_64, r-oldrel-windows-ix86+x86_64