CRAN Package Check Results for Package crmn

Last updated on 2024-02-21 01:49:17 CET.

Flavor Version Tinstall Tcheck Ttotal Status Flags
r-devel-linux-x86_64-debian-clang 0.0.21 NOTE
r-devel-linux-x86_64-debian-gcc 0.0.21 5.93 57.20 63.13 NOTE
r-devel-linux-x86_64-fedora-clang 0.0.21 101.90 OK
r-devel-linux-x86_64-fedora-gcc 0.0.21 111.03 OK
r-devel-windows-x86_64 0.0.21 8.00 89.00 97.00 OK
r-patched-linux-x86_64 0.0.21 7.31 72.33 79.64 OK
r-release-linux-x86_64 0.0.21 8.97 72.40 81.37 OK
r-release-macos-arm64 0.0.21 38.00 OK
r-release-macos-x86_64 0.0.21 71.00 OK
r-release-windows-x86_64 0.0.21 7.00 94.00 101.00 OK
r-oldrel-macos-arm64 0.0.21 32.00 OK
r-oldrel-windows-x86_64 0.0.21 17.00 111.00 128.00 OK

Check Details

Version: 0.0.21
Check: Rd files
Result: NOTE checkRd: (-1) normFit.Rd:39: Lost braces; missing escapes or markup? 39 | {analytes}} | ^ checkRd: (-1) normPred.Rd:27: Lost braces 27 | ode{standards}, \code{analytes}} | ^ Flavors: r-devel-linux-x86_64-debian-clang, r-devel-linux-x86_64-debian-gcc