CRAN Package Check Results for Package crn

Last updated on 2017-04-28 23:52:11.

Flavor Version Tinstall Tcheck Ttotal Status Flags
r-devel-linux-x86_64-debian-clang 1.1 0.89 14.49 15.37 NOTE
r-devel-linux-x86_64-debian-gcc 1.1 0.92 14.12 15.03 NOTE
r-devel-linux-x86_64-fedora-clang 1.1 25.80 NOTE --no-stop-on-test-error
r-devel-linux-x86_64-fedora-gcc 1.1 24.40 NOTE --no-stop-on-test-error
r-devel-windows-ix86+x86_64 1.1 4.00 41.00 45.00 NOTE
r-patched-linux-x86_64 1.1 1.09 14.08 15.17 NOTE
r-patched-solaris-sparc 1.1 156.70 NOTE
r-patched-solaris-x86 1.1 37.10 NOTE
r-release-linux-x86_64 1.1 0.98 14.33 15.31 NOTE
r-release-windows-ix86+x86_64 1.1 7.00 33.00 40.00 NOTE
r-release-osx-x86_64 1.1 NOTE
r-oldrel-windows-ix86+x86_64 1.1 7.00 30.00 37.00 NOTE
r-oldrel-osx-x86_64 1.1 NOTE

Check Details

Version: 1.1
Check: dependencies in R code
Result: NOTE
    'library' or 'require' call to ‘RCurl’ which was already attached by Depends.
     Please remove these calls from your code.
    Packages in Depends field not imported from:
     ‘RCurl’ ‘chron’
     These packages need to be imported from (in the NAMESPACE file)
     for when this namespace is loaded but not attached.
Flavors: r-devel-linux-x86_64-debian-clang, r-devel-linux-x86_64-debian-gcc, r-devel-windows-ix86+x86_64, r-patched-linux-x86_64, r-patched-solaris-sparc, r-patched-solaris-x86, r-release-linux-x86_64, r-release-windows-ix86+x86_64, r-release-osx-x86_64, r-oldrel-windows-ix86+x86_64, r-oldrel-osx-x86_64

Version: 1.1
Check: R code for possible problems
Result: NOTE
    collateDaily: no visible global function definition for ‘read.table’
    collateDaily: no visible global function definition for ‘write.table’
    collateHourly: no visible global function definition for ‘read.table’
    collateHourly: no visible global function definition for ‘write.table’
    downloadCRN: no visible global function definition for ‘download.file’
    getUrlsCRN: no visible global function definition for ‘getURL’
    writeDataset: no visible global function definition for ‘read.table’
    writeDataset: no visible global function definition for ‘write.table’
    Undefined global functions or variables:
     download.file getURL read.table write.table
    Consider adding
     importFrom("utils", "download.file", "read.table", "write.table")
    to your NAMESPACE file.
Flavors: r-devel-linux-x86_64-debian-clang, r-devel-linux-x86_64-debian-gcc, r-devel-windows-ix86+x86_64, r-patched-linux-x86_64, r-patched-solaris-sparc, r-patched-solaris-x86, r-release-linux-x86_64, r-release-windows-ix86+x86_64, r-release-osx-x86_64, r-oldrel-windows-ix86+x86_64, r-oldrel-osx-x86_64

Version: 1.1
Check: Rd line widths
Result: NOTE
    Rd file 'downloadCRN.Rd':
     \usage lines wider than 90 characters:
     downloadCRN(url = CRN.DAILY.URL, directory = DAILY_DIR, years = seq(from = 2000, to = 2011, by = 1))
    
    These lines will be truncated in the PDF manual.
Flavors: r-devel-linux-x86_64-debian-clang, r-devel-linux-x86_64-debian-gcc, r-patched-linux-x86_64, r-release-linux-x86_64

Version: 1.1
Flags: --no-stop-on-test-error
Check: dependencies in R code
Result: NOTE
    'library' or 'require' call to ‘RCurl’ which was already attached by Depends.
     Please remove these calls from your code.
    Packages in Depends field not imported from:
     ‘RCurl’ ‘chron’
     These packages need to be imported from (in the NAMESPACE file)
     for when this namespace is loaded but not attached.
Flavors: r-devel-linux-x86_64-fedora-clang, r-devel-linux-x86_64-fedora-gcc

Version: 1.1
Flags: --no-stop-on-test-error
Check: R code for possible problems
Result: NOTE
    collateDaily: no visible global function definition for ‘read.table’
    collateDaily: no visible global function definition for ‘write.table’
    collateHourly: no visible global function definition for ‘read.table’
    collateHourly: no visible global function definition for ‘write.table’
    downloadCRN: no visible global function definition for ‘download.file’
    getUrlsCRN: no visible global function definition for ‘getURL’
    writeDataset: no visible global function definition for ‘read.table’
    writeDataset: no visible global function definition for ‘write.table’
    Undefined global functions or variables:
     download.file getURL read.table write.table
    Consider adding
     importFrom("utils", "download.file", "read.table", "write.table")
    to your NAMESPACE file.
Flavors: r-devel-linux-x86_64-fedora-clang, r-devel-linux-x86_64-fedora-gcc

Version: 1.1
Flags: --no-stop-on-test-error
Check: Rd line widths
Result: NOTE
    Rd file 'downloadCRN.Rd':
     \usage lines wider than 90 characters:
     downloadCRN(url = CRN.DAILY.URL, directory = DAILY_DIR, years = seq(from = 2000, to = 2011, by = 1))
    
    These lines will be truncated in the PDF manual.
Flavors: r-devel-linux-x86_64-fedora-clang, r-devel-linux-x86_64-fedora-gcc