CRAN Package Check Results for Package crn

Last updated on 2015-07-04 03:48:04.

Flavor Version Tinstall Tcheck Ttotal Status Flags
r-devel-linux-x86_64-debian-clang 1.1 0.92 12.70 13.61 NOTE
r-devel-linux-x86_64-debian-gcc 1.1 0.95 12.03 12.98 NOTE
r-devel-linux-x86_64-fedora-clang 1.1 24.86 NOTE
r-devel-linux-x86_64-fedora-gcc 1.1 23.35 NOTE
r-devel-osx-x86_64-clang 1.1 24.33 NOTE
r-devel-windows-ix86+x86_64 1.1 5.00 20.00 25.00 NOTE
r-patched-linux-x86_64 1.1 0.92 12.62 13.55 NOTE
r-patched-solaris-sparc 1.1 172.70 NOTE
r-patched-solaris-x86 1.1 37.90 NOTE
r-release-linux-x86_64 1.1 0.96 12.14 13.10 NOTE
r-release-osx-x86_64-mavericks 1.1 NOTE
r-release-windows-ix86+x86_64 1.1 5.00 42.00 47.00 NOTE
r-oldrel-windows-ix86+x86_64 1.1 5.00 41.00 46.00 NOTE

Check Details

Version: 1.1
Check: dependencies in R code
Result: NOTE
    'library' or 'require' call to ‘RCurl’ which was already attached by Depends.
     Please remove these calls from your code.
    Packages in Depends field not imported from:
     ‘RCurl’ ‘chron’
     These packages need to be imported from (in the NAMESPACE file)
     for when this namespace is loaded but not attached.
Flavors: r-devel-linux-x86_64-debian-clang, r-devel-linux-x86_64-debian-gcc, r-devel-linux-x86_64-fedora-clang, r-devel-linux-x86_64-fedora-gcc, r-devel-osx-x86_64-clang, r-devel-windows-ix86+x86_64, r-patched-linux-x86_64, r-patched-solaris-sparc, r-patched-solaris-x86, r-release-linux-x86_64, r-release-osx-x86_64-mavericks, r-release-windows-ix86+x86_64, r-oldrel-windows-ix86+x86_64

Version: 1.1
Check: R code for possible problems
Result: NOTE
    collateDaily: no visible global function definition for ‘read.table’
    collateDaily: no visible global function definition for ‘write.table’
    collateHourly: no visible global function definition for ‘read.table’
    collateHourly: no visible global function definition for ‘write.table’
    downloadCRN: no visible global function definition for ‘download.file’
    getUrlsCRN: no visible global function definition for ‘getURL’
    writeDataset: no visible global function definition for ‘read.table’
    writeDataset: no visible global function definition for ‘write.table’
    Undefined global functions or variables:
     download.file getURL read.table write.table
Flavors: r-devel-linux-x86_64-debian-clang, r-devel-linux-x86_64-debian-gcc, r-devel-linux-x86_64-fedora-clang, r-devel-linux-x86_64-fedora-gcc, r-devel-windows-ix86+x86_64

Version: 1.1
Check: Rd line widths
Result: NOTE
    Rd file 'downloadCRN.Rd':
     \usage lines wider than 90 characters:
     downloadCRN(url = CRN.DAILY.URL, directory = DAILY_DIR, years = seq(from = 2000, to = 2011, by = 1))
    
    These lines will be truncated in the PDF manual.
Flavors: r-devel-linux-x86_64-debian-clang, r-devel-linux-x86_64-debian-gcc, r-devel-linux-x86_64-fedora-clang, r-devel-linux-x86_64-fedora-gcc, r-patched-linux-x86_64, r-release-linux-x86_64

Version: 1.1
Check: R code for possible problems
Result: NOTE
    getUrlsCRN: no visible global function definition for ‘getURL’
    Undefined global functions or variables:
     getURL
Flavor: r-devel-osx-x86_64-clang

Version: 1.1
Check: R code for possible problems
Result: NOTE
    getUrlsCRN: no visible global function definition for ‘getURL’
Flavors: r-patched-linux-x86_64, r-patched-solaris-sparc, r-patched-solaris-x86, r-release-linux-x86_64, r-release-osx-x86_64-mavericks, r-release-windows-ix86+x86_64, r-oldrel-windows-ix86+x86_64