CRAN Package Check Results for Package crn

Last updated on 2016-04-29 19:49:43.

Flavor Version Tinstall Tcheck Ttotal Status Flags
r-devel-linux-x86_64-debian-gcc 1.1 0.90 12.61 13.51 NOTE
r-devel-linux-x86_64-fedora-clang 1.1 22.50 NOTE
r-devel-linux-x86_64-fedora-gcc 1.1 21.05 NOTE
r-devel-osx-x86_64-clang 1.1 25.48 NOTE
r-devel-windows-ix86+x86_64 1.1 3.00 28.00 31.00 NOTE
r-patched-linux-x86_64 1.1 0.84 12.15 12.99 NOTE
r-patched-solaris-sparc 1.1 143.20 NOTE
r-patched-solaris-x86 1.1 33.90 NOTE
r-release-linux-x86_64 1.1 0.95 13.36 14.31 NOTE
r-release-osx-x86_64-mavericks 1.1 NOTE
r-release-windows-ix86+x86_64 1.1 4.00 26.00 30.00 NOTE
r-oldrel-windows-ix86+x86_64 1.1 7.00 30.00 37.00 NOTE

Check Details

Version: 1.1
Check: dependencies in R code
Result: NOTE
    'library' or 'require' call to ‘RCurl’ which was already attached by Depends.
     Please remove these calls from your code.
    Packages in Depends field not imported from:
     ‘RCurl’ ‘chron’
     These packages need to be imported from (in the NAMESPACE file)
     for when this namespace is loaded but not attached.
Flavors: r-devel-linux-x86_64-debian-gcc, r-devel-linux-x86_64-fedora-clang, r-devel-linux-x86_64-fedora-gcc, r-devel-osx-x86_64-clang, r-devel-windows-ix86+x86_64, r-patched-linux-x86_64, r-patched-solaris-sparc, r-patched-solaris-x86, r-release-linux-x86_64, r-release-osx-x86_64-mavericks, r-release-windows-ix86+x86_64, r-oldrel-windows-ix86+x86_64

Version: 1.1
Check: R code for possible problems
Result: NOTE
    collateDaily: no visible global function definition for ‘read.table’
    collateDaily: no visible global function definition for ‘write.table’
    collateHourly: no visible global function definition for ‘read.table’
    collateHourly: no visible global function definition for ‘write.table’
    downloadCRN: no visible global function definition for ‘download.file’
    getUrlsCRN: no visible global function definition for ‘getURL’
    writeDataset: no visible global function definition for ‘read.table’
    writeDataset: no visible global function definition for ‘write.table’
    Undefined global functions or variables:
     download.file getURL read.table write.table
    Consider adding
     importFrom("utils", "download.file", "read.table", "write.table")
    to your NAMESPACE file.
Flavors: r-devel-linux-x86_64-debian-gcc, r-devel-linux-x86_64-fedora-clang, r-devel-linux-x86_64-fedora-gcc, r-devel-osx-x86_64-clang, r-devel-windows-ix86+x86_64, r-patched-linux-x86_64, r-patched-solaris-sparc, r-patched-solaris-x86

Version: 1.1
Check: Rd line widths
Result: NOTE
    Rd file 'downloadCRN.Rd':
     \usage lines wider than 90 characters:
     downloadCRN(url = CRN.DAILY.URL, directory = DAILY_DIR, years = seq(from = 2000, to = 2011, by = 1))
    
    These lines will be truncated in the PDF manual.
Flavors: r-devel-linux-x86_64-debian-gcc, r-devel-linux-x86_64-fedora-clang, r-devel-linux-x86_64-fedora-gcc, r-patched-linux-x86_64, r-release-linux-x86_64

Version: 1.1
Check: R code for possible problems
Result: NOTE
    getUrlsCRN: no visible global function definition for ‘getURL’
Flavors: r-release-linux-x86_64, r-release-osx-x86_64-mavericks, r-release-windows-ix86+x86_64, r-oldrel-windows-ix86+x86_64