CRAN Package Check Results for Package crn

Last updated on 2014-09-20 03:48:38.

Flavor Version Tinstall Tcheck Ttotal Status Flags
r-devel-linux-x86_64-debian-clang 1.1 1.04 14.72 15.76 NOTE
r-devel-linux-x86_64-debian-gcc 1.1 1.03 14.58 15.61 NOTE
r-devel-linux-x86_64-fedora-clang 1.1 33.95 NOTE
r-devel-linux-x86_64-fedora-gcc 1.1 31.94 NOTE
r-devel-osx-x86_64-clang 1.1 36.11 NOTE
r-devel-windows-ix86+x86_64 1.1 4.00 23.00 27.00 NOTE
r-patched-linux-x86_64 1.1 1.17 15.43 16.60 NOTE
r-patched-solaris-sparc 1.1 195.60 NOTE
r-patched-solaris-x86 1.1 46.20 NOTE
r-release-linux-ix86 1.1 1.51 21.77 23.28 NOTE
r-release-linux-x86_64 1.1 1.11 16.28 17.39 NOTE
r-release-osx-x86_64-mavericks 1.1 NOTE
r-release-windows-ix86+x86_64 1.1 4.00 24.00 28.00 NOTE
r-oldrel-windows-ix86+x86_64 1.1 5.00 25.00 30.00 NOTE

Check Details

Version: 1.1
Check: dependencies in R code
Result: NOTE
    'library' or 'require' call to ‘RCurl’ which was already attached by Depends.
     Please remove these calls from your code.
    Packages in Depends field not imported from:
     ‘RCurl’ ‘chron’
     These packages need to be imported from (in the NAMESPACE file)
     for when this namespace is loaded but not attached.
    See the information on DESCRIPTION files in the chapter ‘Creating R
    packages’ of the ‘Writing R Extensions’ manual.
Flavors: r-devel-linux-x86_64-debian-clang, r-devel-linux-x86_64-debian-gcc, r-devel-linux-x86_64-fedora-clang, r-devel-linux-x86_64-fedora-gcc, r-devel-osx-x86_64-clang, r-devel-windows-ix86+x86_64, r-patched-linux-x86_64, r-patched-solaris-sparc, r-patched-solaris-x86, r-release-linux-ix86, r-release-linux-x86_64, r-release-osx-x86_64-mavericks, r-release-windows-ix86+x86_64, r-oldrel-windows-ix86+x86_64

Version: 1.1
Check: R code for possible problems
Result: NOTE
    getUrlsCRN: no visible global function definition for ‘getURL’
Flavors: r-devel-linux-x86_64-debian-clang, r-devel-linux-x86_64-debian-gcc, r-devel-linux-x86_64-fedora-clang, r-devel-linux-x86_64-fedora-gcc, r-devel-osx-x86_64-clang, r-devel-windows-ix86+x86_64

Version: 1.1
Check: Rd line widths
Result: NOTE
    Rd file 'downloadCRN.Rd':
     \usage lines wider than 90 characters:
     downloadCRN(url = CRN.DAILY.URL, directory = DAILY_DIR, years = seq(from = 2000, to = 2011, by = 1))
    
    These lines will be truncated in the PDF manual.
Flavors: r-devel-linux-x86_64-debian-clang, r-devel-linux-x86_64-debian-gcc, r-devel-linux-x86_64-fedora-clang, r-devel-linux-x86_64-fedora-gcc, r-patched-linux-x86_64, r-release-linux-x86_64