CRAN Package Check Results for Package crn

Last updated on 2017-03-27 06:48:01.

Flavor Version Tinstall Tcheck Ttotal Status Flags
r-devel-linux-x86_64-debian-clang 1.1 0.89 14.36 15.25 NOTE
r-devel-linux-x86_64-debian-gcc 1.1 0.94 14.41 15.34 NOTE
r-devel-linux-x86_64-fedora-clang 1.1 25.55 NOTE --no-stop-on-test-error
r-devel-linux-x86_64-fedora-gcc 1.1 24.81 NOTE --no-stop-on-test-error
r-devel-macos-x86_64-clang 1.1 22.88 NOTE --no-stop-on-test-error
r-patched-linux-x86_64 1.1 0.90 14.37 15.27 NOTE
r-patched-solaris-sparc 1.1 156.70 NOTE
r-patched-solaris-x86 1.1 37.30 NOTE
r-release-linux-x86_64 1.1 0.96 12.19 13.15 NOTE
r-release-osx-x86_64-mavericks 1.1 NOTE
r-release-windows-ix86+x86_64 1.1 7.00 32.00 39.00 NOTE
r-oldrel-windows-ix86+x86_64 1.1 6.00 27.00 33.00 NOTE

Check Details

Version: 1.1
Check: dependencies in R code
Result: NOTE
    'library' or 'require' call to ‘RCurl’ which was already attached by Depends.
     Please remove these calls from your code.
    Packages in Depends field not imported from:
     ‘RCurl’ ‘chron’
     These packages need to be imported from (in the NAMESPACE file)
     for when this namespace is loaded but not attached.
Flavors: r-devel-linux-x86_64-debian-clang, r-devel-linux-x86_64-debian-gcc, r-patched-linux-x86_64, r-patched-solaris-sparc, r-patched-solaris-x86, r-release-linux-x86_64, r-release-osx-x86_64-mavericks, r-release-windows-ix86+x86_64, r-oldrel-windows-ix86+x86_64

Version: 1.1
Check: R code for possible problems
Result: NOTE
    collateDaily: no visible global function definition for ‘read.table’
    collateDaily: no visible global function definition for ‘write.table’
    collateHourly: no visible global function definition for ‘read.table’
    collateHourly: no visible global function definition for ‘write.table’
    downloadCRN: no visible global function definition for ‘download.file’
    getUrlsCRN: no visible global function definition for ‘getURL’
    writeDataset: no visible global function definition for ‘read.table’
    writeDataset: no visible global function definition for ‘write.table’
    Undefined global functions or variables:
     download.file getURL read.table write.table
    Consider adding
     importFrom("utils", "download.file", "read.table", "write.table")
    to your NAMESPACE file.
Flavors: r-devel-linux-x86_64-debian-clang, r-devel-linux-x86_64-debian-gcc, r-patched-linux-x86_64, r-patched-solaris-sparc, r-patched-solaris-x86, r-release-linux-x86_64, r-release-osx-x86_64-mavericks, r-release-windows-ix86+x86_64

Version: 1.1
Check: Rd line widths
Result: NOTE
    Rd file 'downloadCRN.Rd':
     \usage lines wider than 90 characters:
     downloadCRN(url = CRN.DAILY.URL, directory = DAILY_DIR, years = seq(from = 2000, to = 2011, by = 1))
    
    These lines will be truncated in the PDF manual.
Flavors: r-devel-linux-x86_64-debian-clang, r-devel-linux-x86_64-debian-gcc, r-patched-linux-x86_64, r-release-linux-x86_64

Version: 1.1
Flags: --no-stop-on-test-error
Check: dependencies in R code
Result: NOTE
    'library' or 'require' call to ‘RCurl’ which was already attached by Depends.
     Please remove these calls from your code.
    Packages in Depends field not imported from:
     ‘RCurl’ ‘chron’
     These packages need to be imported from (in the NAMESPACE file)
     for when this namespace is loaded but not attached.
Flavors: r-devel-linux-x86_64-fedora-clang, r-devel-linux-x86_64-fedora-gcc, r-devel-macos-x86_64-clang

Version: 1.1
Flags: --no-stop-on-test-error
Check: R code for possible problems
Result: NOTE
    collateDaily: no visible global function definition for ‘read.table’
    collateDaily: no visible global function definition for ‘write.table’
    collateHourly: no visible global function definition for ‘read.table’
    collateHourly: no visible global function definition for ‘write.table’
    downloadCRN: no visible global function definition for ‘download.file’
    getUrlsCRN: no visible global function definition for ‘getURL’
    writeDataset: no visible global function definition for ‘read.table’
    writeDataset: no visible global function definition for ‘write.table’
    Undefined global functions or variables:
     download.file getURL read.table write.table
    Consider adding
     importFrom("utils", "download.file", "read.table", "write.table")
    to your NAMESPACE file.
Flavors: r-devel-linux-x86_64-fedora-clang, r-devel-linux-x86_64-fedora-gcc, r-devel-macos-x86_64-clang

Version: 1.1
Flags: --no-stop-on-test-error
Check: Rd line widths
Result: NOTE
    Rd file 'downloadCRN.Rd':
     \usage lines wider than 90 characters:
     downloadCRN(url = CRN.DAILY.URL, directory = DAILY_DIR, years = seq(from = 2000, to = 2011, by = 1))
    
    These lines will be truncated in the PDF manual.
Flavors: r-devel-linux-x86_64-fedora-clang, r-devel-linux-x86_64-fedora-gcc

Version: 1.1
Check: R code for possible problems
Result: NOTE
    getUrlsCRN: no visible global function definition for 'getURL'
Flavor: r-oldrel-windows-ix86+x86_64