CRAN Package Check Results for Package crop

Last updated on 2021-12-03 02:48:51 CET.

Flavor Version Tinstall Tcheck Ttotal Status Flags
r-devel-linux-x86_64-debian-clang 0.0-2 1.84 19.18 21.02 NOTE
r-devel-linux-x86_64-debian-gcc 0.0-2 1.36 15.92 17.28 NOTE
r-devel-linux-x86_64-fedora-clang 0.0-2 37.39 NOTE
r-devel-linux-x86_64-fedora-gcc 0.0-2 26.19 NOTE
r-devel-windows-x86_64-new-UL 0.0-2 6.00 43.00 49.00 OK
r-devel-windows-x86_64-new-TK 0.0-2 OK
r-devel-windows-x86_64-old 0.0-2 3.00 22.00 25.00 OK
r-patched-linux-x86_64 0.0-2 1.71 18.79 20.50 NOTE
r-patched-solaris-x86 0.0-2 40.70 NOTE
r-release-linux-x86_64 0.0-2 1.54 18.57 20.11 NOTE
r-release-macos-arm64 0.0-2 OK
r-release-macos-x86_64 0.0-2 OK
r-release-windows-ix86+x86_64 0.0-2 4.00 23.00 27.00 OK
r-oldrel-macos-x86_64 0.0-2 OK
r-oldrel-windows-ix86+x86_64 0.0-2 3.00 23.00 26.00 OK

Check Details

Version: 0.0-2
Check: for non-standard things in the check directory
Result: NOTE
    Found the following files/directories:
     'crop.eps' 'crop.pdf' 'crop.png' 'crop.ps'
Flavors: r-devel-linux-x86_64-debian-clang, r-devel-linux-x86_64-debian-gcc, r-devel-linux-x86_64-fedora-clang, r-devel-linux-x86_64-fedora-gcc, r-patched-linux-x86_64, r-patched-solaris-x86, r-release-linux-x86_64