Last updated on 2021-04-11 23:46:55 CEST.
Flavor | Version | Tinstall | Tcheck | Ttotal | Status | Flags |
---|---|---|---|---|---|---|
r-devel-linux-x86_64-debian-clang | 1.0.1 | 11.29 | 102.39 | 113.68 | NOTE | |
r-devel-linux-x86_64-debian-gcc | 1.0.1 | 9.52 | 73.17 | 82.69 | NOTE | |
r-devel-linux-x86_64-fedora-clang | 1.0.1 | 146.45 | NOTE | |||
r-devel-linux-x86_64-fedora-gcc | 1.0.1 | 127.36 | NOTE | |||
r-devel-windows-ix86+x86_64 | 1.0.1 | 27.00 | 112.00 | 139.00 | NOTE | |
r-devel-windows-x86_64-gcc10-UCRT | 1.0.1 | NOTE | ||||
r-patched-linux-x86_64 | 1.0.1 | 10.24 | 89.94 | 100.18 | OK | |
r-patched-solaris-x86 | 1.0.1 | 199.80 | OK | |||
r-release-linux-x86_64 | 1.0.1 | 9.83 | 89.67 | 99.50 | OK | |
r-release-macos-x86_64 | 1.0.1 | OK | ||||
r-release-windows-ix86+x86_64 | 1.0.1 | 27.00 | 111.00 | 138.00 | OK | |
r-oldrel-macos-x86_64 | 1.0.1 | OK | ||||
r-oldrel-windows-ix86+x86_64 | 1.0.1 | 16.00 | 84.00 | 100.00 | OK |
Version: 1.0.1
Check: LazyData
Result: NOTE
'LazyData' is specified without a 'data' directory
Flavors: r-devel-linux-x86_64-debian-clang, r-devel-linux-x86_64-debian-gcc, r-devel-linux-x86_64-fedora-clang, r-devel-linux-x86_64-fedora-gcc, r-devel-windows-ix86+x86_64, r-devel-windows-x86_64-gcc10-UCRT