CRAN Package Check Results for Package crossdes

Last updated on 2016-06-27 17:52:51.

Flavor Version Tinstall Tcheck Ttotal Status Flags
r-devel-linux-x86_64-debian-gcc 1.1-1 0.64 11.78 12.42 NOTE
r-devel-linux-x86_64-fedora-clang 1.1-1 20.88 NOTE
r-devel-linux-x86_64-fedora-gcc 1.1-1 19.66 NOTE
r-devel-osx-x86_64-clang 1.1-1 19.49 NOTE
r-devel-windows-ix86+x86_64 1.1-1 4.00 30.00 34.00 NOTE
r-patched-linux-x86_64 1.1-1 0.78 12.96 13.74 NOTE
r-patched-solaris-sparc 1.1-1 133.50 NOTE
r-patched-solaris-x86 1.1-1 29.90 NOTE
r-release-linux-x86_64 1.1-1 0.70 11.99 12.69 NOTE
r-release-osx-x86_64-mavericks 1.1-1 NOTE
r-release-windows-ix86+x86_64 1.1-1 3.00 37.00 40.00 NOTE
r-oldrel-windows-ix86+x86_64 1.1-1 3.00 21.00 24.00 OK

Check Details

Version: 1.1-1
Check: R code for possible problems
Result: NOTE
    get.plan: no visible global function definition for ‘menu’
    Undefined global functions or variables:
     menu
    Consider adding
     importFrom("utils", "menu")
    to your NAMESPACE file.
Flavors: r-devel-linux-x86_64-debian-gcc, r-devel-linux-x86_64-fedora-clang, r-devel-linux-x86_64-fedora-gcc, r-devel-osx-x86_64-clang, r-devel-windows-ix86+x86_64, r-patched-linux-x86_64, r-patched-solaris-sparc, r-patched-solaris-x86, r-release-linux-x86_64, r-release-osx-x86_64-mavericks, r-release-windows-ix86+x86_64