CRAN Package Check Results for Package crossdes

Last updated on 2016-02-07 03:50:31.

Flavor Version Tinstall Tcheck Ttotal Status Flags
r-devel-linux-x86_64-debian-gcc 1.1-1 0.62 10.56 11.18 NOTE
r-devel-linux-x86_64-fedora-clang 1.1-1 20.63 NOTE
r-devel-linux-x86_64-fedora-gcc 1.1-1 19.29 NOTE
r-devel-osx-x86_64-clang 1.1-1 24.35 NOTE
r-devel-windows-ix86+x86_64 1.1-1 4.00 32.00 36.00 NOTE
r-patched-linux-x86_64 1.1-1 0.67 11.63 12.30 OK
r-patched-solaris-sparc 1.1-1 131.60 OK
r-patched-solaris-x86 1.1-1 28.90 OK
r-release-linux-x86_64 1.1-1 0.72 11.44 12.16 OK
r-release-osx-x86_64-mavericks 1.1-1 OK
r-release-windows-ix86+x86_64 1.1-1 3.00 21.00 24.00 OK
r-oldrel-windows-ix86+x86_64 1.1-1 4.00 23.00 27.00 OK

Check Details

Version: 1.1-1
Check: R code for possible problems
Result: NOTE
    get.plan: no visible global function definition for ‘menu’
    Undefined global functions or variables:
     menu
    Consider adding
     importFrom("utils", "menu")
    to your NAMESPACE file.
Flavors: r-devel-linux-x86_64-debian-gcc, r-devel-linux-x86_64-fedora-clang, r-devel-linux-x86_64-fedora-gcc, r-devel-osx-x86_64-clang, r-devel-windows-ix86+x86_64