CRAN Package Check Results for Package crossdes

Last updated on 2017-05-27 01:46:43.

Flavor Version Tinstall Tcheck Ttotal Status Flags
r-devel-linux-x86_64-debian-clang 1.1-1 0.76 14.46 15.21 NOTE
r-devel-linux-x86_64-debian-gcc 1.1-1 0.74 14.68 15.41 NOTE
r-devel-linux-x86_64-fedora-clang 1.1-1 25.65 NOTE
r-devel-linux-x86_64-fedora-gcc 1.1-1 24.08 NOTE
r-devel-windows-ix86+x86_64 1.1-1 6.00 43.00 49.00 NOTE
r-patched-linux-x86_64 1.1-1 0.78 14.56 15.34 NOTE
r-patched-solaris-sparc 1.1-1 151.10 NOTE
r-patched-solaris-x86 1.1-1 33.50 NOTE
r-release-linux-x86_64 1.1-1 0.81 14.14 14.95 NOTE
r-release-windows-ix86+x86_64 1.1-1 3.00 31.00 34.00 NOTE
r-release-osx-x86_64 1.1-1 NOTE
r-oldrel-windows-ix86+x86_64 1.1-1 2.00 31.00 33.00 NOTE
r-oldrel-osx-x86_64 1.1-1 NOTE

Check Details

Version: 1.1-1
Check: R code for possible problems
Result: NOTE
    get.plan: no visible global function definition for ‘menu’
    Undefined global functions or variables:
     menu
    Consider adding
     importFrom("utils", "menu")
    to your NAMESPACE file.
Flavors: r-devel-linux-x86_64-debian-clang, r-devel-linux-x86_64-debian-gcc, r-devel-linux-x86_64-fedora-clang, r-devel-linux-x86_64-fedora-gcc, r-devel-windows-ix86+x86_64, r-patched-linux-x86_64, r-patched-solaris-sparc, r-patched-solaris-x86, r-release-linux-x86_64, r-release-windows-ix86+x86_64, r-release-osx-x86_64, r-oldrel-windows-ix86+x86_64, r-oldrel-osx-x86_64