CRAN Package Check Results for Package crossdes

Last updated on 2018-06-24 16:48:42 CEST.

Flavor Version Tinstall Tcheck Ttotal Status Flags
r-devel-linux-x86_64-debian-clang 1.1-1 1.41 22.45 23.86 NOTE
r-devel-linux-x86_64-debian-gcc 1.1-1 1.19 17.61 18.80 NOTE
r-devel-linux-x86_64-fedora-clang 1.1-1 28.10 NOTE
r-devel-linux-x86_64-fedora-gcc 1.1-1 26.48 NOTE
r-devel-windows-ix86+x86_64 1.1-1 6.00 35.00 41.00 NOTE
r-patched-linux-x86_64 1.1-1 1.64 21.37 23.01 NOTE
r-patched-solaris-x86 1.1-1 39.40 NOTE
r-release-linux-x86_64 1.1-1 2.01 21.02 23.03 NOTE
r-release-windows-ix86+x86_64 1.1-1 5.00 35.00 40.00 NOTE
r-release-osx-x86_64 1.1-1 NOTE
r-oldrel-windows-ix86+x86_64 1.1-1 3.00 32.00 35.00 NOTE
r-oldrel-osx-x86_64 1.1-1 NOTE

Check Details

Version: 1.1-1
Check: R code for possible problems
Result: NOTE
    get.plan: no visible global function definition for ‘menu’
    Undefined global functions or variables:
     menu
    Consider adding
     importFrom("utils", "menu")
    to your NAMESPACE file.
Flavors: r-devel-linux-x86_64-debian-clang, r-devel-linux-x86_64-debian-gcc, r-devel-linux-x86_64-fedora-clang, r-devel-linux-x86_64-fedora-gcc, r-devel-windows-ix86+x86_64, r-patched-linux-x86_64, r-patched-solaris-x86, r-release-linux-x86_64, r-release-windows-ix86+x86_64, r-release-osx-x86_64, r-oldrel-windows-ix86+x86_64, r-oldrel-osx-x86_64