CRAN Package Check Results for Package crossdes

Last updated on 2017-07-22 08:47:59.

Flavor Version Tinstall Tcheck Ttotal Status Flags
r-devel-linux-x86_64-debian-clang 1.1-1 0.77 21.01 21.78 NOTE
r-devel-linux-x86_64-debian-gcc 1.1-1 0.75 20.92 21.66 NOTE
r-devel-linux-x86_64-fedora-clang 1.1-1 25.35 NOTE
r-devel-linux-x86_64-fedora-gcc 1.1-1 24.04 NOTE
r-devel-windows-ix86+x86_64 1.1-1 3.00 32.00 35.00 NOTE
r-patched-linux-x86_64 1.1-1 0.78 20.99 21.76 NOTE
r-patched-solaris-x86 1.1-1 33.80 NOTE
r-release-linux-x86_64 1.1-1 0.70 20.85 21.55 NOTE
r-release-windows-ix86+x86_64 1.1-1 3.00 31.00 34.00 NOTE
r-release-osx-x86_64 1.1-1 NOTE
r-oldrel-windows-ix86+x86_64 1.1-1 2.00 31.00 33.00 NOTE
r-oldrel-osx-x86_64 1.1-1 NOTE

Check Details

Version: 1.1-1
Check: R code for possible problems
Result: NOTE
    get.plan: no visible global function definition for ‘menu’
    Undefined global functions or variables:
     menu
    Consider adding
     importFrom("utils", "menu")
    to your NAMESPACE file.
Flavors: r-devel-linux-x86_64-debian-clang, r-devel-linux-x86_64-debian-gcc, r-devel-linux-x86_64-fedora-clang, r-devel-linux-x86_64-fedora-gcc, r-devel-windows-ix86+x86_64, r-patched-linux-x86_64, r-patched-solaris-x86, r-release-linux-x86_64, r-release-windows-ix86+x86_64, r-release-osx-x86_64, r-oldrel-windows-ix86+x86_64, r-oldrel-osx-x86_64