CRAN Package Check Results for Package crossdes

Last updated on 2016-05-28 19:49:08.

Flavor Version Tinstall Tcheck Ttotal Status Flags
r-devel-linux-x86_64-debian-gcc 1.1-1 0.69 12.22 12.91 NOTE
r-devel-linux-x86_64-fedora-clang 1.1-1 23.13 NOTE
r-devel-linux-x86_64-fedora-gcc 1.1-1 19.95 NOTE
r-devel-osx-x86_64-clang 1.1-1 24.94 NOTE
r-devel-windows-ix86+x86_64 1.1-1 2.00 29.00 31.00 NOTE
r-patched-linux-x86_64 1.1-1 0.64 12.10 12.74 NOTE
r-patched-solaris-sparc 1.1-1 134.40 NOTE
r-patched-solaris-x86 1.1-1 30.30 NOTE
r-release-linux-x86_64 1.1-1 0.66 11.96 12.61 NOTE
r-release-osx-x86_64-mavericks 1.1-1 NOTE
r-release-windows-ix86+x86_64 1.1-1 3.00 37.00 40.00 NOTE
r-oldrel-windows-ix86+x86_64 1.1-1 3.00 21.00 24.00 OK

Check Details

Version: 1.1-1
Check: R code for possible problems
Result: NOTE
    get.plan: no visible global function definition for ‘menu’
    Undefined global functions or variables:
     menu
    Consider adding
     importFrom("utils", "menu")
    to your NAMESPACE file.
Flavors: r-devel-linux-x86_64-debian-gcc, r-devel-linux-x86_64-fedora-clang, r-devel-linux-x86_64-fedora-gcc, r-devel-osx-x86_64-clang, r-devel-windows-ix86+x86_64, r-patched-linux-x86_64, r-patched-solaris-sparc, r-patched-solaris-x86, r-release-linux-x86_64, r-release-osx-x86_64-mavericks, r-release-windows-ix86+x86_64