CRAN Package Check Results for Package crossdes

Last updated on 2017-03-28 06:47:42.

Flavor Version Tinstall Tcheck Ttotal Status Flags
r-devel-linux-x86_64-debian-clang 1.1-1 0.72 14.65 15.37 NOTE
r-devel-linux-x86_64-debian-gcc 1.1-1 0.74 14.40 15.13 NOTE
r-devel-linux-x86_64-fedora-clang 1.1-1 25.12 NOTE --no-stop-on-test-error
r-devel-linux-x86_64-fedora-gcc 1.1-1 24.08 NOTE --no-stop-on-test-error
r-devel-macos-x86_64-clang 1.1-1 21.89 NOTE --no-stop-on-test-error
r-devel-windows-ix86+x86_64 1.1-1 2.00 29.00 31.00 NOTE
r-patched-linux-x86_64 1.1-1 0.84 14.71 15.55 NOTE
r-patched-solaris-sparc 1.1-1 151.10 NOTE
r-patched-solaris-x86 1.1-1 33.50 NOTE
r-release-linux-x86_64 1.1-1 0.64 12.57 13.22 NOTE
r-release-osx-x86_64-mavericks 1.1-1 NOTE
r-release-windows-ix86+x86_64 1.1-1 2.00 31.00 33.00 NOTE
r-oldrel-windows-ix86+x86_64 1.1-1 3.00 27.00 30.00 OK

Check Details

Version: 1.1-1
Check: R code for possible problems
Result: NOTE
    get.plan: no visible global function definition for ‘menu’
    Undefined global functions or variables:
     menu
    Consider adding
     importFrom("utils", "menu")
    to your NAMESPACE file.
Flavors: r-devel-linux-x86_64-debian-clang, r-devel-linux-x86_64-debian-gcc, r-devel-windows-ix86+x86_64, r-patched-linux-x86_64, r-patched-solaris-sparc, r-patched-solaris-x86, r-release-linux-x86_64, r-release-osx-x86_64-mavericks, r-release-windows-ix86+x86_64

Version: 1.1-1
Flags: --no-stop-on-test-error
Check: R code for possible problems
Result: NOTE
    get.plan: no visible global function definition for ‘menu’
    Undefined global functions or variables:
     menu
    Consider adding
     importFrom("utils", "menu")
    to your NAMESPACE file.
Flavors: r-devel-linux-x86_64-fedora-clang, r-devel-linux-x86_64-fedora-gcc, r-devel-macos-x86_64-clang