CRAN Package Check Results for Package crossdes

Last updated on 2016-12-06 18:49:15.

Flavor Version Tinstall Tcheck Ttotal Status Flags
r-devel-linux-x86_64-debian-clang 1.1-1 0.72 14.21 14.94 NOTE
r-devel-linux-x86_64-debian-gcc 1.1-1 0.72 13.84 14.56 NOTE
r-devel-linux-x86_64-fedora-clang 1.1-1 26.10 NOTE --no-stop-on-test-error
r-devel-linux-x86_64-fedora-gcc 1.1-1 24.33 NOTE --no-stop-on-test-error
r-devel-macos-x86_64-clang 1.1-1 23.22 NOTE
r-devel-windows-ix86+x86_64 1.1-1 5.00 42.00 47.00 NOTE
r-patched-linux-x86_64 1.1-1 0.65 12.10 12.75 NOTE
r-patched-solaris-sparc 1.1-1 133.50 NOTE
r-patched-solaris-x86 1.1-1 29.00 NOTE
r-release-linux-x86_64 1.1-1 0.64 12.16 12.81 NOTE
r-release-osx-x86_64-mavericks 1.1-1 NOTE
r-release-windows-ix86+x86_64 1.1-1 2.00 31.00 33.00 NOTE
r-oldrel-windows-ix86+x86_64 1.1-1 3.00 27.00 30.00 OK

Check Details

Version: 1.1-1
Check: R code for possible problems
Result: NOTE
    get.plan: no visible global function definition for ‘menu’
    Undefined global functions or variables:
     menu
    Consider adding
     importFrom("utils", "menu")
    to your NAMESPACE file.
Flavors: r-devel-linux-x86_64-debian-clang, r-devel-linux-x86_64-debian-gcc, r-devel-macos-x86_64-clang, r-devel-windows-ix86+x86_64, r-patched-linux-x86_64, r-patched-solaris-sparc, r-patched-solaris-x86, r-release-linux-x86_64, r-release-osx-x86_64-mavericks, r-release-windows-ix86+x86_64

Version: 1.1-1
Flags: --no-stop-on-test-error
Check: R code for possible problems
Result: NOTE
    get.plan: no visible global function definition for ‘menu’
    Undefined global functions or variables:
     menu
    Consider adding
     importFrom("utils", "menu")
    to your NAMESPACE file.
Flavors: r-devel-linux-x86_64-fedora-clang, r-devel-linux-x86_64-fedora-gcc