CRAN Package Check Results for Package crossdes

Last updated on 2016-09-26 10:48:09.

Flavor Version Tinstall Tcheck Ttotal Status Flags
r-devel-linux-x86_64-debian-clang 1.1-1 0.62 11.69 12.31 NOTE
r-devel-linux-x86_64-debian-gcc 1.1-1 0.64 11.95 12.59 NOTE
r-devel-linux-x86_64-fedora-clang 1.1-1 21.05 NOTE
r-devel-linux-x86_64-fedora-gcc 1.1-1 20.48 NOTE
r-devel-macos-x86_64-clang 1.1-1 19.29 NOTE
r-devel-windows-ix86+x86_64 1.1-1 4.00 44.00 48.00 NOTE
r-patched-linux-x86_64 1.1-1 0.65 12.22 12.87 NOTE
r-patched-solaris-sparc 1.1-1 133.50 NOTE
r-patched-solaris-x86 1.1-1 28.90 NOTE
r-release-linux-x86_64 1.1-1 0.66 11.78 12.44 NOTE
r-release-osx-x86_64-mavericks 1.1-1 NOTE
r-release-windows-ix86+x86_64 1.1-1 3.00 32.00 35.00 NOTE
r-oldrel-windows-ix86+x86_64 1.1-1 3.00 21.00 24.00 OK

Check Details

Version: 1.1-1
Check: R code for possible problems
Result: NOTE
    get.plan: no visible global function definition for ‘menu’
    Undefined global functions or variables:
     menu
    Consider adding
     importFrom("utils", "menu")
    to your NAMESPACE file.
Flavors: r-devel-linux-x86_64-debian-clang, r-devel-linux-x86_64-debian-gcc, r-devel-linux-x86_64-fedora-clang, r-devel-linux-x86_64-fedora-gcc, r-devel-macos-x86_64-clang, r-devel-windows-ix86+x86_64, r-patched-linux-x86_64, r-patched-solaris-sparc, r-patched-solaris-x86, r-release-linux-x86_64, r-release-osx-x86_64-mavericks, r-release-windows-ix86+x86_64