CRAN Package Check Results for Package crossdes

Last updated on 2017-01-21 23:51:33.

Flavor Version Tinstall Tcheck Ttotal Status Flags
r-devel-linux-x86_64-debian-clang 1.1-1 0.70 14.14 14.84 NOTE
r-devel-linux-x86_64-debian-gcc 1.1-1 0.80 13.99 14.79 NOTE
r-devel-linux-x86_64-fedora-clang 1.1-1 24.82 NOTE --no-stop-on-test-error
r-devel-linux-x86_64-fedora-gcc 1.1-1 23.56 NOTE --no-stop-on-test-error
r-devel-macos-x86_64-clang 1.1-1 22.58 NOTE --no-stop-on-test-error
r-devel-windows-ix86+x86_64 1.1-1 4.00 33.00 37.00 NOTE
r-patched-linux-x86_64 1.1-1 0.70 12.39 13.09 NOTE
r-patched-solaris-sparc 1.1-1 137.20 NOTE
r-patched-solaris-x86 1.1-1 28.80 NOTE
r-release-linux-x86_64 1.1-1 0.78 12.01 12.79 NOTE
r-release-osx-x86_64-mavericks 1.1-1 NOTE
r-release-windows-ix86+x86_64 1.1-1 2.00 31.00 33.00 NOTE
r-oldrel-windows-ix86+x86_64 1.1-1 3.00 27.00 30.00 OK

Check Details

Version: 1.1-1
Check: R code for possible problems
Result: NOTE
    get.plan: no visible global function definition for ‘menu’
    Undefined global functions or variables:
     menu
    Consider adding
     importFrom("utils", "menu")
    to your NAMESPACE file.
Flavors: r-devel-linux-x86_64-debian-clang, r-devel-linux-x86_64-debian-gcc, r-devel-windows-ix86+x86_64, r-patched-linux-x86_64, r-patched-solaris-sparc, r-patched-solaris-x86, r-release-linux-x86_64, r-release-osx-x86_64-mavericks, r-release-windows-ix86+x86_64

Version: 1.1-1
Flags: --no-stop-on-test-error
Check: R code for possible problems
Result: NOTE
    get.plan: no visible global function definition for ‘menu’
    Undefined global functions or variables:
     menu
    Consider adding
     importFrom("utils", "menu")
    to your NAMESPACE file.
Flavors: r-devel-linux-x86_64-fedora-clang, r-devel-linux-x86_64-fedora-gcc, r-devel-macos-x86_64-clang