CRAN Package Check Results for Package crossdes

Last updated on 2015-08-03 05:47:38.

Flavor Version Tinstall Tcheck Ttotal Status Flags
r-devel-linux-x86_64-debian-clang 1.1-1 0.65 11.93 12.58 NOTE
r-devel-linux-x86_64-debian-gcc 1.1-1 0.66 11.10 11.76 NOTE
r-devel-linux-x86_64-fedora-clang 1.1-1 23.36 NOTE
r-devel-linux-x86_64-fedora-gcc 1.1-1 21.70 NOTE
r-devel-osx-x86_64-clang 1.1-1 22.74 OK
r-devel-windows-ix86+x86_64 1.1-1 3.00 23.00 26.00 NOTE
r-patched-linux-x86_64 1.1-1 0.67 11.79 12.46 OK
r-patched-solaris-sparc 1.1-1 151.40 OK
r-patched-solaris-x86 1.1-1 33.30 OK
r-release-linux-x86_64 1.1-1 0.79 11.66 12.45 OK
r-release-osx-x86_64-mavericks 1.1-1 OK
r-release-windows-ix86+x86_64 1.1-1 3.00 20.00 23.00 OK
r-oldrel-windows-ix86+x86_64 1.1-1 4.00 23.00 27.00 OK

Check Details

Version: 1.1-1
Check: R code for possible problems
Result: NOTE
    get.plan: no visible global function definition for ‘menu’
    Undefined global functions or variables:
     menu
    Consider adding
     importFrom("utils", "menu")
    to your NAMESPACE.
Flavors: r-devel-linux-x86_64-debian-clang, r-devel-linux-x86_64-debian-gcc, r-devel-linux-x86_64-fedora-clang, r-devel-linux-x86_64-fedora-gcc, r-devel-windows-ix86+x86_64