CRAN Package Check Results for Package crossmatch

Last updated on 2015-05-24 08:48:26.

Flavor Version Tinstall Tcheck Ttotal Status Flags
r-devel-linux-x86_64-debian-clang 1.3-1 1.74 23.44 25.17 NOTE
r-devel-linux-x86_64-debian-gcc 1.3-1 1.78 22.00 23.79 NOTE
r-devel-linux-x86_64-fedora-clang 1.3-1 50.53 NOTE
r-devel-linux-x86_64-fedora-gcc 1.3-1 47.64 NOTE
r-devel-osx-x86_64-clang 1.3-1 48.10 NOTE
r-devel-windows-ix86+x86_64 1.3-1 6.00 39.00 45.00 NOTE
r-patched-linux-x86_64 1.3-1 1.79 22.10 23.88 NOTE
r-patched-solaris-sparc 1.3-1 312.00 NOTE
r-patched-solaris-x86 1.3-1 69.80 NOTE
r-release-linux-x86_64 1.3-1 1.84 22.25 24.09 NOTE
r-release-osx-x86_64-mavericks 1.3-1 NOTE
r-release-osx-x86_64-snowleopard 1.3-1 ERROR
r-release-windows-ix86+x86_64 1.3-1 8.00 44.00 52.00 NOTE
r-oldrel-windows-ix86+x86_64 1.3-1 16.00 75.00 91.00 NOTE

Check Details

Version: 1.3-1
Check: dependencies in R code
Result: NOTE
    Package in Depends field not imported from: ‘survival’
     These packages need to be imported from (in the NAMESPACE file)
     for when this namespace is loaded but not attached.
Flavors: r-devel-linux-x86_64-debian-clang, r-devel-linux-x86_64-debian-gcc, r-devel-linux-x86_64-fedora-clang, r-devel-linux-x86_64-fedora-gcc, r-devel-osx-x86_64-clang, r-devel-windows-ix86+x86_64, r-patched-linux-x86_64, r-patched-solaris-sparc, r-patched-solaris-x86, r-release-linux-x86_64, r-release-osx-x86_64-mavericks, r-release-windows-ix86+x86_64, r-oldrel-windows-ix86+x86_64

Version: 1.3-1
Check: Rd line widths
Result: NOTE
    Rd file 'crossmatch-package.Rd':
     \examples lines wider than 100 characters:
     c(0.03,0.11,0.16,-0.1,-0.05,0.16,0.12,0.4,0.04,0.71,0.01,0.21,-0.18,-0.08 ,-0.35,0.26,-0.6,-1.0))
    
    Rd file 'crossmatchtest.Rd':
     \examples lines wider than 100 characters:
     c(0.03,0.11,0.16,-0.1,-0.05,0.16,0.12,0.4,0.04,0.71,0.01,0.21,-0.18,-0.08 ,-0.35,0.26,-0.6,-1.0))
    
    These lines will be truncated in the PDF manual.
Flavors: r-devel-linux-x86_64-debian-clang, r-devel-linux-x86_64-debian-gcc, r-devel-linux-x86_64-fedora-clang, r-devel-linux-x86_64-fedora-gcc, r-patched-linux-x86_64, r-release-linux-x86_64

Version: 1.3-1
Check: package dependencies
Result: ERROR
    Package required but not available: ‘nbpMatching’
    
    See section ‘The DESCRIPTION file’ in the ‘Writing R Extensions’
    manual.
Flavor: r-release-osx-x86_64-snowleopard