CRAN Package Check Results for Package crossmatch

Last updated on 2015-08-30 12:47:07.

Flavor Version Tinstall Tcheck Ttotal Status Flags
r-devel-linux-x86_64-debian-clang 1.3-1 1.63 20.90 22.52 NOTE
r-devel-linux-x86_64-debian-gcc 1.3-1 1.56 21.22 22.78 NOTE
r-devel-linux-x86_64-fedora-clang 1.3-1 46.97 NOTE
r-devel-linux-x86_64-fedora-gcc 1.3-1 43.73 NOTE
r-devel-osx-x86_64-clang 1.3-1 42.90 NOTE
r-devel-windows-ix86+x86_64 1.3-1 12.00 41.00 53.00 NOTE
r-patched-linux-x86_64 1.3-1 1.96 22.37 24.32 NOTE
r-patched-solaris-sparc 1.3-1 315.10 NOTE
r-patched-solaris-x86 1.3-1 72.50 NOTE
r-release-linux-x86_64 1.3-1 2.15 22.92 25.07 NOTE
r-release-osx-x86_64-mavericks 1.3-1 NOTE
r-release-windows-ix86+x86_64 1.3-1 9.00 42.00 51.00 NOTE
r-oldrel-windows-ix86+x86_64 1.3-1 20.00 79.00 99.00 NOTE

Check Details

Version: 1.3-1
Check: dependencies in R code
Result: NOTE
    Package in Depends field not imported from: ‘survival’
     These packages need to be imported from (in the NAMESPACE file)
     for when this namespace is loaded but not attached.
Flavors: r-devel-linux-x86_64-debian-clang, r-devel-linux-x86_64-debian-gcc, r-devel-linux-x86_64-fedora-clang, r-devel-linux-x86_64-fedora-gcc, r-devel-osx-x86_64-clang, r-devel-windows-ix86+x86_64, r-patched-linux-x86_64, r-patched-solaris-sparc, r-patched-solaris-x86, r-release-linux-x86_64, r-release-osx-x86_64-mavericks, r-release-windows-ix86+x86_64, r-oldrel-windows-ix86+x86_64

Version: 1.3-1
Check: R code for possible problems
Result: NOTE
    crossmatchtest: no visible global function definition for ‘pnorm’
    Undefined global functions or variables:
     pnorm
    Consider adding
     importFrom("stats", "pnorm")
    to your NAMESPACE.
Flavors: r-devel-linux-x86_64-debian-clang, r-devel-linux-x86_64-debian-gcc, r-devel-linux-x86_64-fedora-clang, r-devel-linux-x86_64-fedora-gcc, r-devel-windows-ix86+x86_64

Version: 1.3-1
Check: Rd line widths
Result: NOTE
    Rd file 'crossmatch-package.Rd':
     \examples lines wider than 100 characters:
     c(0.03,0.11,0.16,-0.1,-0.05,0.16,0.12,0.4,0.04,0.71,0.01,0.21,-0.18,-0.08 ,-0.35,0.26,-0.6,-1.0))
    
    Rd file 'crossmatchtest.Rd':
     \examples lines wider than 100 characters:
     c(0.03,0.11,0.16,-0.1,-0.05,0.16,0.12,0.4,0.04,0.71,0.01,0.21,-0.18,-0.08 ,-0.35,0.26,-0.6,-1.0))
    
    These lines will be truncated in the PDF manual.
Flavors: r-devel-linux-x86_64-debian-clang, r-devel-linux-x86_64-debian-gcc, r-devel-linux-x86_64-fedora-clang, r-devel-linux-x86_64-fedora-gcc, r-patched-linux-x86_64, r-release-linux-x86_64