CRAN Package Check Results for Package crossmatch

Last updated on 2014-09-20 20:46:31.

Flavor Version Tinstall Tcheck Ttotal Status Flags
r-devel-linux-x86_64-debian-clang 1.3-1 1.88 26.21 28.09 NOTE
r-devel-linux-x86_64-debian-gcc 1.3-1 1.88 25.19 27.07 NOTE
r-devel-linux-x86_64-fedora-clang 1.3-1 58.30 NOTE
r-devel-linux-x86_64-fedora-gcc 1.3-1 55.80 NOTE
r-devel-osx-x86_64-clang 1.3-1 54.34 NOTE
r-devel-windows-ix86+x86_64 1.3-1 8.00 40.00 48.00 NOTE
r-patched-linux-x86_64 1.3-1 2.05 27.53 29.58 NOTE
r-patched-solaris-sparc 1.3-1 317.60 NOTE
r-patched-solaris-x86 1.3-1 72.60 NOTE
r-release-linux-ix86 1.3-1 2.84 35.15 37.99 NOTE
r-release-linux-x86_64 1.3-1 2.00 27.74 29.73 NOTE
r-release-osx-x86_64-mavericks 1.3-1 NOTE
r-release-osx-x86_64-snowleopard 1.3-1 ERROR
r-release-windows-ix86+x86_64 1.3-1 8.00 48.00 56.00 NOTE
r-oldrel-windows-ix86+x86_64 1.3-1 9.00 45.00 54.00 NOTE

Check Details

Version: 1.3-1
Check: dependencies in R code
Result: NOTE
    Package in Depends field not imported from: ‘survival’
     These packages need to be imported from (in the NAMESPACE file)
     for when this namespace is loaded but not attached.
    See the information on DESCRIPTION files in the chapter ‘Creating R
    packages’ of the ‘Writing R Extensions’ manual.
Flavors: r-devel-linux-x86_64-debian-clang, r-devel-linux-x86_64-debian-gcc, r-devel-linux-x86_64-fedora-clang, r-devel-linux-x86_64-fedora-gcc, r-devel-osx-x86_64-clang, r-devel-windows-ix86+x86_64, r-patched-linux-x86_64, r-patched-solaris-sparc, r-patched-solaris-x86, r-release-linux-ix86, r-release-linux-x86_64, r-release-osx-x86_64-mavericks, r-release-windows-ix86+x86_64, r-oldrel-windows-ix86+x86_64

Version: 1.3-1
Check: Rd line widths
Result: NOTE
    Rd file 'crossmatch-package.Rd':
     \examples lines wider than 100 characters:
     c(0.03,0.11,0.16,-0.1,-0.05,0.16,0.12,0.4,0.04,0.71,0.01,0.21,-0.18,-0.08 ,-0.35,0.26,-0.6,-1.0))
    
    Rd file 'crossmatchtest.Rd':
     \examples lines wider than 100 characters:
     c(0.03,0.11,0.16,-0.1,-0.05,0.16,0.12,0.4,0.04,0.71,0.01,0.21,-0.18,-0.08 ,-0.35,0.26,-0.6,-1.0))
    
    These lines will be truncated in the PDF manual.
Flavors: r-devel-linux-x86_64-debian-clang, r-devel-linux-x86_64-debian-gcc, r-devel-linux-x86_64-fedora-clang, r-devel-linux-x86_64-fedora-gcc, r-patched-linux-x86_64, r-release-linux-x86_64

Version: 1.3-1
Check: whether package can be installed
Result: ERROR
    Installation failed.
Flavor: r-release-osx-x86_64-snowleopard