CRAN Package Check Results for Package crossmatch

Last updated on 2017-11-25 09:49:19 CET.

Flavor Version Tinstall Tcheck Ttotal Status Flags
r-devel-linux-x86_64-debian-clang 1.3-1 4.37 84.93 89.30 NOTE
r-devel-linux-x86_64-debian-gcc 1.3-1 3.92 83.95 87.87 NOTE
r-devel-linux-x86_64-fedora-clang 1.3-1 84.83 NOTE
r-devel-linux-x86_64-fedora-gcc 1.3-1 83.50 NOTE
r-devel-windows-ix86+x86_64 1.3-1 9.00 107.00 116.00 NOTE
r-patched-linux-x86_64 1.3-1 4.78 97.00 101.79 NOTE
r-patched-solaris-x86 1.3-1 141.20 NOTE
r-release-linux-x86_64 1.3-1 5.02 96.70 101.72 NOTE
r-release-windows-ix86+x86_64 1.3-1 11.00 75.00 86.00 NOTE
r-release-osx-x86_64 1.3-1 NOTE
r-oldrel-windows-ix86+x86_64 1.3-1 11.00 76.00 87.00 NOTE
r-oldrel-osx-x86_64 1.3-1 NOTE

Check Details

Version: 1.3-1
Check: dependencies in R code
Result: NOTE
    Package in Depends field not imported from: ‘survival’
     These packages need to be imported from (in the NAMESPACE file)
     for when this namespace is loaded but not attached.
Flavors: r-devel-linux-x86_64-debian-clang, r-devel-linux-x86_64-debian-gcc, r-devel-linux-x86_64-fedora-clang, r-devel-linux-x86_64-fedora-gcc, r-devel-windows-ix86+x86_64, r-patched-linux-x86_64, r-patched-solaris-x86, r-release-linux-x86_64, r-release-windows-ix86+x86_64, r-release-osx-x86_64, r-oldrel-windows-ix86+x86_64, r-oldrel-osx-x86_64

Version: 1.3-1
Check: R code for possible problems
Result: NOTE
    crossmatchtest: no visible global function definition for ‘pnorm’
    Undefined global functions or variables:
     pnorm
    Consider adding
     importFrom("stats", "pnorm")
    to your NAMESPACE file.
Flavors: r-devel-linux-x86_64-debian-clang, r-devel-linux-x86_64-debian-gcc, r-devel-linux-x86_64-fedora-clang, r-devel-linux-x86_64-fedora-gcc, r-devel-windows-ix86+x86_64, r-patched-linux-x86_64, r-patched-solaris-x86, r-release-linux-x86_64, r-release-windows-ix86+x86_64, r-release-osx-x86_64, r-oldrel-windows-ix86+x86_64, r-oldrel-osx-x86_64

Version: 1.3-1
Check: Rd line widths
Result: NOTE
    Rd file 'crossmatch-package.Rd':
     \examples lines wider than 100 characters:
     c(0.03,0.11,0.16,-0.1,-0.05,0.16,0.12,0.4,0.04,0.71,0.01,0.21,-0.18,-0.08 ,-0.35,0.26,-0.6,-1.0))
    
    Rd file 'crossmatchtest.Rd':
     \examples lines wider than 100 characters:
     c(0.03,0.11,0.16,-0.1,-0.05,0.16,0.12,0.4,0.04,0.71,0.01,0.21,-0.18,-0.08 ,-0.35,0.26,-0.6,-1.0))
    
    These lines will be truncated in the PDF manual.
Flavors: r-devel-linux-x86_64-debian-clang, r-devel-linux-x86_64-debian-gcc, r-devel-linux-x86_64-fedora-clang, r-devel-linux-x86_64-fedora-gcc, r-patched-linux-x86_64, r-release-linux-x86_64