CRAN Package Check Results for Package crp.CSFP

Last updated on 2015-02-01 11:47:08.

Flavor Version Tinstall Tcheck Ttotal Status Flags
r-devel-linux-x86_64-debian-clang 2.0 2.42 21.65 24.07 NOTE
r-devel-linux-x86_64-debian-gcc 2.0 2.28 20.65 22.93 NOTE
r-devel-linux-x86_64-fedora-clang 2.0 50.48 NOTE
r-devel-linux-x86_64-fedora-gcc 2.0 44.36 NOTE
r-devel-osx-x86_64-clang 2.0 51.49 NOTE
r-devel-windows-ix86+x86_64 2.0 14.00 34.00 48.00 NOTE
r-patched-linux-x86_64 2.0 2.75 22.27 25.02 NOTE
r-patched-solaris-sparc 2.0 322.60 NOTE
r-patched-solaris-x86 2.0 67.40 NOTE
r-release-linux-ix86 2.0 3.00 29.53 32.53 NOTE
r-release-linux-x86_64 2.0 2.55 22.20 24.75 NOTE
r-release-osx-x86_64-mavericks 2.0 NOTE
r-release-osx-x86_64-snowleopard 2.0 OK
r-release-windows-ix86+x86_64 2.0 10.00 39.00 49.00 NOTE
r-oldrel-windows-ix86+x86_64 2.0 8.00 35.00 43.00 NOTE

Check Details

Version: 2.0
Check: dependencies in R code
Result: NOTE
    Packages in Depends field not imported from:
     ‘MASS’ ‘methods’
     These packages need to be imported from (in the NAMESPACE file)
     for when this namespace is loaded but not attached.
Flavors: r-devel-linux-x86_64-debian-clang, r-devel-linux-x86_64-debian-gcc, r-devel-linux-x86_64-fedora-clang, r-devel-linux-x86_64-fedora-gcc, r-devel-osx-x86_64-clang, r-devel-windows-ix86+x86_64

Version: 2.0
Check: R code for possible problems
Result: NOTE
    show,crp.CSFP: no visible global function definition for ‘write.matrix’
Flavors: r-devel-linux-x86_64-debian-clang, r-devel-linux-x86_64-debian-gcc, r-devel-linux-x86_64-fedora-clang, r-devel-linux-x86_64-fedora-gcc, r-devel-osx-x86_64-clang, r-devel-windows-ix86+x86_64, r-patched-linux-x86_64, r-patched-solaris-sparc, r-patched-solaris-x86, r-release-linux-ix86, r-release-linux-x86_64, r-release-osx-x86_64-mavericks, r-release-windows-ix86+x86_64

Version: 2.0
Check: dependencies in R code
Result: NOTE
    Packages in Depends field not imported from:
     ‘MASS’ ‘methods’
     These packages need to be imported from (in the NAMESPACE file)
     for when this namespace is loaded but not attached.
    See the information on DESCRIPTION files in the chapter ‘Creating R
    packages’ of the ‘Writing R Extensions’ manual.
Flavors: r-patched-linux-x86_64, r-patched-solaris-sparc, r-patched-solaris-x86, r-release-linux-ix86, r-release-linux-x86_64, r-release-osx-x86_64-mavericks, r-release-windows-ix86+x86_64, r-oldrel-windows-ix86+x86_64