CRAN Package Check Results for Package crp.CSFP

Last updated on 2015-04-01 03:49:13.

Flavor Version Tinstall Tcheck Ttotal Status Flags
r-devel-linux-x86_64-debian-clang 2.0 2.75 21.03 23.78 NOTE
r-devel-linux-x86_64-debian-gcc 2.0 2.30 20.87 23.16 NOTE
r-devel-linux-x86_64-fedora-clang 2.0 45.58 NOTE
r-devel-linux-x86_64-fedora-gcc 2.0 43.83 NOTE
r-devel-osx-x86_64-clang 2.0 50.53 NOTE
r-prerel-windows-ix86+x86_64 2.0 13.00 35.00 48.00 NOTE
r-prerel-linux-x86_64 2.0 2.29 21.23 23.52 NOTE
r-prerel-solaris-sparc 2.0 280.10 NOTE
r-prerel-solaris-x86 2.0 59.70 NOTE
r-release-linux-x86_64 2.0 2.72 22.52 25.24 NOTE
r-release-osx-x86_64-mavericks 2.0 NOTE
r-release-osx-x86_64-snowleopard 2.0 OK
r-release-windows-ix86+x86_64 2.0 7.00 36.00 43.00 NOTE
r-oldrel-windows-ix86+x86_64 2.0 8.00 34.00 42.00 NOTE

Check Details

Version: 2.0
Check: dependencies in R code
Result: NOTE
    Packages in Depends field not imported from:
     ‘MASS’ ‘methods’
     These packages need to be imported from (in the NAMESPACE file)
     for when this namespace is loaded but not attached.
Flavors: r-devel-linux-x86_64-debian-clang, r-devel-linux-x86_64-debian-gcc, r-devel-linux-x86_64-fedora-clang, r-devel-linux-x86_64-fedora-gcc, r-devel-osx-x86_64-clang, r-prerel-windows-ix86+x86_64, r-prerel-linux-x86_64, r-prerel-solaris-sparc, r-prerel-solaris-x86, r-release-linux-x86_64, r-release-windows-ix86+x86_64

Version: 2.0
Check: R code for possible problems
Result: NOTE
    show,crp.CSFP: no visible global function definition for ‘write.matrix’
Flavors: r-devel-linux-x86_64-debian-clang, r-devel-linux-x86_64-debian-gcc, r-devel-linux-x86_64-fedora-clang, r-devel-linux-x86_64-fedora-gcc, r-devel-osx-x86_64-clang, r-prerel-windows-ix86+x86_64, r-prerel-linux-x86_64, r-prerel-solaris-sparc, r-prerel-solaris-x86, r-release-linux-x86_64, r-release-osx-x86_64-mavericks, r-release-windows-ix86+x86_64

Version: 2.0
Check: dependencies in R code
Result: NOTE
    Packages in Depends field not imported from:
     ‘MASS’ ‘methods’
     These packages need to be imported from (in the NAMESPACE file)
     for when this namespace is loaded but not attached.
    See the information on DESCRIPTION files in the chapter ‘Creating R
    packages’ of the ‘Writing R Extensions’ manual.
Flavors: r-release-osx-x86_64-mavericks, r-oldrel-windows-ix86+x86_64