CRAN Package Check Results for Package crp.CSFP

Last updated on 2015-07-01 19:47:38.

Flavor Version Tinstall Tcheck Ttotal Status Flags
r-devel-linux-x86_64-debian-clang 2.0 3.36 20.45 23.80 WARN
r-devel-linux-x86_64-debian-gcc 2.0 2.36 20.11 22.47 WARN
r-devel-linux-x86_64-fedora-clang 2.0 44.31 WARN
r-devel-linux-x86_64-fedora-gcc 2.0 40.91 WARN
r-devel-osx-x86_64-clang 2.0 43.04 WARN
r-devel-windows-ix86+x86_64 2.0 23.00 36.00 59.00 WARN
r-patched-linux-x86_64 2.0 2.23 21.56 23.79 NOTE
r-patched-solaris-sparc 2.0 286.70 NOTE
r-patched-solaris-x86 2.0 60.40 NOTE
r-release-linux-x86_64 2.0 2.82 21.18 24.00 NOTE
r-release-osx-x86_64-mavericks 2.0 NOTE
r-release-windows-ix86+x86_64 2.0 10.00 36.00 46.00 NOTE
r-oldrel-windows-ix86+x86_64 2.0 16.00 37.00 53.00 NOTE

Check Details

Version: 2.0
Check: dependencies in R code
Result: NOTE
    Packages in Depends field not imported from:
     ‘MASS’ ‘methods’
     These packages need to be imported from (in the NAMESPACE file)
     for when this namespace is loaded but not attached.
Flavors: r-devel-linux-x86_64-debian-clang, r-devel-linux-x86_64-debian-gcc, r-devel-linux-x86_64-fedora-clang, r-devel-linux-x86_64-fedora-gcc, r-devel-osx-x86_64-clang, r-devel-windows-ix86+x86_64, r-patched-linux-x86_64, r-patched-solaris-sparc, r-patched-solaris-x86, r-release-linux-x86_64, r-release-osx-x86_64-mavericks, r-release-windows-ix86+x86_64, r-oldrel-windows-ix86+x86_64

Version: 2.0
Check: S3 generic/method consistency
Result: WARN
    sigma:
     function(object, ...)
    sigma.k:
     function(this)
    
    sigma:
     function(object, ...)
    sigma.sqr.div:
     function(this)
    
    sigma:
     function(object, ...)
    sigma.sqr.syst:
     function(this)
    
    See section ‘Generic functions and methods’ in the ‘Writing R
    Extensions’ manual.
    
    Found the following apparent S3 methods exported but not registered:
     sigma.k sigma.sqr.div sigma.sqr.syst
    See section ‘Registering S3 methods’ in the ‘Writing R Extensions’
    manual.
Flavors: r-devel-linux-x86_64-debian-clang, r-devel-linux-x86_64-debian-gcc, r-devel-linux-x86_64-fedora-clang, r-devel-linux-x86_64-fedora-gcc, r-devel-osx-x86_64-clang

Version: 2.0
Check: R code for possible problems
Result: NOTE
    init: no visible global function definition for ‘new’
    export,crp.CSFP: no visible global function definition for ‘write.csv’
    export,crp.CSFP: no visible global function definition for ‘write.csv2’
    read,crp.CSFP: no visible global function definition for ‘read.csv’
    read,crp.CSFP: no visible global function definition for ‘read.csv2’
    show,crp.CSFP: no visible global function definition for ‘write.matrix’
    write.summary,crp.CSFP: no visible global function definition for
     ‘write.csv’
    write.summary,crp.CSFP: no visible global function definition for
     ‘write.csv2’
Flavors: r-devel-linux-x86_64-debian-clang, r-devel-linux-x86_64-debian-gcc, r-devel-linux-x86_64-fedora-clang, r-devel-linux-x86_64-fedora-gcc, r-devel-windows-ix86+x86_64

Version: 2.0
Check: R code for possible problems
Result: NOTE
    show,crp.CSFP: no visible global function definition for ‘write.matrix’
Flavors: r-devel-osx-x86_64-clang, r-patched-linux-x86_64, r-patched-solaris-sparc, r-patched-solaris-x86, r-release-linux-x86_64, r-release-osx-x86_64-mavericks, r-release-windows-ix86+x86_64, r-oldrel-windows-ix86+x86_64

Version: 2.0
Check: S3 generic/method consistency
Result: WARN
    sigma:
     function(object, ...)
    sigma.k:
     function(this)
    
    sigma:
     function(object, ...)
    sigma.sqr.div:
     function(this)
    
    sigma:
     function(object, ...)
    sigma.sqr.syst:
     function(this)
    
    See section 'Generic functions and methods' in the 'Writing R
    Extensions' manual.
Flavor: r-devel-windows-ix86+x86_64