CRAN Package Check Results for Package crp.CSFP

Last updated on 2014-12-17 21:46:48.

Flavor Version Tinstall Tcheck Ttotal Status Flags
r-devel-linux-x86_64-debian-clang 2.0 2.43 21.99 24.42 NOTE
r-devel-linux-x86_64-debian-gcc 2.0 2.38 22.48 24.86 NOTE
r-devel-linux-x86_64-fedora-clang 2.0 50.66 NOTE
r-devel-linux-x86_64-fedora-gcc 2.0 46.76 NOTE
r-devel-osx-x86_64-clang 2.0 47.98 NOTE
r-devel-windows-ix86+x86_64 2.0 13.00 35.00 48.00 NOTE
r-patched-linux-x86_64 2.0 2.60 22.24 24.85 NOTE
r-patched-solaris-sparc 2.0 293.40 NOTE
r-patched-solaris-x86 2.0 66.30 NOTE
r-release-linux-ix86 2.0 2.97 28.86 31.84 NOTE
r-release-linux-x86_64 2.0 2.72 23.00 25.72 NOTE
r-release-osx-x86_64-mavericks 2.0 NOTE
r-release-osx-x86_64-snowleopard 2.0 OK
r-release-windows-ix86+x86_64 2.0 9.00 36.00 45.00 NOTE
r-oldrel-windows-ix86+x86_64 2.0 8.00 36.00 44.00 NOTE

Check Details

Version: 2.0
Check: dependencies in R code
Result: NOTE
    Packages in Depends field not imported from:
     ‘MASS’ ‘methods’
     These packages need to be imported from (in the NAMESPACE file)
     for when this namespace is loaded but not attached.
    See the information on DESCRIPTION files in the chapter ‘Creating R
    packages’ of the ‘Writing R Extensions’ manual.
Flavors: r-devel-linux-x86_64-debian-clang, r-devel-linux-x86_64-debian-gcc, r-devel-linux-x86_64-fedora-clang, r-devel-linux-x86_64-fedora-gcc, r-devel-osx-x86_64-clang, r-devel-windows-ix86+x86_64, r-patched-linux-x86_64, r-patched-solaris-sparc, r-patched-solaris-x86, r-release-linux-ix86, r-release-linux-x86_64, r-release-osx-x86_64-mavericks, r-release-windows-ix86+x86_64, r-oldrel-windows-ix86+x86_64

Version: 2.0
Check: R code for possible problems
Result: NOTE
    show,crp.CSFP: no visible global function definition for ‘write.matrix’
Flavors: r-devel-linux-x86_64-debian-clang, r-devel-linux-x86_64-debian-gcc, r-devel-linux-x86_64-fedora-clang, r-devel-linux-x86_64-fedora-gcc, r-devel-osx-x86_64-clang, r-devel-windows-ix86+x86_64, r-patched-linux-x86_64, r-patched-solaris-x86, r-release-linux-ix86, r-release-linux-x86_64, r-release-windows-ix86+x86_64