CRAN Package Check Results for Package crp.CSFP

Last updated on 2014-04-21 04:48:37.

Flavor Version Tinstall Tcheck Ttotal Status Flags
r-devel-linux-x86_64-debian-clang 2.0 2.67 23.88 26.54 NOTE
r-devel-linux-x86_64-debian-gcc 2.0 2.70 23.92 26.61 NOTE
r-devel-linux-x86_64-fedora-clang 2.0 52.32 NOTE
r-devel-linux-x86_64-fedora-gcc 2.0 51.33 NOTE
r-devel-macosx-x86_64-clang 2.0 45.56 NOTE
r-devel-macosx-x86_64-gcc 2.0 NOTE
r-devel-windows-ix86+x86_64 2.0 6.00 34.00 40.00 NOTE
r-patched-linux-x86_64 2.0 2.67 23.56 26.22 NOTE
r-patched-solaris-sparc 2.0 293.40 NOTE
r-patched-solaris-x86 2.0 69.10 NOTE
r-release-linux-ix86 NOTE
r-release-linux-x86_64 2.0 2.70 23.70 26.40 NOTE
r-release-macosx-x86_64 2.0 OK
r-release-windows-ix86+x86_64 2.0 10.00 35.00 45.00 NOTE
r-oldrel-windows-ix86+x86_64 2.0 7.00 36.00 43.00 NOTE

Check Details

Version: 2.0
Check: dependencies in R code
Result: NOTE
    Packages in Depends field not imported from:
     ‘MASS’ ‘methods’
     These packages need to be imported from (in the NAMESPACE file)
     for when this namespace is loaded but not attached.
    See the information on DESCRIPTION files in the chapter ‘Creating R
    packages’ of the ‘Writing R Extensions’ manual.
Flavors: r-devel-linux-x86_64-debian-clang, r-devel-linux-x86_64-debian-gcc, r-devel-linux-x86_64-fedora-clang, r-devel-linux-x86_64-fedora-gcc, r-devel-macosx-x86_64-clang, r-devel-macosx-x86_64-gcc, r-devel-windows-ix86+x86_64, r-patched-linux-x86_64, r-patched-solaris-sparc, r-patched-solaris-x86, r-release-linux-ix86, r-release-linux-x86_64, r-release-windows-ix86+x86_64, r-oldrel-windows-ix86+x86_64