CRAN Package Check Results for Package crp.CSFP

Last updated on 2015-05-27 11:49:18.

Flavor Version Tinstall Tcheck Ttotal Status Flags
r-devel-linux-x86_64-debian-clang 2.0 2.58 21.48 24.06 NOTE
r-devel-linux-x86_64-debian-gcc 2.0 2.42 21.03 23.45 NOTE
r-devel-linux-x86_64-fedora-clang 2.0 46.06 NOTE
r-devel-linux-x86_64-fedora-gcc 2.0 43.70 NOTE
r-devel-osx-x86_64-clang 2.0 44.17 NOTE
r-devel-windows-ix86+x86_64 2.0 24.00 35.00 59.00 NOTE
r-patched-linux-x86_64 2.0 2.23 20.96 23.19 NOTE
r-patched-solaris-sparc 2.0 286.70 NOTE
r-patched-solaris-x86 2.0 60.20 NOTE
r-release-linux-x86_64 2.0 2.56 21.58 24.15 NOTE
r-release-osx-x86_64-mavericks 2.0 NOTE
r-release-osx-x86_64-snowleopard 2.0 NOTE
r-release-windows-ix86+x86_64 2.0 10.00 36.00 46.00 NOTE
r-oldrel-windows-ix86+x86_64 2.0 10.00 36.00 46.00 NOTE

Check Details

Version: 2.0
Check: dependencies in R code
Result: NOTE
    Packages in Depends field not imported from:
     ‘MASS’ ‘methods’
     These packages need to be imported from (in the NAMESPACE file)
     for when this namespace is loaded but not attached.
Flavors: r-devel-linux-x86_64-debian-clang, r-devel-linux-x86_64-debian-gcc, r-devel-linux-x86_64-fedora-clang, r-devel-linux-x86_64-fedora-gcc, r-devel-osx-x86_64-clang, r-devel-windows-ix86+x86_64, r-patched-linux-x86_64, r-patched-solaris-sparc, r-patched-solaris-x86, r-release-linux-x86_64, r-release-osx-x86_64-mavericks, r-release-osx-x86_64-snowleopard, r-release-windows-ix86+x86_64, r-oldrel-windows-ix86+x86_64

Version: 2.0
Check: R code for possible problems
Result: NOTE
    show,crp.CSFP: no visible global function definition for ‘write.matrix’
Flavors: r-devel-linux-x86_64-debian-clang, r-devel-linux-x86_64-debian-gcc, r-devel-linux-x86_64-fedora-clang, r-devel-linux-x86_64-fedora-gcc, r-devel-osx-x86_64-clang, r-devel-windows-ix86+x86_64, r-patched-linux-x86_64, r-patched-solaris-sparc, r-patched-solaris-x86, r-release-linux-x86_64, r-release-osx-x86_64-mavericks, r-release-osx-x86_64-snowleopard, r-release-windows-ix86+x86_64, r-oldrel-windows-ix86+x86_64