CRAN Package Check Results for Package crqa

Last updated on 2022-11-28 05:52:21 CET.

Flavor Version Tinstall Tcheck Ttotal Status Flags
r-devel-linux-x86_64-debian-clang 2.0.3 11.82 210.86 222.68 NOTE
r-devel-linux-x86_64-debian-gcc 2.0.3 10.36 136.93 147.29 NOTE
r-devel-linux-x86_64-fedora-clang 2.0.3 266.48 NOTE
r-devel-linux-x86_64-fedora-gcc 2.0.3 281.43 NOTE
r-devel-windows-x86_64 2.0.3 25.00 237.00 262.00 NOTE
r-patched-linux-x86_64 2.0.3 11.40 188.81 200.21 OK
r-release-linux-x86_64 2.0.3 13.63 187.30 200.93 OK
r-release-macos-arm64 2.0.3 105.00 OK
r-release-macos-x86_64 2.0.3 174.00 OK
r-release-windows-x86_64 2.0.3 27.00 252.00 279.00 OK
r-oldrel-macos-arm64 2.0.3 102.00 OK
r-oldrel-macos-x86_64 2.0.3 141.00 OK
r-oldrel-windows-ix86+x86_64 2.0.3 27.00 282.00 309.00 OK

Check Details

Version: 2.0.3
Check: package subdirectories
Result: NOTE
    Problems with news in 'NEWS.md':
     Cannot extract version info from the following section titles:
     Major features
     Minor features
Flavors: r-devel-linux-x86_64-debian-clang, r-devel-linux-x86_64-debian-gcc, r-devel-linux-x86_64-fedora-clang, r-devel-linux-x86_64-fedora-gcc, r-devel-windows-x86_64

Version: 2.0.3
Check: Rd files
Result: NOTE
    checkRd: (-1) handmovement.Rd:9: Escaped LaTeX specials: \_ \_
Flavors: r-devel-linux-x86_64-debian-clang, r-devel-linux-x86_64-debian-gcc, r-devel-linux-x86_64-fedora-clang, r-devel-linux-x86_64-fedora-gcc, r-devel-windows-x86_64