CRAN Package Check Results for Package crqanlp

Last updated on 2020-01-26 02:48:45 CET.

Flavor Version Tinstall Tcheck Ttotal Status Flags
r-devel-linux-x86_64-debian-clang 0.3 12.05 103.55 115.60 OK
r-devel-linux-x86_64-debian-gcc 0.3 9.22 80.65 89.87 OK
r-devel-linux-x86_64-fedora-clang 0.3 134.63 OK
r-devel-linux-x86_64-fedora-gcc 0.3 136.55 OK
r-devel-windows-ix86+x86_64 0.3 28.00 155.00 183.00 OK
r-devel-windows-ix86+x86_64-gcc8 0.3 45.00 127.00 172.00 OK
r-patched-linux-x86_64 0.3 9.25 89.49 98.74 OK
r-patched-solaris-x86 0.3 194.40 OK
r-release-linux-x86_64 0.3 10.37 89.51 99.88 OK
r-release-windows-ix86+x86_64 0.3 20.00 105.00 125.00 OK
r-release-osx-x86_64 0.3 OK
r-oldrel-windows-ix86+x86_64 0.3 12.00 102.00 114.00 OK
r-oldrel-osx-x86_64 0.3 WARN

Check Details

Version: 0.3
Check: examples
Result: WARN
    Found the following significant warnings:
    
     Warning: 'rBind' is deprecated.
    Deprecated functions may be defunct as soon as of the next release of
    R.
    See ?Deprecated.
Flavor: r-oldrel-osx-x86_64