CRAN Package Check Results for Package crrSC

Last updated on 2016-08-30 00:47:24.

Flavor Version Tinstall Tcheck Ttotal Status Flags
r-devel-linux-x86_64-debian-clang 1.1 5.06 32.34 37.41 NOTE
r-devel-linux-x86_64-debian-gcc 1.1 4.28 28.48 32.76 NOTE
r-devel-linux-x86_64-fedora-clang 1.1 72.69 NOTE
r-devel-linux-x86_64-fedora-gcc 1.1 65.09 NOTE
r-devel-osx-x86_64-clang 1.1 58.07 NOTE
r-devel-windows-ix86+x86_64 1.1 19.00 69.00 88.00 NOTE
r-patched-linux-x86_64 1.1 4.40 31.18 35.58 NOTE
r-patched-solaris-sparc 1.1 407.60 NOTE
r-patched-solaris-x86 1.1 97.00 NOTE
r-release-linux-x86_64 1.1 4.10 28.06 32.16 NOTE
r-release-osx-x86_64-mavericks 1.1 NOTE
r-release-windows-ix86+x86_64 1.1 15.00 63.00 78.00 NOTE
r-oldrel-windows-ix86+x86_64 1.1 20.00 135.00 155.00 OK

Check Details

Version: 1.1
Check: R code for possible problems
Result: NOTE
    crrc: no visible binding for global variable ‘na.omit’
    crrs: no visible binding for global variable ‘na.omit’
    mycrr: no visible binding for global variable ‘na.omit’
    mycrr.test: no visible binding for global variable ‘na.omit’
    print.crrs: no visible global function definition for ‘pnorm’
    psh.test: no visible global function definition for ‘pchisq’
    Undefined global functions or variables:
     na.omit pchisq pnorm
    Consider adding
     importFrom("stats", "na.omit", "pchisq", "pnorm")
    to your NAMESPACE file.
Flavors: r-devel-linux-x86_64-debian-clang, r-devel-linux-x86_64-debian-gcc, r-devel-linux-x86_64-fedora-clang, r-devel-linux-x86_64-fedora-gcc, r-devel-osx-x86_64-clang, r-devel-windows-ix86+x86_64, r-patched-linux-x86_64, r-patched-solaris-sparc, r-patched-solaris-x86, r-release-linux-x86_64, r-release-osx-x86_64-mavericks, r-release-windows-ix86+x86_64