CRAN Package Check Results for Package crrSC

Last updated on 2014-04-24 03:47:42.

Flavor Version Tinstall Tcheck Ttotal Status Flags
r-devel-linux-x86_64-debian-clang 1.1 1.69 13.22 14.90 OK
r-devel-linux-x86_64-debian-gcc 1.1 2.62 13.27 15.89 OK
r-devel-linux-x86_64-fedora-clang 1.1 28.50 OK
r-devel-linux-x86_64-fedora-gcc 1.1 27.26 OK
r-devel-osx-x86_64-clang 1.1 27.16 OK
r-devel-osx-x86_64-gcc 1.1 OK
r-devel-windows-ix86+x86_64 1.1 10.00 25.00 35.00 OK
r-patched-linux-x86_64 1.1 2.60 13.29 15.89 OK
r-patched-solaris-sparc 1.1 170.00 OK
r-patched-solaris-x86 1.1 48.10 OK
r-release-linux-ix86 1.1 4.00 28.00 32.00 OK
r-release-linux-x86_64 1.1 2.62 13.18 15.80 OK
r-release-osx-x86_64-mavericks 1.1 WARN
r-release-windows-ix86+x86_64 1.1 19.00 36.00 55.00 OK
r-oldrel-windows-ix86+x86_64 1.1 10.00 26.00 36.00 OK

Check Details

Version: 1.1
Check: PDF version of manual
Result: WARNING
    LaTeX errors when creating PDF version.
    This typically indicates Rd problems.
    LaTeX errors found:
    ! LaTeX Error: File `upquote.sty' not found.
    
    Type X to quit or <RETURN> to proceed,
    or enter new name. (Default extension: sty)
    
    b94dc37/Rd2.tex:8: ==> Fatal error occurred, no output PDF file produced!
Flavor: r-release-osx-x86_64-mavericks