CRAN Package Check Results for Package crrSC

Last updated on 2020-10-01 04:48:53 CEST.

Flavor Version Tinstall Tcheck Ttotal Status Flags
r-devel-linux-x86_64-debian-clang 1.1 12.68 64.09 76.77 NOTE
r-devel-linux-x86_64-debian-gcc 1.1 0.26 1.84 2.10 ERROR
r-devel-linux-x86_64-fedora-clang 1.1 98.25 NOTE
r-devel-linux-x86_64-fedora-gcc 1.1 89.93 NOTE
r-devel-windows-ix86+x86_64 1.1 26.00 101.00 127.00 NOTE
r-patched-linux-x86_64 1.1 12.36 58.83 71.19 NOTE
r-patched-solaris-x86 1.1 134.80 NOTE
r-release-linux-x86_64 1.1 11.89 58.38 70.27 NOTE
r-release-macos-x86_64 1.1 NOTE
r-release-windows-ix86+x86_64 1.1 29.00 96.00 125.00 NOTE
r-oldrel-macos-x86_64 1.1 NOTE
r-oldrel-windows-ix86+x86_64 1.1 23.00 100.00 123.00 NOTE

Check Details

Version: 1.1
Check: R code for possible problems
Result: NOTE
    crrc: no visible binding for global variable 'na.omit'
    crrs: no visible binding for global variable 'na.omit'
    mycrr: no visible binding for global variable 'na.omit'
    mycrr.test: no visible binding for global variable 'na.omit'
    print.crrs: no visible global function definition for 'pnorm'
    psh.test: no visible global function definition for 'pchisq'
    Undefined global functions or variables:
     na.omit pchisq pnorm
    Consider adding
     importFrom("stats", "na.omit", "pchisq", "pnorm")
    to your NAMESPACE file.
Flavors: r-devel-linux-x86_64-debian-clang, r-devel-linux-x86_64-fedora-clang, r-devel-linux-x86_64-fedora-gcc, r-devel-windows-ix86+x86_64, r-patched-linux-x86_64, r-patched-solaris-x86, r-release-linux-x86_64, r-release-macos-x86_64, r-release-windows-ix86+x86_64, r-oldrel-macos-x86_64, r-oldrel-windows-ix86+x86_64

Version: 1.1
Check: whether package can be installed
Result: ERROR
    Installation failed.
Flavor: r-devel-linux-x86_64-debian-gcc

Version: 1.1
Check: compiled code
Result: NOTE
    File ‘crrSC/libs/crrSC.so’:
     Found no calls to: ‘R_registerRoutines’, ‘R_useDynamicSymbols’
    
    It is good practice to register native routines and to disable symbol
    search.
    
    See ‘Writing portable packages’ in the ‘Writing R Extensions’ manual.
Flavors: r-devel-linux-x86_64-fedora-clang, r-devel-linux-x86_64-fedora-gcc