CRAN Package Check Results for Package crrSC

Last updated on 2017-01-19 03:52:42.

Flavor Version Tinstall Tcheck Ttotal Status Flags
r-devel-linux-x86_64-debian-clang 1.1 4.69 30.79 35.47 NOTE
r-devel-linux-x86_64-debian-gcc 1.1 4.52 30.52 35.04 NOTE
r-devel-linux-x86_64-fedora-clang 1.1 76.76 NOTE --no-stop-on-test-error
r-devel-linux-x86_64-fedora-gcc 1.1 74.20 NOTE --no-stop-on-test-error
r-devel-macos-x86_64-clang 1.1 60.57 NOTE --no-stop-on-test-error
r-devel-windows-ix86+x86_64 1.1 17.00 69.00 86.00 NOTE
r-patched-linux-x86_64 1.1 4.26 27.45 31.71 NOTE
r-patched-solaris-sparc 1.1 418.80 NOTE
r-patched-solaris-x86 1.1 96.60 NOTE
r-release-linux-x86_64 1.1 4.34 27.91 32.25 NOTE
r-release-osx-x86_64-mavericks 1.1 NOTE
r-release-windows-ix86+x86_64 1.1 11.00 83.00 94.00 NOTE
r-oldrel-windows-ix86+x86_64 1.1 14.00 87.00 101.00 OK

Check Details

Version: 1.1
Check: R code for possible problems
Result: NOTE
    crrc: no visible binding for global variable ‘na.omit’
    crrs: no visible binding for global variable ‘na.omit’
    mycrr: no visible binding for global variable ‘na.omit’
    mycrr.test: no visible binding for global variable ‘na.omit’
    print.crrs: no visible global function definition for ‘pnorm’
    psh.test: no visible global function definition for ‘pchisq’
    Undefined global functions or variables:
     na.omit pchisq pnorm
    Consider adding
     importFrom("stats", "na.omit", "pchisq", "pnorm")
    to your NAMESPACE file.
Flavors: r-devel-linux-x86_64-debian-clang, r-devel-linux-x86_64-debian-gcc, r-devel-windows-ix86+x86_64, r-patched-linux-x86_64, r-patched-solaris-sparc, r-patched-solaris-x86, r-release-linux-x86_64, r-release-osx-x86_64-mavericks, r-release-windows-ix86+x86_64

Version: 1.1
Flags: --no-stop-on-test-error
Check: R code for possible problems
Result: NOTE
    crrc: no visible binding for global variable ‘na.omit’
    crrs: no visible binding for global variable ‘na.omit’
    mycrr: no visible binding for global variable ‘na.omit’
    mycrr.test: no visible binding for global variable ‘na.omit’
    print.crrs: no visible global function definition for ‘pnorm’
    psh.test: no visible global function definition for ‘pchisq’
    Undefined global functions or variables:
     na.omit pchisq pnorm
    Consider adding
     importFrom("stats", "na.omit", "pchisq", "pnorm")
    to your NAMESPACE file.
Flavors: r-devel-linux-x86_64-fedora-clang, r-devel-linux-x86_64-fedora-gcc, r-devel-macos-x86_64-clang