CRAN Package Check Results for Package crrSC

Last updated on 2024-03-05 00:51:35 CET.

Flavor Version Tinstall Tcheck Ttotal Status Flags
r-devel-linux-x86_64-debian-clang 1.1.2 11.74 74.35 86.09 OK
r-devel-linux-x86_64-debian-gcc 1.1.2 9.70 54.94 64.64 OK
r-devel-linux-x86_64-fedora-clang 1.1.2 101.16 NOTE
r-devel-linux-x86_64-fedora-gcc 1.1.2 101.37 NOTE
r-devel-windows-x86_64 1.1.2 13.00 79.00 92.00 OK
r-patched-linux-x86_64 1.1.2 12.29 70.54 82.83 OK
r-release-linux-x86_64 1.1.2 13.26 71.03 84.29 OK
r-release-macos-arm64 1.1.2 39.00 OK
r-release-macos-x86_64 1.1.2 59.00 OK
r-release-windows-x86_64 1.1.2 16.00 88.00 104.00 OK
r-oldrel-macos-arm64 1.1.2 35.00 OK
r-oldrel-windows-x86_64 1.1.2 16.00 84.00 100.00 OK

Check Details

Version: 1.1.2
Check: compiled code
Result: NOTE File ‘crrSC/libs/crrSC.so’: Found no calls to: ‘R_registerRoutines’, ‘R_useDynamicSymbols’ It is good practice to register native routines and to disable symbol search. See ‘Writing portable packages’ in the ‘Writing R Extensions’ manual. Flavors: r-devel-linux-x86_64-fedora-clang, r-devel-linux-x86_64-fedora-gcc