CRAN Package Check Results for Package crrSC

Last updated on 2016-02-13 23:46:59.

Flavor Version Tinstall Tcheck Ttotal Status Flags
r-devel-linux-x86_64-debian-gcc 1.1 2.62 11.43 14.05 NOTE
r-devel-linux-x86_64-fedora-clang 1.1 25.87 NOTE
r-devel-linux-x86_64-fedora-gcc 1.1 23.92 NOTE
r-devel-osx-x86_64-clang 1.1 28.47 NOTE
r-devel-windows-ix86+x86_64 1.1 18.00 46.00 64.00 NOTE
r-patched-linux-x86_64 1.1 2.73 12.36 15.09 OK
r-patched-solaris-sparc 1.1 164.30 OK
r-patched-solaris-x86 1.1 42.10 OK
r-release-linux-x86_64 1.1 2.72 12.45 15.17 OK
r-release-osx-x86_64-mavericks 1.1 OK
r-release-windows-ix86+x86_64 1.1 10.00 27.00 37.00 OK
r-oldrel-windows-ix86+x86_64 1.1 11.00 32.00 43.00 OK

Check Details

Version: 1.1
Check: R code for possible problems
Result: NOTE
    crrc: no visible binding for global variable ‘na.omit’
    crrs: no visible binding for global variable ‘na.omit’
    mycrr: no visible binding for global variable ‘na.omit’
    mycrr.test: no visible binding for global variable ‘na.omit’
    print.crrs: no visible global function definition for ‘pnorm’
    psh.test: no visible global function definition for ‘pchisq’
    Undefined global functions or variables:
     na.omit pchisq pnorm
    Consider adding
     importFrom("stats", "na.omit", "pchisq", "pnorm")
    to your NAMESPACE file.
Flavors: r-devel-linux-x86_64-debian-gcc, r-devel-linux-x86_64-fedora-clang, r-devel-linux-x86_64-fedora-gcc, r-devel-osx-x86_64-clang, r-devel-windows-ix86+x86_64