CRAN Package Check Results for Package crrSC

Last updated on 2017-03-30 19:47:36.

Flavor Version Tinstall Tcheck Ttotal Status Flags
r-devel-linux-x86_64-debian-clang 1.1 5.20 32.19 37.39 NOTE
r-devel-linux-x86_64-debian-gcc 1.1 4.44 31.81 36.25 NOTE
r-devel-linux-x86_64-fedora-clang 1.1 81.17 NOTE --no-stop-on-test-error
r-devel-linux-x86_64-fedora-gcc 1.1 77.40 NOTE --no-stop-on-test-error
r-devel-macos-x86_64-clang 1.1 62.85 NOTE --no-stop-on-test-error
r-devel-windows-ix86+x86_64 1.1 19.00 86.00 105.00 NOTE
r-patched-linux-x86_64 1.1 4.38 32.22 36.60 NOTE
r-patched-solaris-sparc 1.1 464.20 NOTE
r-release-linux-x86_64 1.1 4.15 27.78 31.93 NOTE
r-release-osx-x86_64-mavericks 1.1 NOTE
r-release-windows-ix86+x86_64 1.1 25.00 90.00 115.00 NOTE
r-oldrel-windows-ix86+x86_64 1.1 18.00 74.00 92.00 OK

Check Details

Version: 1.1
Check: R code for possible problems
Result: NOTE
    crrc: no visible binding for global variable ‘na.omit’
    crrs: no visible binding for global variable ‘na.omit’
    mycrr: no visible binding for global variable ‘na.omit’
    mycrr.test: no visible binding for global variable ‘na.omit’
    print.crrs: no visible global function definition for ‘pnorm’
    psh.test: no visible global function definition for ‘pchisq’
    Undefined global functions or variables:
     na.omit pchisq pnorm
    Consider adding
     importFrom("stats", "na.omit", "pchisq", "pnorm")
    to your NAMESPACE file.
Flavors: r-devel-linux-x86_64-debian-clang, r-devel-linux-x86_64-debian-gcc, r-devel-windows-ix86+x86_64, r-patched-linux-x86_64, r-patched-solaris-sparc, r-release-linux-x86_64, r-release-osx-x86_64-mavericks, r-release-windows-ix86+x86_64

Version: 1.1
Check: compiled code
Result: NOTE
    File ‘crrSC/libs/crrSC.so’:
     Found no calls to: ‘R_registerRoutines’, ‘R_useDynamicSymbols’
    
    It is good practice to register native routines and to disable symbol
    search.
    
    See ‘Writing portable packages’ in the ‘Writing R Extensions’ manual.
Flavors: r-devel-linux-x86_64-debian-clang, r-devel-linux-x86_64-debian-gcc, r-patched-linux-x86_64

Version: 1.1
Flags: --no-stop-on-test-error
Check: R code for possible problems
Result: NOTE
    crrc: no visible binding for global variable ‘na.omit’
    crrs: no visible binding for global variable ‘na.omit’
    mycrr: no visible binding for global variable ‘na.omit’
    mycrr.test: no visible binding for global variable ‘na.omit’
    print.crrs: no visible global function definition for ‘pnorm’
    psh.test: no visible global function definition for ‘pchisq’
    Undefined global functions or variables:
     na.omit pchisq pnorm
    Consider adding
     importFrom("stats", "na.omit", "pchisq", "pnorm")
    to your NAMESPACE file.
Flavors: r-devel-linux-x86_64-fedora-clang, r-devel-linux-x86_64-fedora-gcc, r-devel-macos-x86_64-clang

Version: 1.1
Flags: --no-stop-on-test-error
Check: compiled code
Result: NOTE
    File ‘crrSC/libs/crrSC.so’:
     Found no calls to: ‘R_registerRoutines’, ‘R_useDynamicSymbols’
    
    It is good practice to register native routines and to disable symbol
    search.
    
    See ‘Writing portable packages’ in the ‘Writing R Extensions’ manual.
Flavors: r-devel-linux-x86_64-fedora-clang, r-devel-linux-x86_64-fedora-gcc, r-devel-macos-x86_64-clang