CRAN Package Check Results for Package crrSC

Last updated on 2016-04-30 03:51:07.

Flavor Version Tinstall Tcheck Ttotal Status Flags
r-devel-linux-x86_64-debian-gcc 1.1 4.70 31.19 35.89 NOTE
r-devel-linux-x86_64-fedora-clang 1.1 71.23 NOTE
r-devel-linux-x86_64-fedora-gcc 1.1 65.13 NOTE
r-devel-osx-x86_64-clang 1.1 73.53 NOTE
r-devel-windows-ix86+x86_64 1.1 12.00 76.00 88.00 NOTE
r-patched-linux-x86_64 1.1 4.66 30.57 35.23 NOTE
r-patched-solaris-sparc 1.1 164.00 NOTE
r-patched-solaris-x86 1.1 97.30 NOTE
r-release-linux-x86_64 1.1 4.86 33.58 38.43 OK
r-release-osx-x86_64-mavericks 1.1 OK
r-release-windows-ix86+x86_64 1.1 12.00 73.00 85.00 OK
r-oldrel-windows-ix86+x86_64 1.1 23.00 81.00 104.00 OK

Check Details

Version: 1.1
Check: R code for possible problems
Result: NOTE
    crrc: no visible binding for global variable ‘na.omit’
    crrs: no visible binding for global variable ‘na.omit’
    mycrr: no visible binding for global variable ‘na.omit’
    mycrr.test: no visible binding for global variable ‘na.omit’
    print.crrs: no visible global function definition for ‘pnorm’
    psh.test: no visible global function definition for ‘pchisq’
    Undefined global functions or variables:
     na.omit pchisq pnorm
    Consider adding
     importFrom("stats", "na.omit", "pchisq", "pnorm")
    to your NAMESPACE file.
Flavors: r-devel-linux-x86_64-debian-gcc, r-devel-linux-x86_64-fedora-clang, r-devel-linux-x86_64-fedora-gcc, r-devel-osx-x86_64-clang, r-devel-windows-ix86+x86_64, r-patched-linux-x86_64, r-patched-solaris-sparc, r-patched-solaris-x86