CRAN Package Check Results for Package crrSC

Last updated on 2016-09-25 11:47:03.

Flavor Version Tinstall Tcheck Ttotal Status Flags
r-devel-linux-x86_64-debian-clang 1.1 4.56 28.05 32.60 NOTE
r-devel-linux-x86_64-debian-gcc 1.1 4.13 27.34 31.47 NOTE
r-devel-linux-x86_64-fedora-clang 1.1 68.20 NOTE
r-devel-linux-x86_64-fedora-gcc 1.1 63.85 NOTE
r-devel-macos-x86_64-clang 1.1 54.62 NOTE
r-devel-windows-ix86+x86_64 1.1 12.00 91.00 103.00 NOTE
r-patched-linux-x86_64 1.1 4.10 27.81 31.91 NOTE
r-patched-solaris-sparc 1.1 407.60 NOTE
r-patched-solaris-x86 1.1 96.30 NOTE
r-release-linux-x86_64 1.1 4.01 27.95 31.96 NOTE
r-release-osx-x86_64-mavericks 1.1 NOTE
r-release-windows-ix86+x86_64 1.1 13.00 92.00 105.00 NOTE
r-oldrel-windows-ix86+x86_64 1.1 18.00 87.00 105.00 OK

Check Details

Version: 1.1
Check: R code for possible problems
Result: NOTE
    crrc: no visible binding for global variable ‘na.omit’
    crrs: no visible binding for global variable ‘na.omit’
    mycrr: no visible binding for global variable ‘na.omit’
    mycrr.test: no visible binding for global variable ‘na.omit’
    print.crrs: no visible global function definition for ‘pnorm’
    psh.test: no visible global function definition for ‘pchisq’
    Undefined global functions or variables:
     na.omit pchisq pnorm
    Consider adding
     importFrom("stats", "na.omit", "pchisq", "pnorm")
    to your NAMESPACE file.
Flavors: r-devel-linux-x86_64-debian-clang, r-devel-linux-x86_64-debian-gcc, r-devel-linux-x86_64-fedora-clang, r-devel-linux-x86_64-fedora-gcc, r-devel-macos-x86_64-clang, r-devel-windows-ix86+x86_64, r-patched-linux-x86_64, r-patched-solaris-sparc, r-patched-solaris-x86, r-release-linux-x86_64, r-release-osx-x86_64-mavericks, r-release-windows-ix86+x86_64