CRAN Package Check Results for Package crrSC

Last updated on 2016-05-31 21:46:33.

Flavor Version Tinstall Tcheck Ttotal Status Flags
r-devel-linux-x86_64-debian-gcc 1.1 5.07 33.72 38.79 NOTE
r-devel-linux-x86_64-fedora-clang 1.1 76.82 NOTE
r-devel-linux-x86_64-fedora-gcc 1.1 65.95 NOTE
r-devel-osx-x86_64-clang 1.1 75.11 NOTE
r-devel-windows-ix86+x86_64 1.1 13.00 66.00 79.00 NOTE
r-patched-linux-x86_64 1.1 4.80 32.98 37.78 NOTE
r-patched-solaris-sparc 1.1 406.80 NOTE
r-patched-solaris-x86 1.1 98.70 NOTE
r-release-linux-x86_64 1.1 4.54 30.72 35.25 NOTE
r-release-osx-x86_64-mavericks 1.1 NOTE
r-release-windows-ix86+x86_64 1.1 17.00 89.00 106.00 NOTE
r-oldrel-windows-ix86+x86_64 1.1 14.00 101.00 115.00 OK

Check Details

Version: 1.1
Check: R code for possible problems
Result: NOTE
    crrc: no visible binding for global variable ‘na.omit’
    crrs: no visible binding for global variable ‘na.omit’
    mycrr: no visible binding for global variable ‘na.omit’
    mycrr.test: no visible binding for global variable ‘na.omit’
    print.crrs: no visible global function definition for ‘pnorm’
    psh.test: no visible global function definition for ‘pchisq’
    Undefined global functions or variables:
     na.omit pchisq pnorm
    Consider adding
     importFrom("stats", "na.omit", "pchisq", "pnorm")
    to your NAMESPACE file.
Flavors: r-devel-linux-x86_64-debian-gcc, r-devel-linux-x86_64-fedora-clang, r-devel-linux-x86_64-fedora-gcc, r-devel-osx-x86_64-clang, r-devel-windows-ix86+x86_64, r-patched-linux-x86_64, r-patched-solaris-sparc, r-patched-solaris-x86, r-release-linux-x86_64, r-release-osx-x86_64-mavericks, r-release-windows-ix86+x86_64