CRAN Package Check Results for Package crrSC

Last updated on 2019-08-22 00:51:10 CEST.

Flavor Version Tinstall Tcheck Ttotal Status Flags
r-devel-linux-x86_64-debian-clang 1.1 10.93 53.04 63.97 NOTE
r-devel-linux-x86_64-debian-gcc 1.1 8.70 42.59 51.29 NOTE
r-devel-linux-x86_64-fedora-clang 1.1 78.32 NOTE
r-devel-linux-x86_64-fedora-gcc 1.1 76.21 NOTE
r-devel-windows-ix86+x86_64 1.1 34.00 84.00 118.00 NOTE
r-patched-linux-x86_64 1.1 9.76 52.66 62.42 NOTE
r-patched-solaris-x86 1.1 127.70 NOTE
r-release-linux-x86_64 1.1 8.67 52.49 61.16 NOTE
r-release-windows-ix86+x86_64 1.1 27.00 115.00 142.00 NOTE
r-release-osx-x86_64 1.1 NOTE
r-oldrel-windows-ix86+x86_64 1.1 23.00 107.00 130.00 NOTE
r-oldrel-osx-x86_64 1.1 NOTE

Check Details

Version: 1.1
Check: R code for possible problems
Result: NOTE
    crrc: no visible binding for global variable 'na.omit'
    crrs: no visible binding for global variable 'na.omit'
    mycrr: no visible binding for global variable 'na.omit'
    mycrr.test: no visible binding for global variable 'na.omit'
    print.crrs: no visible global function definition for 'pnorm'
    psh.test: no visible global function definition for 'pchisq'
    Undefined global functions or variables:
     na.omit pchisq pnorm
    Consider adding
     importFrom("stats", "na.omit", "pchisq", "pnorm")
    to your NAMESPACE file.
Flavors: r-devel-linux-x86_64-debian-clang, r-devel-linux-x86_64-debian-gcc, r-devel-linux-x86_64-fedora-clang, r-devel-linux-x86_64-fedora-gcc, r-devel-windows-ix86+x86_64, r-patched-linux-x86_64, r-patched-solaris-x86, r-release-linux-x86_64, r-release-windows-ix86+x86_64, r-release-osx-x86_64, r-oldrel-windows-ix86+x86_64, r-oldrel-osx-x86_64

Version: 1.1
Check: compiled code
Result: NOTE
    File ‘crrSC/libs/crrSC.so’:
     Found no calls to: ‘R_registerRoutines’, ‘R_useDynamicSymbols’
    
    It is good practice to register native routines and to disable symbol
    search.
    
    See ‘Writing portable packages’ in the ‘Writing R Extensions’ manual.
Flavors: r-devel-linux-x86_64-fedora-clang, r-devel-linux-x86_64-fedora-gcc