CRAN Package Check Results for Package crrSC

Last updated on 2015-08-29 17:48:01.

Flavor Version Tinstall Tcheck Ttotal Status Flags
r-devel-linux-x86_64-debian-clang 1.1 2.11 11.87 13.98 NOTE
r-devel-linux-x86_64-debian-gcc 1.1 2.60 11.72 14.32 NOTE
r-devel-linux-x86_64-fedora-clang 1.1 27.22 NOTE
r-devel-linux-x86_64-fedora-gcc 1.1 25.99 NOTE
r-devel-osx-x86_64-clang 1.1 26.33 OK
r-devel-windows-ix86+x86_64 1.1 21.00 46.00 67.00 NOTE
r-patched-linux-x86_64 1.1 2.74 12.94 15.68 OK
r-patched-solaris-sparc 1.1 177.70 OK
r-patched-solaris-x86 1.1 49.90 OK
r-release-linux-x86_64 1.1 2.58 12.75 15.33 OK
r-release-osx-x86_64-mavericks 1.1 OK
r-release-windows-ix86+x86_64 1.1 11.00 42.00 53.00 OK
r-oldrel-windows-ix86+x86_64 1.1 11.00 32.00 43.00 OK

Check Details

Version: 1.1
Check: R code for possible problems
Result: NOTE
    crrc: no visible binding for global variable ‘na.omit’
    crrs: no visible binding for global variable ‘na.omit’
    mycrr: no visible binding for global variable ‘na.omit’
    mycrr.test: no visible binding for global variable ‘na.omit’
    print.crrs: no visible global function definition for ‘pnorm’
    psh.test: no visible global function definition for ‘pchisq’
    Undefined global functions or variables:
     na.omit pchisq pnorm
    Consider adding
     importFrom("stats", "na.omit", "pchisq", "pnorm")
    to your NAMESPACE.
Flavors: r-devel-linux-x86_64-debian-clang, r-devel-linux-x86_64-debian-gcc, r-devel-linux-x86_64-fedora-clang, r-devel-linux-x86_64-fedora-gcc, r-devel-windows-ix86+x86_64