CRAN Package Check Results for Package crrSC

Last updated on 2016-06-27 03:47:30.

Flavor Version Tinstall Tcheck Ttotal Status Flags
r-devel-linux-x86_64-debian-gcc 1.1 4.42 30.02 34.44 NOTE
r-devel-linux-x86_64-fedora-clang 1.1 69.74 NOTE
r-devel-linux-x86_64-fedora-gcc 1.1 65.38 NOTE
r-devel-osx-x86_64-clang 1.1 56.32 NOTE
r-devel-windows-ix86+x86_64 1.1 13.00 95.00 108.00 NOTE
r-patched-linux-x86_64 1.1 4.64 33.06 37.69 NOTE
r-patched-solaris-sparc 1.1 407.60 NOTE
r-patched-solaris-x86 1.1 99.10 NOTE
r-release-linux-x86_64 1.1 4.60 32.71 37.31 NOTE
r-release-osx-x86_64-mavericks 1.1 NOTE
r-release-windows-ix86+x86_64 1.1 13.00 67.00 80.00 NOTE
r-oldrel-windows-ix86+x86_64 1.1 19.00 95.00 114.00 OK

Check Details

Version: 1.1
Check: R code for possible problems
Result: NOTE
    crrc: no visible binding for global variable ‘na.omit’
    crrs: no visible binding for global variable ‘na.omit’
    mycrr: no visible binding for global variable ‘na.omit’
    mycrr.test: no visible binding for global variable ‘na.omit’
    print.crrs: no visible global function definition for ‘pnorm’
    psh.test: no visible global function definition for ‘pchisq’
    Undefined global functions or variables:
     na.omit pchisq pnorm
    Consider adding
     importFrom("stats", "na.omit", "pchisq", "pnorm")
    to your NAMESPACE file.
Flavors: r-devel-linux-x86_64-debian-gcc, r-devel-linux-x86_64-fedora-clang, r-devel-linux-x86_64-fedora-gcc, r-devel-osx-x86_64-clang, r-devel-windows-ix86+x86_64, r-patched-linux-x86_64, r-patched-solaris-sparc, r-patched-solaris-x86, r-release-linux-x86_64, r-release-osx-x86_64-mavericks, r-release-windows-ix86+x86_64