CRAN Package Check Results for Package crrSC

Last updated on 2015-07-06 06:46:36.

Flavor Version Tinstall Tcheck Ttotal Status Flags
r-devel-linux-x86_64-debian-clang 1.1 2.14 12.53 14.67 NOTE
r-devel-linux-x86_64-debian-gcc 1.1 2.52 12.02 14.53 NOTE
r-devel-linux-x86_64-fedora-clang 1.1 27.23 NOTE
r-devel-linux-x86_64-fedora-gcc 1.1 25.52 NOTE
r-devel-osx-x86_64-clang 1.1 25.78 OK
r-devel-windows-ix86+x86_64 1.1 16.00 25.00 41.00 NOTE
r-patched-linux-x86_64 1.1 2.51 13.18 15.69 OK
r-patched-solaris-sparc 1.1 179.80 OK
r-patched-solaris-x86 1.1 46.80 OK
r-release-linux-x86_64 1.1 2.72 12.68 15.41 OK
r-release-osx-x86_64-mavericks 1.1 OK
r-release-windows-ix86+x86_64 1.1 16.00 29.00 45.00 OK
r-oldrel-windows-ix86+x86_64 1.1 11.00 32.00 43.00 OK

Check Details

Version: 1.1
Check: R code for possible problems
Result: NOTE
    crrc: no visible binding for global variable ‘na.omit’
    crrs: no visible binding for global variable ‘na.omit’
    mycrr: no visible binding for global variable ‘na.omit’
    mycrr.test: no visible binding for global variable ‘na.omit’
    print.crrs: no visible global function definition for ‘pnorm’
    psh.test: no visible global function definition for ‘pchisq’
    Undefined global functions or variables:
     na.omit pchisq pnorm
Flavors: r-devel-linux-x86_64-debian-clang, r-devel-linux-x86_64-debian-gcc, r-devel-linux-x86_64-fedora-clang, r-devel-linux-x86_64-fedora-gcc, r-devel-windows-ix86+x86_64