CRAN Package Check Results for Package crrSC

Last updated on 2017-05-28 21:46:48.

Flavor Version Tinstall Tcheck Ttotal Status Flags
r-devel-linux-x86_64-debian-clang 1.1 5.59 32.00 37.59 NOTE
r-devel-linux-x86_64-debian-gcc 1.1 5.08 31.68 36.76 NOTE
r-devel-linux-x86_64-fedora-clang 1.1 82.90 NOTE
r-devel-linux-x86_64-fedora-gcc 1.1 76.73 NOTE
r-devel-windows-ix86+x86_64 1.1 15.00 97.00 112.00 NOTE
r-patched-linux-x86_64 1.1 5.54 32.31 37.85 NOTE
r-patched-solaris-sparc 1.1 464.20 NOTE
r-patched-solaris-x86 1.1 115.80 NOTE
r-release-linux-x86_64 1.1 4.60 32.36 36.96 NOTE
r-release-windows-ix86+x86_64 1.1 19.00 70.00 89.00 NOTE
r-release-osx-x86_64 1.1 NOTE
r-oldrel-windows-ix86+x86_64 1.1 20.00 63.00 83.00 NOTE
r-oldrel-osx-x86_64 1.1 NOTE

Check Details

Version: 1.1
Check: R code for possible problems
Result: NOTE
    crrc: no visible binding for global variable ‘na.omit’
    crrs: no visible binding for global variable ‘na.omit’
    mycrr: no visible binding for global variable ‘na.omit’
    mycrr.test: no visible binding for global variable ‘na.omit’
    print.crrs: no visible global function definition for ‘pnorm’
    psh.test: no visible global function definition for ‘pchisq’
    Undefined global functions or variables:
     na.omit pchisq pnorm
    Consider adding
     importFrom("stats", "na.omit", "pchisq", "pnorm")
    to your NAMESPACE file.
Flavors: r-devel-linux-x86_64-debian-clang, r-devel-linux-x86_64-debian-gcc, r-devel-linux-x86_64-fedora-clang, r-devel-linux-x86_64-fedora-gcc, r-devel-windows-ix86+x86_64, r-patched-linux-x86_64, r-patched-solaris-sparc, r-patched-solaris-x86, r-release-linux-x86_64, r-release-windows-ix86+x86_64, r-release-osx-x86_64, r-oldrel-windows-ix86+x86_64, r-oldrel-osx-x86_64

Version: 1.1
Check: compiled code
Result: NOTE
    File ‘crrSC/libs/crrSC.so’:
     Found no calls to: ‘R_registerRoutines’, ‘R_useDynamicSymbols’
    
    It is good practice to register native routines and to disable symbol
    search.
    
    See ‘Writing portable packages’ in the ‘Writing R Extensions’ manual.
Flavors: r-devel-linux-x86_64-debian-clang, r-devel-linux-x86_64-debian-gcc, r-devel-linux-x86_64-fedora-clang, r-devel-linux-x86_64-fedora-gcc, r-patched-linux-x86_64, r-release-linux-x86_64