CRAN Package Check Results for Package crrp

Last updated on 2022-01-23 12:05:06 CET.

Flavor Version Tinstall Tcheck Ttotal Status Flags
r-devel-linux-x86_64-debian-clang 1.0 9.31 71.75 81.06 NOTE
r-devel-linux-x86_64-debian-gcc 1.0 7.26 62.71 69.97 NOTE
r-devel-linux-x86_64-fedora-clang 1.0 98.43 NOTE
r-devel-linux-x86_64-fedora-gcc 1.0 85.69 NOTE
r-devel-windows-x86_64-new-UL 1.0 83.00 92.00 175.00 NOTE
r-devel-windows-x86_64-new-TK 1.0 NOTE
r-patched-linux-x86_64 1.0 7.97 70.51 78.48 NOTE
r-release-linux-x86_64 1.0 8.41 69.54 77.95 NOTE
r-release-macos-arm64 1.0 NOTE
r-release-macos-x86_64 1.0 NOTE
r-release-windows-ix86+x86_64 1.0 20.00 110.00 130.00 NOTE
r-oldrel-macos-x86_64 1.0 NOTE
r-oldrel-windows-ix86+x86_64 1.0 21.00 107.00 128.00 NOTE

Additional issues

rchk

Check Details

Version: 1.0
Check: R code for possible problems
Result: NOTE
    crrp: no visible global function definition for 'approx'
    gcrrp: no visible global function definition for 'approx'
    Undefined global functions or variables:
     approx
    Consider adding
     importFrom("stats", "approx")
    to your NAMESPACE file.
Flavors: r-devel-linux-x86_64-debian-clang, r-devel-linux-x86_64-debian-gcc, r-devel-linux-x86_64-fedora-clang, r-devel-linux-x86_64-fedora-gcc, r-devel-windows-x86_64-new-UL, r-devel-windows-x86_64-new-TK, r-patched-linux-x86_64, r-release-linux-x86_64, r-release-macos-arm64, r-release-macos-x86_64, r-release-windows-ix86+x86_64, r-oldrel-macos-x86_64, r-oldrel-windows-ix86+x86_64

Version: 1.0
Check: compiled code
Result: NOTE
    File ‘crrp/libs/crrp.so’:
     Found no calls to: ‘R_registerRoutines’, ‘R_useDynamicSymbols’
    
    It is good practice to register native routines and to disable symbol
    search.
    
    See ‘Writing portable packages’ in the ‘Writing R Extensions’ manual.
Flavors: r-devel-linux-x86_64-fedora-clang, r-devel-linux-x86_64-fedora-gcc