CRAN Package Check Results for Package crrstep

Last updated on 2016-07-30 12:48:06.

Flavor Version Tinstall Tcheck Ttotal Status Flags
r-devel-linux-x86_64-debian-clang 2015-2.1 2.48 43.01 45.49 NOTE
r-devel-linux-x86_64-debian-gcc 2015-2.1 2.39 42.97 45.37 NOTE
r-devel-linux-x86_64-fedora-clang 2015-2.1 76.14 NOTE
r-devel-linux-x86_64-fedora-gcc 2015-2.1 72.44 NOTE
r-devel-osx-x86_64-clang 2015-2.1 59.07 NOTE
r-devel-windows-ix86+x86_64 2015-2.1 6.00 72.00 78.00 NOTE
r-patched-linux-x86_64 2015-2.1 2.52 42.11 44.63 NOTE
r-patched-solaris-sparc 2015-2.1 464.10 NOTE
r-patched-solaris-x86 2015-2.1 96.50 NOTE
r-release-linux-x86_64 2015-2.1 3.12 47.43 50.54 NOTE
r-release-osx-x86_64-mavericks 2015-2.1 NOTE
r-release-windows-ix86+x86_64 2015-2.1 9.00 81.00 90.00 NOTE
r-oldrel-windows-ix86+x86_64 2015-2.1 9.00 86.00 95.00 OK

Check Details

Version: 2015-2.1
Check: R code for possible problems
Result: NOTE
    crrstep : crr.makecov1: no visible global function definition for
     ‘model.matrix’
    crrstep : crr.dropterm: no visible global function definition for
     ‘terms’
    crrstep : crr.dropterm: no visible global function definition for
     ‘as.formula’
    crrstep : crr.addterm: no visible global function definition for
     ‘terms’
    crrstep : crr.addterm: no visible global function definition for
     ‘as.formula’
    crrstep: no visible global function definition for ‘as.formula’
    crrstep: no visible global function definition for ‘terms’
    crrstep: no visible global function definition for ‘model.frame’
    crrstep: no visible binding for global variable ‘na.pass’
    crrstep: no visible global function definition for ‘update’
    crrstep: no visible global function definition for ‘drop.terms’
    Undefined global functions or variables:
     as.formula drop.terms model.frame model.matrix na.pass terms update
    Consider adding
     importFrom("stats", "as.formula", "drop.terms", "model.frame",
     "model.matrix", "na.pass", "terms", "update")
    to your NAMESPACE file.
Flavors: r-devel-linux-x86_64-debian-clang, r-devel-linux-x86_64-debian-gcc, r-devel-linux-x86_64-fedora-clang, r-devel-linux-x86_64-fedora-gcc, r-devel-osx-x86_64-clang, r-devel-windows-ix86+x86_64, r-patched-linux-x86_64, r-patched-solaris-sparc, r-patched-solaris-x86, r-release-linux-x86_64, r-release-osx-x86_64-mavericks, r-release-windows-ix86+x86_64