CRAN Package Check Results for Package crrstep

Last updated on 2016-06-28 06:46:58.

Flavor Version Tinstall Tcheck Ttotal Status Flags
r-devel-linux-x86_64-debian-gcc 2015-2.1 2.34 36.47 38.81 NOTE
r-devel-linux-x86_64-fedora-clang 2015-2.1 74.42 NOTE
r-devel-linux-x86_64-fedora-gcc 2015-2.1 71.41 NOTE
r-devel-osx-x86_64-clang 2015-2.1 56.98 NOTE
r-devel-windows-ix86+x86_64 2015-2.1 10.00 68.00 78.00 NOTE
r-patched-linux-x86_64 2015-2.1 2.49 39.45 41.94 NOTE
r-patched-solaris-sparc 2015-2.1 464.10 NOTE
r-patched-solaris-x86 2015-2.1 97.80 NOTE
r-release-linux-x86_64 2015-2.1 2.42 37.79 40.21 NOTE
r-release-osx-x86_64-mavericks 2015-2.1 NOTE
r-release-windows-ix86+x86_64 2015-2.1 11.00 80.00 91.00 NOTE
r-oldrel-windows-ix86+x86_64 2015-2.1 10.00 64.00 74.00 OK

Check Details

Version: 2015-2.1
Check: R code for possible problems
Result: NOTE
    crrstep : crr.makecov1: no visible global function definition for
     ‘model.matrix’
    crrstep : crr.dropterm: no visible global function definition for
     ‘terms’
    crrstep : crr.dropterm: no visible global function definition for
     ‘as.formula’
    crrstep : crr.addterm: no visible global function definition for
     ‘terms’
    crrstep : crr.addterm: no visible global function definition for
     ‘as.formula’
    crrstep: no visible global function definition for ‘as.formula’
    crrstep: no visible global function definition for ‘terms’
    crrstep: no visible global function definition for ‘model.frame’
    crrstep: no visible binding for global variable ‘na.pass’
    crrstep: no visible global function definition for ‘update’
    crrstep: no visible global function definition for ‘drop.terms’
    Undefined global functions or variables:
     as.formula drop.terms model.frame model.matrix na.pass terms update
    Consider adding
     importFrom("stats", "as.formula", "drop.terms", "model.frame",
     "model.matrix", "na.pass", "terms", "update")
    to your NAMESPACE file.
Flavors: r-devel-linux-x86_64-debian-gcc, r-devel-linux-x86_64-fedora-clang, r-devel-linux-x86_64-fedora-gcc, r-devel-osx-x86_64-clang, r-devel-windows-ix86+x86_64, r-patched-linux-x86_64, r-patched-solaris-sparc, r-patched-solaris-x86, r-release-linux-x86_64, r-release-osx-x86_64-mavericks, r-release-windows-ix86+x86_64