CRAN Package Check Results for Package crrstep

Last updated on 2016-05-25 21:46:33.

Flavor Version Tinstall Tcheck Ttotal Status Flags
r-devel-linux-x86_64-debian-gcc 2015-2.1 2.36 37.72 40.08 NOTE
r-devel-linux-x86_64-fedora-clang 2015-2.1 81.09 NOTE
r-devel-linux-x86_64-fedora-gcc 2015-2.1 70.27 NOTE
r-devel-osx-x86_64-clang 2015-2.1 77.68 NOTE
r-devel-windows-ix86+x86_64 2015-2.1 6.00 75.00 81.00 NOTE
r-patched-linux-x86_64 2015-2.1 2.49 37.05 39.54 NOTE
r-patched-solaris-sparc 2015-2.1 462.50 NOTE
r-patched-solaris-x86 2015-2.1 98.50 NOTE
r-release-linux-x86_64 2015-2.1 2.39 36.96 39.35 NOTE
r-release-osx-x86_64-mavericks 2015-2.1 NOTE
r-release-windows-ix86+x86_64 2015-2.1 8.00 64.00 72.00 NOTE
r-oldrel-windows-ix86+x86_64 2015-2.1 7.00 91.00 98.00 OK

Check Details

Version: 2015-2.1
Check: R code for possible problems
Result: NOTE
    crrstep : crr.makecov1: no visible global function definition for
     ‘model.matrix’
    crrstep : crr.dropterm: no visible global function definition for
     ‘terms’
    crrstep : crr.dropterm: no visible global function definition for
     ‘as.formula’
    crrstep : crr.addterm: no visible global function definition for
     ‘terms’
    crrstep : crr.addterm: no visible global function definition for
     ‘as.formula’
    crrstep: no visible global function definition for ‘as.formula’
    crrstep: no visible global function definition for ‘terms’
    crrstep: no visible global function definition for ‘model.frame’
    crrstep: no visible binding for global variable ‘na.pass’
    crrstep: no visible global function definition for ‘update’
    crrstep: no visible global function definition for ‘drop.terms’
    Undefined global functions or variables:
     as.formula drop.terms model.frame model.matrix na.pass terms update
    Consider adding
     importFrom("stats", "as.formula", "drop.terms", "model.frame",
     "model.matrix", "na.pass", "terms", "update")
    to your NAMESPACE file.
Flavors: r-devel-linux-x86_64-debian-gcc, r-devel-linux-x86_64-fedora-clang, r-devel-linux-x86_64-fedora-gcc, r-devel-osx-x86_64-clang, r-devel-windows-ix86+x86_64, r-patched-linux-x86_64, r-patched-solaris-sparc, r-patched-solaris-x86, r-release-linux-x86_64, r-release-osx-x86_64-mavericks, r-release-windows-ix86+x86_64