CRAN Package Check Results for Package crrstep

Last updated on 2018-04-24 17:48:47 CEST.

Flavor Version Tinstall Tcheck Ttotal Status Flags
r-devel-linux-x86_64-debian-clang 2015-2.1 3.27 58.09 61.36 NOTE
r-devel-linux-x86_64-debian-gcc 2015-2.1 3.53 45.47 49.00 NOTE
r-devel-linux-x86_64-fedora-clang 2015-2.1 76.48 NOTE
r-devel-linux-x86_64-fedora-gcc 2015-2.1 73.24 NOTE
r-devel-windows-ix86+x86_64 2015-2.1 9.00 75.00 84.00 NOTE
r-patched-linux-x86_64 2015-2.1 3.54 56.39 59.93 NOTE
r-patched-solaris-x86 2015-2.1 115.00 NOTE
r-release-linux-x86_64 2015-2.1 3.34 56.49 59.83 NOTE
r-release-windows-ix86+x86_64 2015-2.1 9.00 75.00 84.00 NOTE
r-release-osx-x86_64 2015-2.1 NOTE
r-oldrel-windows-ix86+x86_64 2015-2.1 7.00 88.00 95.00 NOTE
r-oldrel-osx-x86_64 2015-2.1 NOTE

Check Details

Version: 2015-2.1
Check: R code for possible problems
Result: NOTE
    crrstep : crr.makecov1: no visible global function definition for
     ‘model.matrix’
    crrstep : crr.dropterm: no visible global function definition for
     ‘terms’
    crrstep : crr.dropterm: no visible global function definition for
     ‘as.formula’
    crrstep : crr.addterm: no visible global function definition for
     ‘terms’
    crrstep : crr.addterm: no visible global function definition for
     ‘as.formula’
    crrstep: no visible global function definition for ‘as.formula’
    crrstep: no visible global function definition for ‘terms’
    crrstep: no visible global function definition for ‘model.frame’
    crrstep: no visible binding for global variable ‘na.pass’
    crrstep: no visible global function definition for ‘update’
    crrstep: no visible global function definition for ‘drop.terms’
    Undefined global functions or variables:
     as.formula drop.terms model.frame model.matrix na.pass terms update
    Consider adding
     importFrom("stats", "as.formula", "drop.terms", "model.frame",
     "model.matrix", "na.pass", "terms", "update")
    to your NAMESPACE file.
Flavors: r-devel-linux-x86_64-debian-clang, r-devel-linux-x86_64-debian-gcc, r-devel-linux-x86_64-fedora-clang, r-devel-linux-x86_64-fedora-gcc, r-devel-windows-ix86+x86_64, r-patched-linux-x86_64, r-patched-solaris-x86, r-release-linux-x86_64, r-release-windows-ix86+x86_64, r-release-osx-x86_64, r-oldrel-windows-ix86+x86_64, r-oldrel-osx-x86_64