CRAN Package Check Results for Package crrstep

Last updated on 2015-07-30 09:47:21.

Flavor Version Tinstall Tcheck Ttotal Status Flags
r-devel-linux-x86_64-debian-clang 2015-2.1 0.53 18.15 18.68 NOTE
r-devel-linux-x86_64-debian-gcc 2015-2.1 0.52 18.14 18.66 NOTE
r-devel-linux-x86_64-fedora-clang 2015-2.1 33.30 NOTE
r-devel-linux-x86_64-fedora-gcc 2015-2.1 31.93 NOTE
r-devel-osx-x86_64-clang 2015-2.1 32.24 OK
r-devel-windows-ix86+x86_64 2015-2.1 5.00 33.00 38.00 NOTE
r-patched-linux-x86_64 2015-2.1 0.54 18.42 18.97 OK
r-patched-solaris-sparc 2015-2.1 236.70 OK
r-patched-solaris-x86 2015-2.1 46.70 OK
r-release-linux-x86_64 2015-2.1 0.68 18.14 18.82 OK
r-release-osx-x86_64-mavericks 2015-2.1 OK
r-release-windows-ix86+x86_64 2015-2.1 4.00 31.00 35.00 OK
r-oldrel-windows-ix86+x86_64 2015-2.1 4.00 36.00 40.00 OK

Check Details

Version: 2015-2.1
Check: R code for possible problems
Result: NOTE
    crrstep : crr.makecov1: no visible global function definition for
     ‘model.matrix’
    crrstep : crr.dropterm: no visible global function definition for
     ‘terms’
    crrstep : crr.dropterm: no visible global function definition for
     ‘as.formula’
    crrstep : crr.addterm: no visible global function definition for
     ‘terms’
    crrstep : crr.addterm: no visible global function definition for
     ‘as.formula’
    crrstep: no visible global function definition for ‘as.formula’
    crrstep: no visible global function definition for ‘terms’
    crrstep: no visible global function definition for ‘model.frame’
    crrstep: no visible binding for global variable ‘na.pass’
    crrstep: no visible global function definition for ‘update’
    crrstep: no visible global function definition for ‘drop.terms’
    Undefined global functions or variables:
     as.formula drop.terms model.frame model.matrix na.pass terms update
    Consider adding
     importFrom("stats", "as.formula", "drop.terms", "model.frame",
     "model.matrix", "na.pass", "terms", "update")
    to your NAMESPACE.
Flavors: r-devel-linux-x86_64-debian-clang, r-devel-linux-x86_64-debian-gcc, r-devel-linux-x86_64-fedora-clang, r-devel-linux-x86_64-fedora-gcc, r-devel-windows-ix86+x86_64