CRAN Package Check Results for Package crrstep

Last updated on 2017-03-26 11:53:33.

Flavor Version Tinstall Tcheck Ttotal Status Flags
r-devel-linux-x86_64-debian-clang 2015-2.1 2.21 38.27 40.49 NOTE
r-devel-linux-x86_64-debian-gcc 2015-2.1 2.40 38.12 40.52 NOTE
r-devel-linux-x86_64-fedora-clang 2015-2.1 92.93 NOTE --no-stop-on-test-error
r-devel-linux-x86_64-fedora-gcc 2015-2.1 89.87 NOTE --no-stop-on-test-error
r-devel-macos-x86_64-clang 2015-2.1 64.09 NOTE --no-stop-on-test-error
r-devel-windows-ix86+x86_64 2015-2.1 7.00 97.00 104.00 NOTE
r-patched-linux-x86_64 2015-2.1 2.23 38.21 40.44 NOTE
r-patched-solaris-sparc 2015-2.1 521.70 NOTE
r-patched-solaris-x86 2015-2.1 113.10 NOTE
r-release-linux-x86_64 2015-2.1 2.16 33.58 35.73 NOTE
r-release-osx-x86_64-mavericks 2015-2.1 NOTE
r-release-windows-ix86+x86_64 2015-2.1 8.00 68.00 76.00 NOTE
r-oldrel-windows-ix86+x86_64 2015-2.1 6.00 61.00 67.00 OK

Check Details

Version: 2015-2.1
Check: R code for possible problems
Result: NOTE
    crrstep : crr.makecov1: no visible global function definition for
     ‘model.matrix’
    crrstep : crr.dropterm: no visible global function definition for
     ‘terms’
    crrstep : crr.dropterm: no visible global function definition for
     ‘as.formula’
    crrstep : crr.addterm: no visible global function definition for
     ‘terms’
    crrstep : crr.addterm: no visible global function definition for
     ‘as.formula’
    crrstep: no visible global function definition for ‘as.formula’
    crrstep: no visible global function definition for ‘terms’
    crrstep: no visible global function definition for ‘model.frame’
    crrstep: no visible binding for global variable ‘na.pass’
    crrstep: no visible global function definition for ‘update’
    crrstep: no visible global function definition for ‘drop.terms’
    Undefined global functions or variables:
     as.formula drop.terms model.frame model.matrix na.pass terms update
    Consider adding
     importFrom("stats", "as.formula", "drop.terms", "model.frame",
     "model.matrix", "na.pass", "terms", "update")
    to your NAMESPACE file.
Flavors: r-devel-linux-x86_64-debian-clang, r-devel-linux-x86_64-debian-gcc, r-devel-windows-ix86+x86_64, r-patched-linux-x86_64, r-patched-solaris-sparc, r-patched-solaris-x86, r-release-linux-x86_64, r-release-osx-x86_64-mavericks, r-release-windows-ix86+x86_64

Version: 2015-2.1
Flags: --no-stop-on-test-error
Check: R code for possible problems
Result: NOTE
    crrstep : crr.makecov1: no visible global function definition for
     ‘model.matrix’
    crrstep : crr.dropterm: no visible global function definition for
     ‘terms’
    crrstep : crr.dropterm: no visible global function definition for
     ‘as.formula’
    crrstep : crr.addterm: no visible global function definition for
     ‘terms’
    crrstep : crr.addterm: no visible global function definition for
     ‘as.formula’
    crrstep: no visible global function definition for ‘as.formula’
    crrstep: no visible global function definition for ‘terms’
    crrstep: no visible global function definition for ‘model.frame’
    crrstep: no visible binding for global variable ‘na.pass’
    crrstep: no visible global function definition for ‘update’
    crrstep: no visible global function definition for ‘drop.terms’
    Undefined global functions or variables:
     as.formula drop.terms model.frame model.matrix na.pass terms update
    Consider adding
     importFrom("stats", "as.formula", "drop.terms", "model.frame",
     "model.matrix", "na.pass", "terms", "update")
    to your NAMESPACE file.
Flavors: r-devel-linux-x86_64-fedora-clang, r-devel-linux-x86_64-fedora-gcc, r-devel-macos-x86_64-clang