CRAN Package Check Results for Package crrstep

Last updated on 2017-09-22 21:47:52.

Flavor Version Tinstall Tcheck Ttotal Status Flags
r-devel-linux-x86_64-debian-clang 2015-2.1 2.40 37.03 39.43 NOTE
r-devel-linux-x86_64-debian-gcc 2015-2.1 2.19 36.29 38.49 NOTE
r-devel-linux-x86_64-fedora-clang 2015-2.1 86.60 NOTE
r-devel-linux-x86_64-fedora-gcc 2015-2.1 87.13 NOTE
r-devel-windows-ix86+x86_64 2015-2.1 6.00 70.00 76.00 NOTE
r-patched-linux-x86_64 2015-2.1 2.43 36.80 39.23 NOTE
r-patched-solaris-x86 2015-2.1 115.90 NOTE
r-release-linux-x86_64 2015-2.1 2.31 36.95 39.25 NOTE
r-release-windows-ix86+x86_64 2015-2.1 5.00 71.00 76.00 NOTE
r-release-osx-x86_64 2015-2.1 NOTE
r-oldrel-windows-ix86+x86_64 2015-2.1 5.00 64.00 69.00 NOTE
r-oldrel-osx-x86_64 2015-2.1 NOTE

Check Details

Version: 2015-2.1
Check: R code for possible problems
Result: NOTE
    crrstep : crr.makecov1: no visible global function definition for
     ‘model.matrix’
    crrstep : crr.dropterm: no visible global function definition for
     ‘terms’
    crrstep : crr.dropterm: no visible global function definition for
     ‘as.formula’
    crrstep : crr.addterm: no visible global function definition for
     ‘terms’
    crrstep : crr.addterm: no visible global function definition for
     ‘as.formula’
    crrstep: no visible global function definition for ‘as.formula’
    crrstep: no visible global function definition for ‘terms’
    crrstep: no visible global function definition for ‘model.frame’
    crrstep: no visible binding for global variable ‘na.pass’
    crrstep: no visible global function definition for ‘update’
    crrstep: no visible global function definition for ‘drop.terms’
    Undefined global functions or variables:
     as.formula drop.terms model.frame model.matrix na.pass terms update
    Consider adding
     importFrom("stats", "as.formula", "drop.terms", "model.frame",
     "model.matrix", "na.pass", "terms", "update")
    to your NAMESPACE file.
Flavors: r-devel-linux-x86_64-debian-clang, r-devel-linux-x86_64-debian-gcc, r-devel-linux-x86_64-fedora-clang, r-devel-linux-x86_64-fedora-gcc, r-devel-windows-ix86+x86_64, r-patched-linux-x86_64, r-patched-solaris-x86, r-release-linux-x86_64, r-release-windows-ix86+x86_64, r-release-osx-x86_64, r-oldrel-windows-ix86+x86_64, r-oldrel-osx-x86_64