CRAN Package Check Results for Package crrstep

Last updated on 2016-04-29 19:49:43.

Flavor Version Tinstall Tcheck Ttotal Status Flags
r-devel-linux-x86_64-debian-gcc 2015-2.1 2.47 37.11 39.58 NOTE
r-devel-linux-x86_64-fedora-clang 2015-2.1 74.54 NOTE
r-devel-linux-x86_64-fedora-gcc 2015-2.1 71.03 NOTE
r-devel-osx-x86_64-clang 2015-2.1 73.40 NOTE
r-devel-windows-ix86+x86_64 2015-2.1 6.00 73.00 79.00 NOTE
r-patched-linux-x86_64 2015-2.1 2.59 37.29 39.89 NOTE
r-patched-solaris-sparc 2015-2.1 221.00 NOTE
r-patched-solaris-x86 2015-2.1 98.30 NOTE
r-release-linux-x86_64 2015-2.1 2.71 41.10 43.81 OK
r-release-osx-x86_64-mavericks 2015-2.1 OK
r-release-windows-ix86+x86_64 2015-2.1 7.00 68.00 75.00 OK
r-oldrel-windows-ix86+x86_64 2015-2.1 12.00 72.00 84.00 OK

Check Details

Version: 2015-2.1
Check: R code for possible problems
Result: NOTE
    crrstep : crr.makecov1: no visible global function definition for
     ‘model.matrix’
    crrstep : crr.dropterm: no visible global function definition for
     ‘terms’
    crrstep : crr.dropterm: no visible global function definition for
     ‘as.formula’
    crrstep : crr.addterm: no visible global function definition for
     ‘terms’
    crrstep : crr.addterm: no visible global function definition for
     ‘as.formula’
    crrstep: no visible global function definition for ‘as.formula’
    crrstep: no visible global function definition for ‘terms’
    crrstep: no visible global function definition for ‘model.frame’
    crrstep: no visible binding for global variable ‘na.pass’
    crrstep: no visible global function definition for ‘update’
    crrstep: no visible global function definition for ‘drop.terms’
    Undefined global functions or variables:
     as.formula drop.terms model.frame model.matrix na.pass terms update
    Consider adding
     importFrom("stats", "as.formula", "drop.terms", "model.frame",
     "model.matrix", "na.pass", "terms", "update")
    to your NAMESPACE file.
Flavors: r-devel-linux-x86_64-debian-gcc, r-devel-linux-x86_64-fedora-clang, r-devel-linux-x86_64-fedora-gcc, r-devel-osx-x86_64-clang, r-devel-windows-ix86+x86_64, r-patched-linux-x86_64, r-patched-solaris-sparc, r-patched-solaris-x86