CRAN Package Check Results for Package crrstep

Last updated on 2018-01-21 14:47:18 CET.

Flavor Version Tinstall Tcheck Ttotal Status Flags
r-devel-linux-x86_64-debian-clang 2015-2.1 2.19 54.71 56.90 NOTE
r-devel-linux-x86_64-debian-gcc 2015-2.1 2.46 42.37 44.83 NOTE
r-devel-linux-x86_64-fedora-clang 2015-2.1 76.18 NOTE
r-devel-linux-x86_64-fedora-gcc 2015-2.1 75.46 NOTE
r-devel-windows-ix86+x86_64 2015-2.1 6.00 73.00 79.00 NOTE
r-patched-linux-x86_64 2015-2.1 3.34 57.11 60.45 NOTE
r-patched-solaris-x86 2015-2.1 125.60 NOTE
r-release-linux-x86_64 2015-2.1 3.30 57.14 60.44 NOTE
r-release-windows-ix86+x86_64 2015-2.1 9.00 93.00 102.00 NOTE
r-release-osx-x86_64 2015-2.1 NOTE
r-oldrel-windows-ix86+x86_64 2015-2.1 8.00 90.00 98.00 NOTE
r-oldrel-osx-x86_64 2015-2.1 NOTE

Check Details

Version: 2015-2.1
Check: R code for possible problems
Result: NOTE
    crrstep : crr.makecov1: no visible global function definition for
     ‘model.matrix’
    crrstep : crr.dropterm: no visible global function definition for
     ‘terms’
    crrstep : crr.dropterm: no visible global function definition for
     ‘as.formula’
    crrstep : crr.addterm: no visible global function definition for
     ‘terms’
    crrstep : crr.addterm: no visible global function definition for
     ‘as.formula’
    crrstep: no visible global function definition for ‘as.formula’
    crrstep: no visible global function definition for ‘terms’
    crrstep: no visible global function definition for ‘model.frame’
    crrstep: no visible binding for global variable ‘na.pass’
    crrstep: no visible global function definition for ‘update’
    crrstep: no visible global function definition for ‘drop.terms’
    Undefined global functions or variables:
     as.formula drop.terms model.frame model.matrix na.pass terms update
    Consider adding
     importFrom("stats", "as.formula", "drop.terms", "model.frame",
     "model.matrix", "na.pass", "terms", "update")
    to your NAMESPACE file.
Flavors: r-devel-linux-x86_64-debian-clang, r-devel-linux-x86_64-debian-gcc, r-devel-linux-x86_64-fedora-clang, r-devel-linux-x86_64-fedora-gcc, r-devel-windows-ix86+x86_64, r-patched-linux-x86_64, r-patched-solaris-x86, r-release-linux-x86_64, r-release-windows-ix86+x86_64, r-release-osx-x86_64, r-oldrel-windows-ix86+x86_64, r-oldrel-osx-x86_64