CRAN Package Check Results for Package crrstep

Last updated on 2014-04-23 20:47:10.

Flavor Version Tinstall Tcheck Ttotal Status Flags
r-devel-linux-x86_64-debian-clang 2014-01.08 0.60 21.90 22.50 NOTE
r-devel-linux-x86_64-debian-gcc 2014-01.08 0.70 21.88 22.58 NOTE
r-devel-linux-x86_64-fedora-clang 2014-01.08 36.77 NOTE
r-devel-linux-x86_64-fedora-gcc 2014-01.08 35.82 NOTE
r-devel-osx-x86_64-clang 2014-01.08 33.37 NOTE
r-devel-osx-x86_64-gcc 2014-01.08 NOTE
r-devel-windows-ix86+x86_64 2014-01.08 2.00 31.00 33.00 NOTE
r-patched-linux-x86_64 2014-01.08 0.65 21.82 22.47 NOTE
r-patched-solaris-sparc 2014-01.08 230.30 NOTE
r-patched-solaris-x86 2014-01.08 48.80 NOTE
r-release-linux-ix86 2014-01.08 1.00 46.00 47.00 NOTE
r-release-linux-x86_64 2014-01.08 0.64 22.16 22.79 NOTE
r-release-osx-x86_64-mavericks 2014-01.08 WARN
r-release-osx-x86_64-snowleopard 2014-01.08 OK
r-release-windows-ix86+x86_64 2014-01.08 6.00 41.00 47.00 NOTE
r-oldrel-windows-ix86+x86_64 2014-01.08 3.00 33.00 36.00 NOTE

Check Details

Version: 2014-01.08
Check: dependencies in R code
Result: NOTE
    Package in Depends field not imported from: ‘cmprsk’
     These packages need to be imported from (in the NAMESPACE file)
     for when this namespace is loaded but not attached.
    See the information on DESCRIPTION files in the chapter ‘Creating R
    packages’ of the ‘Writing R Extensions’ manual.
Flavors: r-devel-linux-x86_64-debian-clang, r-devel-linux-x86_64-debian-gcc, r-devel-linux-x86_64-fedora-clang, r-devel-linux-x86_64-fedora-gcc, r-devel-osx-x86_64-clang, r-devel-osx-x86_64-gcc, r-devel-windows-ix86+x86_64, r-patched-linux-x86_64, r-patched-solaris-sparc, r-patched-solaris-x86, r-release-linux-ix86, r-release-linux-x86_64, r-release-osx-x86_64-mavericks, r-release-windows-ix86+x86_64, r-oldrel-windows-ix86+x86_64

Version: 2014-01.08
Check: PDF version of manual
Result: WARNING
    LaTeX errors when creating PDF version.
    This typically indicates Rd problems.
    LaTeX errors found:
    ! LaTeX Error: File `upquote.sty' not found.
    
    Type X to quit or <RETURN> to proceed,
    or enter new name. (Default extension: sty)
    
    f26bb1a/Rd2.tex:8: ==> Fatal error occurred, no output PDF file produced!
Flavor: r-release-osx-x86_64-mavericks