CRAN Package Check Results for Package crrstep

Last updated on 2016-02-06 13:48:07.

Flavor Version Tinstall Tcheck Ttotal Status Flags
r-devel-linux-x86_64-debian-gcc 2015-2.1 0.57 17.76 18.33 NOTE
r-devel-linux-x86_64-fedora-clang 2015-2.1 31.27 NOTE
r-devel-linux-x86_64-fedora-gcc 2015-2.1 29.21 NOTE
r-devel-osx-x86_64-clang 2015-2.1 32.37 NOTE
r-devel-windows-ix86+x86_64 2015-2.1 3.00 43.00 46.00 NOTE
r-patched-linux-x86_64 2015-2.1 0.72 18.25 18.98 OK
r-patched-solaris-sparc 2015-2.1 221.20 OK
r-patched-solaris-x86 2015-2.1 41.50 OK
r-release-linux-x86_64 2015-2.1 0.59 18.33 18.93 OK
r-release-osx-x86_64-mavericks 2015-2.1 OK
r-release-windows-ix86+x86_64 2015-2.1 2.00 32.00 34.00 OK
r-oldrel-windows-ix86+x86_64 2015-2.1 4.00 36.00 40.00 OK

Check Details

Version: 2015-2.1
Check: R code for possible problems
Result: NOTE
    crrstep : crr.makecov1: no visible global function definition for
     ‘model.matrix’
    crrstep : crr.dropterm: no visible global function definition for
     ‘terms’
    crrstep : crr.dropterm: no visible global function definition for
     ‘as.formula’
    crrstep : crr.addterm: no visible global function definition for
     ‘terms’
    crrstep : crr.addterm: no visible global function definition for
     ‘as.formula’
    crrstep: no visible global function definition for ‘as.formula’
    crrstep: no visible global function definition for ‘terms’
    crrstep: no visible global function definition for ‘model.frame’
    crrstep: no visible binding for global variable ‘na.pass’
    crrstep: no visible global function definition for ‘update’
    crrstep: no visible global function definition for ‘drop.terms’
    Undefined global functions or variables:
     as.formula drop.terms model.frame model.matrix na.pass terms update
    Consider adding
     importFrom("stats", "as.formula", "drop.terms", "model.frame",
     "model.matrix", "na.pass", "terms", "update")
    to your NAMESPACE.
Flavors: r-devel-linux-x86_64-debian-gcc, r-devel-linux-x86_64-fedora-clang, r-devel-linux-x86_64-fedora-gcc, r-devel-windows-ix86+x86_64

Version: 2015-2.1
Check: R code for possible problems
Result: NOTE
    crrstep : crr.makecov1: no visible global function definition for
     ‘model.matrix’
    crrstep : crr.dropterm: no visible global function definition for
     ‘terms’
    crrstep : crr.dropterm: no visible global function definition for
     ‘as.formula’
    crrstep : crr.addterm: no visible global function definition for
     ‘terms’
    crrstep : crr.addterm: no visible global function definition for
     ‘as.formula’
    crrstep: no visible global function definition for ‘as.formula’
    crrstep: no visible global function definition for ‘terms’
    crrstep: no visible global function definition for ‘model.frame’
    crrstep: no visible binding for global variable ‘na.pass’
    crrstep: no visible global function definition for ‘update’
    crrstep: no visible global function definition for ‘drop.terms’
    Undefined global functions or variables:
     as.formula drop.terms model.frame model.matrix na.pass terms update
    Consider adding
     importFrom("stats", "as.formula", "drop.terms", "model.frame",
     "model.matrix", "na.pass", "terms", "update")
    to your NAMESPACE file.
Flavor: r-devel-osx-x86_64-clang