CRAN Package Check Results for Package crs

Last updated on 2017-10-20 06:48:42.

Flavor Version Tinstall Tcheck Ttotal Status Flags
r-devel-linux-x86_64-debian-clang 0.15-27 111.12 99.81 210.93 OK
r-devel-linux-x86_64-debian-gcc 0.15-27 141.09 106.66 247.74 OK
r-devel-linux-x86_64-fedora-clang 0.15-27 494.97 NOTE
r-devel-linux-x86_64-fedora-gcc 0.15-27 469.43 NOTE
r-devel-windows-ix86+x86_64 0.15-27 473.00 143.00 616.00 NOTE --no-vignettes
r-patched-linux-x86_64 0.15-27 129.85 106.21 236.05 OK
r-patched-solaris-x86 0.15-27 11.20 ERROR --no-build-vignettes
r-release-linux-x86_64 0.15-27 130.93 106.83 237.76 OK
r-release-windows-ix86+x86_64 0.15-27 470.00 146.00 616.00 NOTE --no-vignettes
r-release-osx-x86_64 0.15-27 NOTE
r-oldrel-windows-ix86+x86_64 0.15-27 375.00 197.00 572.00 NOTE --no-vignettes
r-oldrel-osx-x86_64 0.15-27 NOTE

Check Details

Version: 0.15-27
Check: installed package size
Result: NOTE
     installed size is 22.6Mb
     sub-directories of 1Mb or more:
     libs 21.3Mb
Flavors: r-devel-linux-x86_64-fedora-clang, r-devel-linux-x86_64-fedora-gcc, r-release-osx-x86_64, r-oldrel-osx-x86_64

Version: 0.15-27
Flags: --no-vignettes
Check: installed package size
Result: NOTE
     installed size is 7.2Mb
     sub-directories of 1Mb or more:
     libs 5.9Mb
Flavors: r-devel-windows-ix86+x86_64, r-release-windows-ix86+x86_64, r-oldrel-windows-ix86+x86_64

Version: 0.15-27
Flags: --no-build-vignettes
Check: whether package can be installed
Result: ERROR
    Installation failed.
Flavor: r-patched-solaris-x86

Version: 0.15-27
Check: re-building of vignette outputs
Result: NOTE
    Error in re-building vignettes:
     ...
    Categorical Regression Splines (version 0.15-27)
    [vignette("crs_faq") provides answers to frequently asked questions]
    Error in texi2dvi(file = file, pdf = TRUE, clean = clean, quiet = quiet, :
     Running 'texi2dvi' on 'crs.tex' failed.
    LaTeX errors:
    ! LaTeX Error: File `enumitem.sty' not found.
    
    Type X to quit or <RETURN> to proceed,
    or enter new name. (Default extension: sty)
    
    ! Emergency stop.
    <read *>
    
    l.11 \usepackage
     [utf8]{inputenc}^^M
    ! ==> Fatal error occurred, no output PDF file produced!
    Calls: buildVignettes -> texi2pdf -> texi2dvi
    Execution halted
Flavor: r-release-osx-x86_64