CRAN Package Check Results for Package crs

Last updated on 2014-04-25 09:52:12.

Flavor Version Tinstall Tcheck Ttotal Status Flags
r-devel-linux-x86_64-debian-clang 0.15-22 70.24 257.04 327.28 NOTE
r-devel-linux-x86_64-debian-gcc 0.15-22 92.28 220.32 312.60 NOTE
r-devel-linux-x86_64-fedora-clang 0.15-22 736.28 NOTE
r-devel-linux-x86_64-fedora-gcc 0.15-22 648.34 NOTE
r-devel-osx-x86_64-clang 0.15-22 384.19 OK
r-devel-osx-x86_64-gcc 0.15-22 NOTE
r-devel-windows-ix86+x86_64 0.15-22 186.00 362.00 548.00 NOTE
r-patched-linux-x86_64 0.15-22 90.08 254.49 344.57 NOTE
r-patched-solaris-sparc 0.15-22 1657.00 OK --no-vignettes
r-patched-solaris-x86 0.15-22 823.40 NOTE --no-build-vignettes
r-release-linux-ix86 0.15-22 136.00 383.00 519.00 NOTE
r-release-linux-x86_64 0.15-22 89.02 228.52 317.54 NOTE
r-release-osx-x86_64-mavericks 0.15-22 WARN
r-release-osx-x86_64-snowleopard 0.15-22 NOTE
r-release-windows-ix86+x86_64 0.15-22 186.00 355.00 541.00 NOTE
r-oldrel-windows-ix86+x86_64 0.15-22 195.00 390.00 585.00 NOTE

Check Details

Version: 0.15-22
Check: installed package size
Result: NOTE
     installed size is 12.6Mb
     sub-directories of 1Mb or more:
     libs 11.2Mb
Flavors: r-devel-linux-x86_64-debian-clang, r-devel-linux-x86_64-debian-gcc, r-devel-linux-x86_64-fedora-clang, r-devel-linux-x86_64-fedora-gcc, r-devel-osx-x86_64-gcc, r-devel-windows-ix86+x86_64, r-patched-linux-x86_64, r-release-linux-ix86, r-release-linux-x86_64, r-release-osx-x86_64-mavericks, r-release-osx-x86_64-snowleopard, r-release-windows-ix86+x86_64, r-oldrel-windows-ix86+x86_64

Version: 0.15-22
Check: package dependencies
Result: NOTE
    Packages suggested but not available for checking: ‘npRmpi’ ‘quantreg’
Flavor: r-devel-osx-x86_64-gcc

Version: 0.15-22
Check: R code for possible problems
Result: NOTE
    cv.factor.spline: no visible global function definition for ‘rq.fit’
    cv.factor.spline: no visible global function definition for ‘rq.wfit’
    cv.kernel.spline: no visible global function definition for ‘rq.fit’
    cv.kernel.spline: no visible global function definition for ‘rq.wfit’
    deriv.factor.spline: no visible global function definition for ‘rq’
    deriv.kernel.spline: no visible global function definition for ‘rq’
    predict.factor.spline: no visible global function definition for ‘rq’
    predict.kernel.spline: no visible global function definition for ‘rq’
Flavor: r-devel-osx-x86_64-gcc

Version: 0.15-22
Check: package dependencies
Result: NOTE
    Package suggested but not available for checking: 'npRmpi'
Flavors: r-devel-windows-ix86+x86_64, r-release-osx-x86_64-mavericks, r-release-osx-x86_64-snowleopard, r-release-windows-ix86+x86_64, r-oldrel-windows-ix86+x86_64

Version: 0.15-22
Check: re-building of vignette outputs
Result: NOTE
    Error in re-building vignettes:
     ...
    Categorical Regression Splines (version 0.15-22)
    [vignette("crs_faq") provides answers to frequently asked questions]
    Warning: running command '"D:\compiler\texmf\miktex\bin\texi2dvi.exe" --quiet --pdf "spline_primer.tex" --max-iterations=20 -I "D:/RCompile/recent/R/share/texmf/tex/latex" -I "D:/RCompile/recent/R/share/texmf/bibtex/bst"' had status 1
    Error: running 'texi2dvi' on 'spline_primer.tex' failed
    
    LaTeX errors:
    bbl:34: ==> Fatal error occurred, no output PDF file produced!
    Execution halted
Flavor: r-devel-windows-ix86+x86_64

Version: 0.15-22
Flags: --no-build-vignettes
Check: installed package size
Result: NOTE
     installed size is 5.2Mb
     sub-directories of 1Mb or more:
     libs 3.4Mb
Flavor: r-patched-solaris-x86

Version: 0.15-22
Check: re-building of vignette outputs
Result: NOTE
    Error in re-building vignettes:
     ...
    Categorical Regression Splines (version 0.15-22)
    [vignette("crs_faq") provides answers to frequently asked questions]
    Error in texi2dvi(file = file, pdf = TRUE, clean = clean, quiet = quiet, :
     Running 'texi2dvi' on 'crs.tex' failed.
    LaTeX errors:
    ! LaTeX Error: File `enumitem.sty' not found.
    
    Type X to quit or <RETURN> to proceed,
    or enter new name. (Default extension: sty)
    
    t/crs/vignettes/crs.tex:11: ==> Fatal error occurred, no output PDF file produ
    ced!
    Calls: buildVignettes -> texi2pdf -> texi2dvi
    Execution halted
Flavor: r-release-osx-x86_64-mavericks

Version: 0.15-22
Check: PDF version of manual
Result: WARNING
    LaTeX errors when creating PDF version.
    This typically indicates Rd problems.
    LaTeX errors found:
    ! LaTeX Error: File `upquote.sty' not found.
    
    Type X to quit or <RETURN> to proceed,
    or enter new name. (Default extension: sty)
    
    ca9c2b/Rd2.tex:8: ==> Fatal error occurred, no output PDF file produced!
Flavor: r-release-osx-x86_64-mavericks

Version: 0.15-22
Check: re-building of vignette outputs
Result: NOTE
    Error in re-building vignettes:
     ...
    Categorical Regression Splines (version 0.15-22)
    [vignette("crs_faq") provides answers to frequently asked questions]
    Warning: running command '"D:\compiler\texmf\miktex\bin\texi2dvi.exe" --quiet --pdf "spline_primer.tex" --max-iterations=20 -I "D:/RCompile/recent/R-3.1.0/share/texmf/tex/latex" -I "D:/RCompile/recent/R-3.1.0/share/texmf/bibtex/bst"' had status 1
    Error: running 'texi2dvi' on 'spline_primer.tex' failed
    
    LaTeX errors:
    bbl:34: ==> Fatal error occurred, no output PDF file produced!
    Execution halted
Flavor: r-release-windows-ix86+x86_64

Version: 0.15-22
Check: re-building of vignette outputs
Result: NOTE
    Error in re-building vignettes:
     ...
    Categorical Regression Splines (version 0.15-22)
    [vignette("crs_faq") provides answers to frequently asked questions]
    Warning: running command '"D:\compiler\texmf\miktex\bin\texi2dvi.exe" --quiet --pdf "spline_primer.tex" -I "D:/Rcompile/recent/R-3.0.3/share/texmf/tex/latex" -I "D:/Rcompile/recent/R-3.0.3/share/texmf/bibtex/bst"' had status 1
    Error: running 'texi2dvi' on 'spline_primer.tex' failed
    
    LaTeX errors:
    bbl:34: ==> Fatal error occurred, no output PDF file produced!
    Execution halted
Flavor: r-oldrel-windows-ix86+x86_64