CRAN Package Check Results for Package crs

Last updated on 2015-02-01 16:46:54.

Flavor Version Tinstall Tcheck Ttotal Status Flags
r-devel-linux-x86_64-debian-clang 0.15-24 75.62 256.80 332.42 NOTE
r-devel-linux-x86_64-debian-gcc 0.15-24 99.33 249.30 348.63 NOTE
r-devel-linux-x86_64-fedora-clang 0.15-24 610.50 NOTE
r-devel-linux-x86_64-fedora-gcc 0.15-24 614.38 NOTE
r-devel-osx-x86_64-clang 0.15-24 483.02 OK
r-devel-windows-ix86+x86_64 0.15-24 280.00 389.00 669.00 NOTE
r-patched-linux-x86_64 0.15-24 95.37 262.91 358.28 NOTE
r-patched-solaris-sparc 0.15-24 1764.60 OK --no-vignettes
r-patched-solaris-x86 0.15-24 723.40 NOTE --no-build-vignettes
r-release-linux-ix86 0.15-24 115.66 356.63 472.29 NOTE
r-release-linux-x86_64 0.15-24 95.02 272.00 367.02 NOTE
r-release-osx-x86_64-mavericks 0.15-24 NOTE
r-release-osx-x86_64-snowleopard 0.15-24 NOTE
r-release-windows-ix86+x86_64 0.15-24 215.00 417.00 632.00 NOTE
r-oldrel-windows-ix86+x86_64 0.15-24 204.00 439.00 643.00 NOTE

Check Details

Version: 0.15-24
Check: installed package size
Result: NOTE
     installed size is 16.9Mb
     sub-directories of 1Mb or more:
     libs 15.5Mb
Flavors: r-devel-linux-x86_64-debian-clang, r-devel-linux-x86_64-debian-gcc, r-devel-linux-x86_64-fedora-clang, r-devel-linux-x86_64-fedora-gcc, r-devel-windows-ix86+x86_64, r-patched-linux-x86_64, r-release-linux-ix86, r-release-linux-x86_64, r-release-osx-x86_64-mavericks, r-release-osx-x86_64-snowleopard, r-release-windows-ix86+x86_64, r-oldrel-windows-ix86+x86_64

Version: 0.15-24
Check: re-building of vignette outputs
Result: NOTE
    Error in re-building vignettes:
     ...
    Categorical Regression Splines (version 0.15-24)
    [vignette("crs_faq") provides answers to frequently asked questions]
    Warning: running command '"D:\compiler\texmf\miktex\bin\texi2dvi.exe" --quiet --pdf "spline_primer.tex" --max-iterations=20 -I "D:/RCompile/recent/R/share/texmf/tex/latex" -I "D:/RCompile/recent/R/share/texmf/bibtex/bst"' had status 1
    Error: running 'texi2dvi' on 'spline_primer.tex' failed
    
    LaTeX errors:
    bbl:34: ==> Fatal error occurred, no output PDF file produced!
    Execution halted
Flavor: r-devel-windows-ix86+x86_64

Version: 0.15-24
Flags: --no-build-vignettes
Check: installed package size
Result: NOTE
     installed size is 5.2Mb
     sub-directories of 1Mb or more:
     libs 3.4Mb
Flavor: r-patched-solaris-x86

Version: 0.15-24
Check: package dependencies
Result: NOTE
    Package suggested but not available for checking: ‘npRmpi’
Flavors: r-release-osx-x86_64-mavericks, r-release-osx-x86_64-snowleopard

Version: 0.15-24
Check: re-building of vignette outputs
Result: NOTE
    Error in re-building vignettes:
     ...
    Categorical Regression Splines (version 0.15-24)
    [vignette("crs_faq") provides answers to frequently asked questions]
    Warning: running command '"D:\compiler\texmf\miktex\bin\texi2dvi.exe" --quiet --pdf "spline_primer.tex" --max-iterations=20 -I "D:/RCompile/recent/R-3.1.2/share/texmf/tex/latex" -I "D:/RCompile/recent/R-3.1.2/share/texmf/bibtex/bst"' had status 1
    Error: running 'texi2dvi' on 'spline_primer.tex' failed
    
    LaTeX errors:
    bbl:34: ==> Fatal error occurred, no output PDF file produced!
    Execution halted
Flavor: r-release-windows-ix86+x86_64

Version: 0.15-24
Check: re-building of vignette outputs
Result: NOTE
    Error in re-building vignettes:
     ...
    Categorical Regression Splines (version 0.15-24)
    [vignette("crs_faq") provides answers to frequently asked questions]
    Warning: running command '"D:\compiler\texmf\miktex\bin\texi2dvi.exe" --quiet --pdf "spline_primer.tex" -I "D:/Rcompile/recent/R-3.0.3/share/texmf/tex/latex" -I "D:/Rcompile/recent/R-3.0.3/share/texmf/bibtex/bst"' had status 1
    Error: running 'texi2dvi' on 'spline_primer.tex' failed
    
    LaTeX errors:
    bbl:34: ==> Fatal error occurred, no output PDF file produced!
    Execution halted
Flavor: r-oldrel-windows-ix86+x86_64