CRAN Package Check Results for Package crs

Last updated on 2015-04-28 06:46:30.

Flavor Version Tinstall Tcheck Ttotal Status Flags
r-devel-linux-x86_64-debian-clang 0.15-24 59.32 263.70 323.02 NOTE
r-devel-linux-x86_64-debian-gcc 0.15-24 95.05 262.00 357.05 NOTE
r-devel-linux-x86_64-fedora-clang 0.15-24 609.96 NOTE
r-devel-linux-x86_64-fedora-gcc 0.15-24 654.94 NOTE
r-devel-osx-x86_64-clang 0.15-24 491.06 NOTE
r-devel-windows-ix86+x86_64 0.15-24 205.00 394.00 599.00 NOTE
r-patched-linux-x86_64 0.15-24 96.51 262.40 358.91 NOTE
r-patched-solaris-sparc 0.15-24 1653.30 NOTE --no-vignettes
r-patched-solaris-x86 0.15-24 709.10 NOTE --no-build-vignettes
r-release-linux-x86_64 0.15-24 96.11 264.73 360.84 NOTE
r-release-osx-x86_64-mavericks 0.15-24 NOTE
r-release-osx-x86_64-snowleopard 0.15-24 ERROR
r-release-windows-ix86+x86_64 0.15-24 278.00 470.00 748.00 NOTE
r-oldrel-windows-ix86+x86_64 0.15-24 183.00 393.00 576.00 NOTE

Check Details

Version: 0.15-24
Check: package dependencies
Result: NOTE
    Package suggested but not available for checking: ‘npRmpi’
Flavors: r-devel-linux-x86_64-debian-clang, r-devel-linux-x86_64-debian-gcc, r-devel-linux-x86_64-fedora-clang, r-devel-linux-x86_64-fedora-gcc, r-devel-osx-x86_64-clang, r-release-linux-x86_64, r-release-osx-x86_64-mavericks

Version: 0.15-24
Check: installed package size
Result: NOTE
     installed size is 14.1Mb
     sub-directories of 1Mb or more:
     libs 12.7Mb
Flavors: r-devel-linux-x86_64-debian-clang, r-devel-linux-x86_64-debian-gcc, r-devel-linux-x86_64-fedora-clang, r-devel-linux-x86_64-fedora-gcc, r-devel-windows-ix86+x86_64, r-release-linux-x86_64, r-release-osx-x86_64-mavericks, r-release-windows-ix86+x86_64, r-oldrel-windows-ix86+x86_64

Version: 0.15-24
Check: re-building of vignette outputs
Result: NOTE
    Error in re-building vignettes:
     ...
    Categorical Regression Splines (version 0.15-24)
    [vignette("crs_faq") provides answers to frequently asked questions]
    Warning: running command '"D:\compiler\texmf\miktex\bin\texi2dvi.exe" --quiet --pdf "spline_primer.tex" --max-iterations=20 -I "D:/RCompile/recent/R/share/texmf/tex/latex" -I "D:/RCompile/recent/R/share/texmf/bibtex/bst"' had status 1
    Error: running 'texi2dvi' on 'spline_primer.tex' failed
    
    LaTeX errors:
    bbl:34: ==> Fatal error occurred, no output PDF file produced!
    Execution halted
Flavor: r-devel-windows-ix86+x86_64

Version: 0.15-24
Flags: --no-vignettes
Check: package dependencies
Result: NOTE
    Package suggested but not available for checking: ‘npRmpi’
Flavor: r-patched-solaris-sparc

Version: 0.15-24
Flags: --no-build-vignettes
Check: package dependencies
Result: NOTE
    Package suggested but not available for checking: ‘npRmpi’
Flavor: r-patched-solaris-x86

Version: 0.15-24
Flags: --no-build-vignettes
Check: installed package size
Result: NOTE
     installed size is 5.2Mb
     sub-directories of 1Mb or more:
     libs 3.4Mb
Flavor: r-patched-solaris-x86

Version: 0.15-24
Check: package dependencies
Result: ERROR
    Package required but not available: ‘quantreg’
    
    Package suggested but not available for checking: ‘npRmpi’
    
    See section ‘The DESCRIPTION file’ in the ‘Writing R Extensions’
    manual.
Flavor: r-release-osx-x86_64-snowleopard

Version: 0.15-24
Check: re-building of vignette outputs
Result: NOTE
    Error in re-building vignettes:
     ...
    Categorical Regression Splines (version 0.15-24)
    [vignette("crs_faq") provides answers to frequently asked questions]
    Warning: running command '"D:\compiler\texmf\miktex\bin\texi2dvi.exe" --quiet --pdf "spline_primer.tex" --max-iterations=20 -I "D:/RCompile/recent/R-3.2.0/share/texmf/tex/latex" -I "D:/RCompile/recent/R-3.2.0/share/texmf/bibtex/bst"' had status 1
    Error: running 'texi2dvi' on 'spline_primer.tex' failed
    
    LaTeX errors:
    bbl:34: ==> Fatal error occurred, no output PDF file produced!
    Execution halted
Flavor: r-release-windows-ix86+x86_64

Version: 0.15-24
Check: re-building of vignette outputs
Result: NOTE
    Error in re-building vignettes:
     ...
    Categorical Regression Splines (version 0.15-24)
    [vignette("crs_faq") provides answers to frequently asked questions]
    Warning: running command '"D:\compiler\texmf\miktex\bin\texi2dvi.exe" --quiet --pdf "spline_primer.tex" --max-iterations=20 -I "D:/Rcompile/recent/R-3.1.3/share/texmf/tex/latex" -I "D:/Rcompile/recent/R-3.1.3/share/texmf/bibtex/bst"' had status 1
    Error: running 'texi2dvi' on 'spline_primer.tex' failed
    
    LaTeX errors:
    bbl:34: ==> Fatal error occurred, no output PDF file produced!
    Execution halted
Flavor: r-oldrel-windows-ix86+x86_64