CRAN Package Check Results for Package crs

Last updated on 2015-08-29 10:46:41.

Flavor Version Tinstall Tcheck Ttotal Status Flags
r-devel-linux-x86_64-debian-clang 0.15-24 61.18 258.40 319.58 NOTE
r-devel-linux-x86_64-debian-gcc 0.15-24 97.90 254.26 352.16 NOTE
r-devel-linux-x86_64-fedora-clang 0.15-24 614.78 NOTE
r-devel-linux-x86_64-fedora-gcc 0.15-24 662.26 NOTE
r-devel-osx-x86_64-clang 0.15-24 491.15 NOTE
r-devel-windows-ix86+x86_64 0.15-24 289.00 438.00 727.00 NOTE
r-patched-linux-x86_64 0.15-24 100.50 285.90 386.40 NOTE
r-patched-solaris-sparc 0.15-24 1724.40 NOTE --no-vignettes
r-patched-solaris-x86 0.15-24 749.60 NOTE --no-build-vignettes
r-release-linux-x86_64 0.15-24 98.26 292.80 391.06 NOTE
r-release-osx-x86_64-mavericks 0.15-24 NOTE
r-release-windows-ix86+x86_64 0.15-24 276.00 488.00 764.00 NOTE
r-oldrel-windows-ix86+x86_64 0.15-24 273.00 576.00 849.00 NOTE

Check Details

Version: 0.15-24
Check: package dependencies
Result: NOTE
    Package suggested but not available for checking: ‘npRmpi’
Flavors: r-devel-linux-x86_64-debian-clang, r-devel-linux-x86_64-debian-gcc, r-devel-linux-x86_64-fedora-clang, r-devel-linux-x86_64-fedora-gcc, r-devel-osx-x86_64-clang, r-patched-linux-x86_64, r-release-linux-x86_64, r-release-osx-x86_64-mavericks

Version: 0.15-24
Check: installed package size
Result: NOTE
     installed size is 14.1Mb
     sub-directories of 1Mb or more:
     libs 12.7Mb
Flavors: r-devel-linux-x86_64-debian-clang, r-devel-linux-x86_64-debian-gcc, r-devel-linux-x86_64-fedora-clang, r-devel-linux-x86_64-fedora-gcc, r-devel-windows-ix86+x86_64, r-patched-linux-x86_64, r-release-linux-x86_64, r-release-osx-x86_64-mavericks, r-release-windows-ix86+x86_64, r-oldrel-windows-ix86+x86_64

Version: 0.15-24
Check: R code for possible problems
Result: NOTE
    gen.xnorm: no visible global function definition for ‘extendrange’
    plot.clsd: no visible global function definition for ‘plot’
    plot.crs: no visible global function definition for ‘par’
    plot.crs: no visible global function definition for ‘plot’
    plot.crs: no visible global function definition for ‘topo.colors’
    plot.npglpreg: no visible global function definition for ‘par’
    plot.npglpreg: no visible global function definition for ‘plot’
    plot.npglpreg: no visible global function definition for ‘topo.colors’
    printClear: no visible global function definition for ‘flush.console’
    printPop: no visible global function definition for ‘flush.console’
    printPush: no visible global function definition for ‘flush.console’
    Undefined global functions or variables:
     extendrange flush.console par plot topo.colors
    Consider adding
     importFrom("grDevices", "extendrange", "topo.colors")
     importFrom("graphics", "par", "plot")
     importFrom("utils", "flush.console")
    to your NAMESPACE.
Flavors: r-devel-linux-x86_64-debian-clang, r-devel-linux-x86_64-debian-gcc, r-devel-linux-x86_64-fedora-clang, r-devel-linux-x86_64-fedora-gcc, r-devel-windows-ix86+x86_64

Version: 0.15-24
Check: re-building of vignette outputs
Result: NOTE
    Error in re-building vignettes:
     ...
    Categorical Regression Splines (version 0.15-24)
    [vignette("crs_faq") provides answers to frequently asked questions]
    Warning: running command '"D:\compiler\texmf\miktex\bin\texi2dvi.exe" --quiet --pdf "spline_primer.tex" --max-iterations=20 -I "D:/RCompile/recent/R/share/texmf/tex/latex" -I "D:/RCompile/recent/R/share/texmf/bibtex/bst"' had status 1
    Error: running 'texi2dvi' on 'spline_primer.tex' failed
    
    LaTeX errors:
    bbl:34: ==> Fatal error occurred, no output PDF file produced!
    Execution halted
Flavor: r-devel-windows-ix86+x86_64

Version: 0.15-24
Flags: --no-vignettes
Check: package dependencies
Result: NOTE
    Package suggested but not available for checking: ‘npRmpi’
Flavor: r-patched-solaris-sparc

Version: 0.15-24
Flags: --no-build-vignettes
Check: package dependencies
Result: NOTE
    Package suggested but not available for checking: ‘npRmpi’
Flavor: r-patched-solaris-x86

Version: 0.15-24
Flags: --no-build-vignettes
Check: installed package size
Result: NOTE
     installed size is 5.2Mb
     sub-directories of 1Mb or more:
     libs 3.4Mb
Flavor: r-patched-solaris-x86

Version: 0.15-24
Check: re-building of vignette outputs
Result: NOTE
    Error in re-building vignettes:
     ...
    Categorical Regression Splines (version 0.15-24)
    [vignette("crs_faq") provides answers to frequently asked questions]
    Warning: running command '"D:\compiler\texmf\miktex\bin\texi2dvi.exe" --quiet --pdf "spline_primer.tex" --max-iterations=20 -I "D:/RCompile/recent/R-3.2.2/share/texmf/tex/latex" -I "D:/RCompile/recent/R-3.2.2/share/texmf/bibtex/bst"' had status 1
    Error: running 'texi2dvi' on 'spline_primer.tex' failed
    
    LaTeX errors:
    bbl:34: ==> Fatal error occurred, no output PDF file produced!
    Execution halted
Flavor: r-release-windows-ix86+x86_64

Version: 0.15-24
Check: re-building of vignette outputs
Result: NOTE
    Error in re-building vignettes:
     ...
    Categorical Regression Splines (version 0.15-24)
    [vignette("crs_faq") provides answers to frequently asked questions]
    Warning: running command '"D:\compiler\texmf\miktex\bin\texi2dvi.exe" --quiet --pdf "spline_primer.tex" --max-iterations=20 -I "D:/RCompile/recent/R-3.1.3/share/texmf/tex/latex" -I "D:/RCompile/recent/R-3.1.3/share/texmf/bibtex/bst"' had status 1
    Error: running 'texi2dvi' on 'spline_primer.tex' failed
    
    LaTeX errors:
    bbl:34: ==> Fatal error occurred, no output PDF file produced!
    Execution halted
Flavor: r-oldrel-windows-ix86+x86_64