CRAN Package Check Results for Package crs

Last updated on 2017-03-23 06:47:54.

Flavor Version Tinstall Tcheck Ttotal Status Flags
r-devel-linux-x86_64-debian-clang 0.15-24 76.12 173.67 249.79 NOTE
r-devel-linux-x86_64-debian-gcc 0.15-24 85.96 174.25 260.21 NOTE
r-devel-linux-x86_64-fedora-clang 0.15-24 512.38 NOTE --no-stop-on-test-error
r-devel-linux-x86_64-fedora-gcc 0.15-24 487.39 NOTE --no-stop-on-test-error
r-devel-macos-x86_64-clang 0.15-24 559.23 NOTE --no-stop-on-test-error
r-devel-windows-ix86+x86_64 0.15-24 244.00 143.00 387.00 NOTE --no-vignettes
r-patched-linux-x86_64 0.15-24 80.36 173.95 254.31 NOTE
r-patched-solaris-sparc 0.15-24 1935.60 NOTE --no-vignettes
r-patched-solaris-x86 0.15-24 711.80 NOTE --no-build-vignettes
r-release-linux-x86_64 0.15-24 82.06 176.35 258.42 NOTE
r-release-osx-x86_64-mavericks 0.15-24 WARN
r-release-windows-ix86+x86_64 0.15-24 334.00 137.00 471.00 NOTE --no-vignettes
r-oldrel-windows-ix86+x86_64 0.15-24 274.00 175.00 449.00 NOTE --no-vignettes

Check Details

Version: 0.15-24
Check: package dependencies
Result: NOTE
    Package suggested but not available for checking: ‘npRmpi’
Flavors: r-devel-linux-x86_64-debian-clang, r-devel-linux-x86_64-debian-gcc, r-patched-linux-x86_64, r-release-linux-x86_64, r-release-osx-x86_64-mavericks

Version: 0.15-24
Check: R code for possible problems
Result: NOTE
    gen.xnorm: no visible global function definition for ‘extendrange’
    plot.clsd: no visible global function definition for ‘plot’
    plot.crs: no visible global function definition for ‘par’
    plot.crs: no visible global function definition for ‘plot’
    plot.crs: no visible global function definition for ‘topo.colors’
    plot.npglpreg: no visible global function definition for ‘par’
    plot.npglpreg: no visible global function definition for ‘plot’
    plot.npglpreg: no visible global function definition for ‘topo.colors’
    printClear: no visible global function definition for ‘flush.console’
    printPop: no visible global function definition for ‘flush.console’
    printPush: no visible global function definition for ‘flush.console’
    Undefined global functions or variables:
     extendrange flush.console par plot topo.colors
    Consider adding
     importFrom("grDevices", "extendrange", "topo.colors")
     importFrom("graphics", "par", "plot")
     importFrom("utils", "flush.console")
    to your NAMESPACE file.
Flavors: r-devel-linux-x86_64-debian-clang, r-devel-linux-x86_64-debian-gcc, r-patched-linux-x86_64, r-release-linux-x86_64

Version: 0.15-24
Check: compiled code
Result: NOTE
    File ‘crs/libs/crs.so’:
     Found no calls to: ‘R_registerRoutines’, ‘R_useDynamicSymbols’
    
    It is good practice to register native routines and to disable symbol
    search.
    
    See ‘Writing portable packages’ in the ‘Writing R Extensions’ manual.
Flavors: r-devel-linux-x86_64-debian-clang, r-devel-linux-x86_64-debian-gcc

Version: 0.15-24
Flags: --no-stop-on-test-error
Check: package dependencies
Result: NOTE
    Package suggested but not available for checking: ‘npRmpi’
Flavors: r-devel-linux-x86_64-fedora-clang, r-devel-linux-x86_64-fedora-gcc, r-devel-macos-x86_64-clang

Version: 0.15-24
Flags: --no-stop-on-test-error
Check: installed package size
Result: NOTE
     installed size is 16.1Mb
     sub-directories of 1Mb or more:
     libs 14.7Mb
Flavors: r-devel-linux-x86_64-fedora-clang, r-devel-linux-x86_64-fedora-gcc

Version: 0.15-24
Flags: --no-stop-on-test-error
Check: R code for possible problems
Result: NOTE
    gen.xnorm: no visible global function definition for ‘extendrange’
    plot.clsd: no visible global function definition for ‘plot’
    plot.crs: no visible global function definition for ‘par’
    plot.crs: no visible global function definition for ‘plot’
    plot.crs: no visible global function definition for ‘topo.colors’
    plot.npglpreg: no visible global function definition for ‘par’
    plot.npglpreg: no visible global function definition for ‘plot’
    plot.npglpreg: no visible global function definition for ‘topo.colors’
    printClear: no visible global function definition for ‘flush.console’
    printPop: no visible global function definition for ‘flush.console’
    printPush: no visible global function definition for ‘flush.console’
    Undefined global functions or variables:
     extendrange flush.console par plot topo.colors
    Consider adding
     importFrom("grDevices", "extendrange", "topo.colors")
     importFrom("graphics", "par", "plot")
     importFrom("utils", "flush.console")
    to your NAMESPACE file.
Flavors: r-devel-linux-x86_64-fedora-clang, r-devel-linux-x86_64-fedora-gcc, r-devel-macos-x86_64-clang

Version: 0.15-24
Flags: --no-stop-on-test-error
Check: compiled code
Result: NOTE
    File ‘crs/libs/crs.so’:
     Found no calls to: ‘R_registerRoutines’, ‘R_useDynamicSymbols’
    
    It is good practice to register native routines and to disable symbol
    search.
    
    See ‘Writing portable packages’ in the ‘Writing R Extensions’ manual.
Flavors: r-devel-linux-x86_64-fedora-clang, r-devel-linux-x86_64-fedora-gcc, r-devel-macos-x86_64-clang

Version: 0.15-24
Flags: --no-vignettes
Check: installed package size
Result: NOTE
     installed size is 5.6Mb
     sub-directories of 1Mb or more:
     libs 4.3Mb
Flavors: r-devel-windows-ix86+x86_64, r-release-windows-ix86+x86_64, r-oldrel-windows-ix86+x86_64

Version: 0.15-24
Flags: --no-vignettes
Check: R code for possible problems
Result: NOTE
    gen.xnorm: no visible global function definition for 'extendrange'
    plot.clsd: no visible global function definition for 'plot'
    plot.crs: no visible global function definition for 'par'
    plot.crs: no visible global function definition for 'plot'
    plot.crs: no visible global function definition for 'topo.colors'
    plot.npglpreg: no visible global function definition for 'par'
    plot.npglpreg: no visible global function definition for 'plot'
    plot.npglpreg: no visible global function definition for 'topo.colors'
    printClear: no visible global function definition for 'flush.console'
    printPop: no visible global function definition for 'flush.console'
    printPush: no visible global function definition for 'flush.console'
    Undefined global functions or variables:
     extendrange flush.console par plot topo.colors
    Consider adding
     importFrom("grDevices", "extendrange", "topo.colors")
     importFrom("graphics", "par", "plot")
     importFrom("utils", "flush.console")
    to your NAMESPACE file.
Flavors: r-devel-windows-ix86+x86_64, r-patched-solaris-sparc, r-release-windows-ix86+x86_64

Version: 0.15-24
Flags: --no-vignettes
Check: package dependencies
Result: NOTE
    Package suggested but not available for checking: ‘npRmpi’
Flavor: r-patched-solaris-sparc

Version: 0.15-24
Flags: --no-build-vignettes
Check: package dependencies
Result: NOTE
    Package suggested but not available for checking: ‘npRmpi’
Flavor: r-patched-solaris-x86

Version: 0.15-24
Flags: --no-build-vignettes
Check: R code for possible problems
Result: NOTE
    gen.xnorm: no visible global function definition for ‘extendrange’
    plot.clsd: no visible global function definition for ‘plot’
    plot.crs: no visible global function definition for ‘par’
    plot.crs: no visible global function definition for ‘plot’
    plot.crs: no visible global function definition for ‘topo.colors’
    plot.npglpreg: no visible global function definition for ‘par’
    plot.npglpreg: no visible global function definition for ‘plot’
    plot.npglpreg: no visible global function definition for ‘topo.colors’
    printClear: no visible global function definition for ‘flush.console’
    printPop: no visible global function definition for ‘flush.console’
    printPush: no visible global function definition for ‘flush.console’
    Undefined global functions or variables:
     extendrange flush.console par plot topo.colors
    Consider adding
     importFrom("grDevices", "extendrange", "topo.colors")
     importFrom("graphics", "par", "plot")
     importFrom("utils", "flush.console")
    to your NAMESPACE file.
Flavor: r-patched-solaris-x86

Version: 0.15-24
Check: whether package can be installed
Result: WARN
    Found the following significant warnings:
     Warning: 'rgl_init' failed, running with rgl.useNULL = TRUE
Flavor: r-release-osx-x86_64-mavericks

Version: 0.15-24
Check: installed package size
Result: NOTE
     installed size is 16.5Mb
     sub-directories of 1Mb or more:
     libs 15.2Mb
Flavor: r-release-osx-x86_64-mavericks

Version: 0.15-24
Check: dependencies in R code
Result: NOTE
    Invalid MIT-MAGIC-COOKIE-1 key
Flavor: r-release-osx-x86_64-mavericks

Version: 0.15-24
Check: S3 generic/method consistency
Result: WARN
    Invalid MIT-MAGIC-COOKIE-1 key
    See section ‘Generic functions and methods’ in the ‘Writing R
    Extensions’ manual.
Flavor: r-release-osx-x86_64-mavericks

Version: 0.15-24
Check: replacement functions
Result: WARN
    Invalid MIT-MAGIC-COOKIE-1 key
    The argument of a replacement function which corresponds to the right
    hand side must be named ‘value’.
Flavor: r-release-osx-x86_64-mavericks

Version: 0.15-24
Check: foreign function calls
Result: NOTE
    Invalid MIT-MAGIC-COOKIE-1 key
    See chapter ‘System and foreign language interfaces’ in the ‘Writing R
    Extensions’ manual.
Flavor: r-release-osx-x86_64-mavericks

Version: 0.15-24
Check: R code for possible problems
Result: NOTE
    Invalid MIT-MAGIC-COOKIE-1 keygen.xnorm: no visible global function definition for ‘extendrange’
    plot.clsd: no visible global function definition for ‘plot’
    plot.crs: no visible global function definition for ‘par’
    plot.crs: no visible global function definition for ‘plot’
    plot.crs: no visible global function definition for ‘topo.colors’
    plot.npglpreg: no visible global function definition for ‘par’
    plot.npglpreg: no visible global function definition for ‘plot’
    plot.npglpreg: no visible global function definition for ‘topo.colors’
    printClear: no visible global function definition for ‘flush.console’
    printPop: no visible global function definition for ‘flush.console’
    printPush: no visible global function definition for ‘flush.console’
    Undefined global functions or variables:
     extendrange flush.console par plot topo.colors
    Consider adding
     importFrom("grDevices", "extendrange", "topo.colors")
     importFrom("graphics", "par", "plot")
     importFrom("utils", "flush.console")
    to your NAMESPACE file.
Flavor: r-release-osx-x86_64-mavericks

Version: 0.15-24
Check: for missing documentation entries
Result: WARN
    Invalid MIT-MAGIC-COOKIE-1 key
    All user-level objects in a package should have documentation entries.
    See chapter ‘Writing R documentation files’ in the ‘Writing R
    Extensions’ manual.
Flavor: r-release-osx-x86_64-mavericks

Version: 0.15-24
Check: for code/documentation mismatches
Result: WARN
    Invalid MIT-MAGIC-COOKIE-1 key
    Invalid MIT-MAGIC-COOKIE-1 key
    Invalid MIT-MAGIC-COOKIE-1 key
Flavor: r-release-osx-x86_64-mavericks

Version: 0.15-24
Check: Rd \usage sections
Result: NOTE
    Invalid MIT-MAGIC-COOKIE-1 key
    The \usage entries for S3 methods should use the \method markup and not
    their full name.
    See chapter ‘Writing R documentation files’ in the ‘Writing R
    Extensions’ manual.
Flavor: r-release-osx-x86_64-mavericks