CRAN Package Check Results for Package crs

Last updated on 2017-06-24 13:46:42.

Flavor Version Tinstall Tcheck Ttotal Status Flags
r-devel-linux-x86_64-debian-clang 0.15-27 114.21 106.92 221.13 OK
r-devel-linux-x86_64-debian-gcc 0.15-27 135.81 106.97 242.78 OK
r-devel-linux-x86_64-fedora-clang 0.15-27 496.08 NOTE
r-devel-linux-x86_64-fedora-gcc 0.15-27 444.39 NOTE
r-devel-windows-ix86+x86_64 0.15-27 505.00 194.00 699.00 NOTE --no-vignettes
r-patched-linux-x86_64 0.15-27 118.20 103.79 221.99 OK
r-patched-solaris-sparc 0.15-27 41.60 ERROR --no-vignettes
r-patched-solaris-x86 0.15-27 10.70 ERROR --no-build-vignettes
r-release-linux-x86_64 0.15-27 142.06 104.38 246.45 OK
r-release-windows-ix86+x86_64 0.15-27 541.00 181.00 722.00 NOTE --no-vignettes
r-release-osx-x86_64 0.15-27 NOTE
r-oldrel-windows-ix86+x86_64 0.15-27 482.00 197.00 679.00 NOTE --no-vignettes
r-oldrel-osx-x86_64 0.15-27 NOTE

Check Details

Version: 0.15-27
Check: installed package size
Result: NOTE
     installed size is 22.5Mb
     sub-directories of 1Mb or more:
     libs 21.1Mb
Flavors: r-devel-linux-x86_64-fedora-clang, r-devel-linux-x86_64-fedora-gcc, r-release-osx-x86_64, r-oldrel-osx-x86_64

Version: 0.15-27
Flags: --no-vignettes
Check: installed package size
Result: NOTE
     installed size is 7.2Mb
     sub-directories of 1Mb or more:
     libs 5.9Mb
Flavors: r-devel-windows-ix86+x86_64, r-release-windows-ix86+x86_64, r-oldrel-windows-ix86+x86_64

Version: 0.15-27
Flags: --no-vignettes
Check: whether package can be installed
Result: ERROR
    Installation failed.
Flavor: r-patched-solaris-sparc

Version: 0.15-27
Flags: --no-build-vignettes
Check: whether package can be installed
Result: ERROR
    Installation failed.
Flavor: r-patched-solaris-x86

Version: 0.15-27
Check: re-building of vignette outputs
Result: NOTE
    Error in re-building vignettes:
     ...
    Categorical Regression Splines (version 0.15-27)
    [vignette("crs_faq") provides answers to frequently asked questions]
    Error in texi2dvi(file = file, pdf = TRUE, clean = clean, quiet = quiet, :
     Running 'texi2dvi' on 'crs.tex' failed.
    LaTeX errors:
    ! LaTeX Error: File `enumitem.sty' not found.
    
    Type X to quit or <RETURN> to proceed,
    or enter new name. (Default extension: sty)
    
    ! Emergency stop.
    <read *>
    
    l.11 \usepackage
     [utf8]{inputenc}^^M
    ! ==> Fatal error occurred, no output PDF file produced!
    Calls: buildVignettes -> texi2pdf -> texi2dvi
    Execution halted
Flavor: r-release-osx-x86_64