CRAN Package Check Results for Package crs

Last updated on 2017-12-12 20:47:46 CET.

Flavor Version Tinstall Tcheck Ttotal Status Flags
r-devel-linux-x86_64-debian-clang 0.15-29 153.30 150.46 303.76 OK
r-devel-linux-x86_64-debian-gcc 0.15-29 157.40 125.04 282.44 OK
r-devel-linux-x86_64-fedora-clang 0.15-29 473.56 NOTE
r-devel-linux-x86_64-fedora-gcc 0.15-29 441.11 NOTE
r-devel-windows-ix86+x86_64 0.15-29 463.00 218.00 681.00 NOTE --no-vignettes
r-patched-linux-x86_64 0.15-29 173.42 164.55 337.97 OK
r-patched-solaris-x86 0.15-29 566.30 OK
r-release-linux-x86_64 0.15-29 173.32 166.91 340.23 OK
r-release-windows-ix86+x86_64 0.15-29 387.00 220.00 607.00 NOTE --no-vignettes
r-release-osx-x86_64 0.15-29 NOTE
r-oldrel-windows-ix86+x86_64 0.15-29 497.00 184.00 681.00 NOTE --no-vignettes
r-oldrel-osx-x86_64 0.15-29 NOTE

Check Details

Version: 0.15-29
Check: installed package size
Result: NOTE
     installed size is 22.7Mb
     sub-directories of 1Mb or more:
     libs 21.3Mb
Flavors: r-devel-linux-x86_64-fedora-clang, r-devel-linux-x86_64-fedora-gcc, r-release-osx-x86_64, r-oldrel-osx-x86_64

Version: 0.15-29
Flags: --no-vignettes
Check: installed package size
Result: NOTE
     installed size is 7.2Mb
     sub-directories of 1Mb or more:
     libs 5.9Mb
Flavors: r-devel-windows-ix86+x86_64, r-release-windows-ix86+x86_64, r-oldrel-windows-ix86+x86_64