CRAN Package Check Results for Package crs

Last updated on 2018-09-21 15:49:18 CEST.

Flavor Version Tinstall Tcheck Ttotal Status Flags
r-devel-linux-x86_64-debian-clang 0.15-31 347.63 168.70 516.33 OK
r-devel-linux-x86_64-debian-gcc 0.15-31 227.18 134.94 362.12 OK
r-devel-linux-x86_64-fedora-clang 0.15-31 731.42 NOTE
r-devel-linux-x86_64-fedora-gcc 0.15-31 522.03 OK
r-devel-windows-ix86+x86_64 0.15-31 479.00 185.00 664.00 NOTE --no-vignettes
r-patched-linux-x86_64 0.15-31 277.02 156.27 433.29 OK
r-patched-solaris-x86 0.15-31 576.70 OK
r-release-linux-x86_64 0.15-31 277.23 155.25 432.48 OK
r-release-windows-ix86+x86_64 0.15-31 494.00 166.00 660.00 NOTE --no-vignettes
r-release-osx-x86_64 0.15-31 NOTE
r-oldrel-windows-ix86+x86_64 0.15-31 367.00 244.00 611.00 NOTE --no-vignettes
r-oldrel-osx-x86_64 0.15-31 NOTE

Check Details

Version: 0.15-31
Check: installed package size
Result: NOTE
     installed size is 23.7Mb
     sub-directories of 1Mb or more:
     libs 22.0Mb
Flavors: r-devel-linux-x86_64-fedora-clang, r-release-osx-x86_64, r-oldrel-osx-x86_64

Version: 0.15-31
Flags: --no-vignettes
Check: installed package size
Result: NOTE
     installed size is 7.6Mb
     sub-directories of 1Mb or more:
     libs 5.9Mb
Flavors: r-devel-windows-ix86+x86_64, r-release-windows-ix86+x86_64, r-oldrel-windows-ix86+x86_64