CRAN Package Check Results for Package crs

Last updated on 2019-08-21 02:49:03 CEST.

Flavor Version Tinstall Tcheck Ttotal Status Flags
r-devel-linux-x86_64-debian-clang 0.15-31 212.17 170.25 382.42 OK
r-devel-linux-x86_64-debian-gcc 0.15-31 237.01 135.01 372.02 OK
r-devel-linux-x86_64-fedora-clang 0.15-31 594.17 NOTE
r-devel-linux-x86_64-fedora-gcc 0.15-31 610.35 OK
r-devel-windows-ix86+x86_64 0.15-31 525.00 362.00 887.00 NOTE --no-vignettes
r-patched-linux-x86_64 0.15-31 232.92 169.10 402.02 OK
r-patched-solaris-x86 0.15-31 897.20 NOTE
r-release-linux-x86_64 0.15-31 231.35 169.73 401.08 OK
r-release-windows-ix86+x86_64 0.15-31 340.00 163.00 503.00 NOTE --no-vignettes
r-release-osx-x86_64 0.15-31 WARN
r-oldrel-windows-ix86+x86_64 0.15-31 504.00 207.00 711.00 NOTE --no-vignettes
r-oldrel-osx-x86_64 0.15-31 NOTE

Check Details

Version: 0.15-31
Check: installed package size
Result: NOTE
     installed size is 27.4Mb
     sub-directories of 1Mb or more:
     libs 25.7Mb
Flavors: r-devel-linux-x86_64-fedora-clang, r-patched-solaris-x86, r-release-osx-x86_64, r-oldrel-osx-x86_64

Version: 0.15-31
Flags: --no-vignettes
Check: installed package size
Result: NOTE
     installed size is 7.6Mb
     sub-directories of 1Mb or more:
     libs 5.9Mb
Flavors: r-devel-windows-ix86+x86_64, r-release-windows-ix86+x86_64, r-oldrel-windows-ix86+x86_64

Version: 0.15-31
Check: whether package can be installed
Result: WARN
    Found the following significant warnings:
     Warning: 'rgl_init' failed, running with rgl.useNULL = TRUE
Flavor: r-release-osx-x86_64