CRAN Package Check Results for Package crs

Last updated on 2019-02-21 07:48:31 CET.

Flavor Version Tinstall Tcheck Ttotal Status Flags
r-devel-linux-x86_64-debian-clang 0.15-31 210.21 170.31 380.52 OK
r-devel-linux-x86_64-debian-gcc 0.15-31 211.72 136.08 347.80 OK
r-devel-linux-x86_64-fedora-clang 0.15-31 590.96 NOTE
r-devel-linux-x86_64-fedora-gcc 0.15-31 442.94 OK
r-devel-windows-ix86+x86_64 0.15-31 533.00 161.00 694.00 NOTE --no-vignettes
r-patched-linux-x86_64 0.15-31 OK
r-patched-solaris-x86 0.15-31 577.50 OK
r-release-linux-x86_64 0.15-31 OK
r-release-windows-ix86+x86_64 0.15-31 405.00 211.00 616.00 NOTE --no-vignettes
r-release-osx-x86_64 0.15-31 NOTE
r-oldrel-windows-ix86+x86_64 0.15-31 380.00 221.00 601.00 NOTE --no-vignettes
r-oldrel-osx-x86_64 0.15-31 NOTE

Check Details

Version: 0.15-31
Check: installed package size
Result: NOTE
     installed size is 23.4Mb
     sub-directories of 1Mb or more:
     libs 21.7Mb
Flavors: r-devel-linux-x86_64-fedora-clang, r-release-osx-x86_64, r-oldrel-osx-x86_64

Version: 0.15-31
Flags: --no-vignettes
Check: installed package size
Result: NOTE
     installed size is 7.6Mb
     sub-directories of 1Mb or more:
     libs 5.9Mb
Flavors: r-devel-windows-ix86+x86_64, r-release-windows-ix86+x86_64, r-oldrel-windows-ix86+x86_64