CRAN Package Check Results for Package crs

Last updated on 2016-12-02 23:47:57.

Flavor Version Tinstall Tcheck Ttotal Status Flags
r-devel-linux-x86_64-debian-clang 0.15-24 87.18 175.68 262.85 NOTE
r-devel-linux-x86_64-debian-gcc 0.15-24 89.41 169.31 258.72 NOTE
r-devel-linux-x86_64-fedora-clang 0.15-24 507.22 NOTE
r-devel-linux-x86_64-fedora-gcc 0.15-24 489.17 NOTE
r-devel-macos-x86_64-clang 0.15-24 564.63 NOTE
r-devel-windows-ix86+x86_64 0.15-24 230.00 170.00 400.00 NOTE --no-vignettes
r-patched-linux-x86_64 0.15-24 81.39 169.42 250.81 NOTE
r-patched-solaris-sparc 0.15-24 1959.40 NOTE --no-vignettes
r-patched-solaris-x86 0.15-24 706.80 NOTE --no-build-vignettes
r-release-linux-x86_64 0.15-24 84.01 171.77 255.78 NOTE
r-release-osx-x86_64-mavericks 0.15-24 WARN
r-release-windows-ix86+x86_64 0.15-24 302.00 236.00 538.00 NOTE --no-vignettes
r-oldrel-windows-ix86+x86_64 0.15-24 253.00 131.00 384.00 NOTE --no-vignettes

Check Details

Version: 0.15-24
Check: package dependencies
Result: NOTE
    Package suggested but not available for checking: ‘npRmpi’
Flavors: r-devel-linux-x86_64-debian-clang, r-devel-linux-x86_64-debian-gcc, r-devel-linux-x86_64-fedora-clang, r-devel-linux-x86_64-fedora-gcc, r-devel-macos-x86_64-clang, r-patched-linux-x86_64, r-release-linux-x86_64, r-release-osx-x86_64-mavericks

Version: 0.15-24
Check: R code for possible problems
Result: NOTE
    gen.xnorm: no visible global function definition for ‘extendrange’
    plot.clsd: no visible global function definition for ‘plot’
    plot.crs: no visible global function definition for ‘par’
    plot.crs: no visible global function definition for ‘plot’
    plot.crs: no visible global function definition for ‘topo.colors’
    plot.npglpreg: no visible global function definition for ‘par’
    plot.npglpreg: no visible global function definition for ‘plot’
    plot.npglpreg: no visible global function definition for ‘topo.colors’
    printClear: no visible global function definition for ‘flush.console’
    printPop: no visible global function definition for ‘flush.console’
    printPush: no visible global function definition for ‘flush.console’
    Undefined global functions or variables:
     extendrange flush.console par plot topo.colors
    Consider adding
     importFrom("grDevices", "extendrange", "topo.colors")
     importFrom("graphics", "par", "plot")
     importFrom("utils", "flush.console")
    to your NAMESPACE file.
Flavors: r-devel-linux-x86_64-debian-clang, r-devel-linux-x86_64-debian-gcc, r-devel-linux-x86_64-fedora-clang, r-devel-linux-x86_64-fedora-gcc, r-devel-macos-x86_64-clang, r-patched-linux-x86_64, r-release-linux-x86_64

Version: 0.15-24
Check: installed package size
Result: NOTE
     installed size is 14.5Mb
     sub-directories of 1Mb or more:
     libs 13.1Mb
Flavors: r-devel-linux-x86_64-fedora-clang, r-devel-linux-x86_64-fedora-gcc, r-release-osx-x86_64-mavericks

Version: 0.15-24
Flags: --no-vignettes
Check: installed package size
Result: NOTE
     installed size is 5.5Mb
     sub-directories of 1Mb or more:
     libs 4.2Mb
Flavors: r-devel-windows-ix86+x86_64, r-release-windows-ix86+x86_64, r-oldrel-windows-ix86+x86_64

Version: 0.15-24
Flags: --no-vignettes
Check: R code for possible problems
Result: NOTE
    gen.xnorm: no visible global function definition for 'extendrange'
    plot.clsd: no visible global function definition for 'plot'
    plot.crs: no visible global function definition for 'par'
    plot.crs: no visible global function definition for 'plot'
    plot.crs: no visible global function definition for 'topo.colors'
    plot.npglpreg: no visible global function definition for 'par'
    plot.npglpreg: no visible global function definition for 'plot'
    plot.npglpreg: no visible global function definition for 'topo.colors'
    printClear: no visible global function definition for 'flush.console'
    printPop: no visible global function definition for 'flush.console'
    printPush: no visible global function definition for 'flush.console'
    Undefined global functions or variables:
     extendrange flush.console par plot topo.colors
    Consider adding
     importFrom("grDevices", "extendrange", "topo.colors")
     importFrom("graphics", "par", "plot")
     importFrom("utils", "flush.console")
    to your NAMESPACE file.
Flavors: r-devel-windows-ix86+x86_64, r-patched-solaris-sparc, r-release-windows-ix86+x86_64

Version: 0.15-24
Flags: --no-vignettes
Check: package dependencies
Result: NOTE
    Package suggested but not available for checking: ‘npRmpi’
Flavor: r-patched-solaris-sparc

Version: 0.15-24
Flags: --no-build-vignettes
Check: package dependencies
Result: NOTE
    Package suggested but not available for checking: ‘npRmpi’
Flavor: r-patched-solaris-x86

Version: 0.15-24
Flags: --no-build-vignettes
Check: installed package size
Result: NOTE
     installed size is 5.2Mb
     sub-directories of 1Mb or more:
     libs 3.4Mb
Flavor: r-patched-solaris-x86

Version: 0.15-24
Flags: --no-build-vignettes
Check: R code for possible problems
Result: NOTE
    gen.xnorm: no visible global function definition for ‘extendrange’
    plot.clsd: no visible global function definition for ‘plot’
    plot.crs: no visible global function definition for ‘par’
    plot.crs: no visible global function definition for ‘plot’
    plot.crs: no visible global function definition for ‘topo.colors’
    plot.npglpreg: no visible global function definition for ‘par’
    plot.npglpreg: no visible global function definition for ‘plot’
    plot.npglpreg: no visible global function definition for ‘topo.colors’
    printClear: no visible global function definition for ‘flush.console’
    printPop: no visible global function definition for ‘flush.console’
    printPush: no visible global function definition for ‘flush.console’
    Undefined global functions or variables:
     extendrange flush.console par plot topo.colors
    Consider adding
     importFrom("grDevices", "extendrange", "topo.colors")
     importFrom("graphics", "par", "plot")
     importFrom("utils", "flush.console")
    to your NAMESPACE file.
Flavor: r-patched-solaris-x86

Version: 0.15-24
Check: whether package can be installed
Result: WARN
    Found the following significant warnings:
     Warning: 'rgl_init' failed, running with rgl.useNULL = TRUE
Flavor: r-release-osx-x86_64-mavericks

Version: 0.15-24
Check: dependencies in R code
Result: NOTE
    Invalid MIT-MAGIC-COOKIE-1 key
Flavor: r-release-osx-x86_64-mavericks

Version: 0.15-24
Check: S3 generic/method consistency
Result: WARN
    Invalid MIT-MAGIC-COOKIE-1 key
    See section ‘Generic functions and methods’ in the ‘Writing R
    Extensions’ manual.
Flavor: r-release-osx-x86_64-mavericks

Version: 0.15-24
Check: replacement functions
Result: WARN
    Invalid MIT-MAGIC-COOKIE-1 key
    The argument of a replacement function which corresponds to the right
    hand side must be named ‘value’.
Flavor: r-release-osx-x86_64-mavericks

Version: 0.15-24
Check: foreign function calls
Result: NOTE
    Invalid MIT-MAGIC-COOKIE-1 key
    See chapter ‘System and foreign language interfaces’ in the ‘Writing R
    Extensions’ manual.
Flavor: r-release-osx-x86_64-mavericks

Version: 0.15-24
Check: R code for possible problems
Result: NOTE
    Invalid MIT-MAGIC-COOKIE-1 keygen.xnorm: no visible global function definition for ‘extendrange’
    plot.clsd: no visible global function definition for ‘plot’
    plot.crs: no visible global function definition for ‘par’
    plot.crs: no visible global function definition for ‘plot’
    plot.crs: no visible global function definition for ‘topo.colors’
    plot.npglpreg: no visible global function definition for ‘par’
    plot.npglpreg: no visible global function definition for ‘plot’
    plot.npglpreg: no visible global function definition for ‘topo.colors’
    printClear: no visible global function definition for ‘flush.console’
    printPop: no visible global function definition for ‘flush.console’
    printPush: no visible global function definition for ‘flush.console’
    Undefined global functions or variables:
     extendrange flush.console par plot topo.colors
    Consider adding
     importFrom("grDevices", "extendrange", "topo.colors")
     importFrom("graphics", "par", "plot")
     importFrom("utils", "flush.console")
    to your NAMESPACE file.
Flavor: r-release-osx-x86_64-mavericks

Version: 0.15-24
Check: for missing documentation entries
Result: WARN
    Invalid MIT-MAGIC-COOKIE-1 key
    All user-level objects in a package should have documentation entries.
    See chapter ‘Writing R documentation files’ in the ‘Writing R
    Extensions’ manual.
Flavor: r-release-osx-x86_64-mavericks

Version: 0.15-24
Check: for code/documentation mismatches
Result: WARN
    Invalid MIT-MAGIC-COOKIE-1 key
    Invalid MIT-MAGIC-COOKIE-1 key
    Invalid MIT-MAGIC-COOKIE-1 key
Flavor: r-release-osx-x86_64-mavericks

Version: 0.15-24
Check: Rd \usage sections
Result: NOTE
    Invalid MIT-MAGIC-COOKIE-1 key
    The \usage entries for S3 methods should use the \method markup and not
    their full name.
    See chapter ‘Writing R documentation files’ in the ‘Writing R
    Extensions’ manual.
Flavor: r-release-osx-x86_64-mavericks