CRAN Package Check Results for Package crs

Last updated on 2014-09-22 21:47:02.

Flavor Version Tinstall Tcheck Ttotal Status Flags
r-devel-linux-x86_64-debian-clang 0.15-23 74.79 250.08 324.88 NOTE
r-devel-linux-x86_64-debian-gcc 0.15-23 94.37 252.47 346.84 NOTE
r-devel-linux-x86_64-fedora-clang 0.15-23 629.27 NOTE
r-devel-linux-x86_64-fedora-gcc 0.15-23 642.69 NOTE
r-devel-osx-x86_64-clang 0.15-23 464.43 NOTE
r-devel-windows-ix86+x86_64 0.15-23 199.00 370.00 569.00 NOTE
r-patched-linux-x86_64 0.15-23 93.10 257.35 350.45 NOTE
r-patched-solaris-sparc 0.15-23 1457.50 OK --no-vignettes
r-patched-solaris-x86 0.15-23 651.00 NOTE --no-build-vignettes
r-release-linux-ix86 0.15-23 121.57 361.00 482.57 NOTE
r-release-linux-x86_64 0.15-23 93.43 254.32 347.76 NOTE
r-release-osx-x86_64-mavericks 0.15-23 NOTE
r-release-osx-x86_64-snowleopard 0.15-23 NOTE
r-release-windows-ix86+x86_64 0.15-23 210.00 365.00 575.00 NOTE
r-oldrel-windows-ix86+x86_64 0.15-23 213.00 419.00 632.00 NOTE

Check Details

Version: 0.15-23
Check: installed package size
Result: NOTE
     installed size is 16.9Mb
     sub-directories of 1Mb or more:
     libs 15.5Mb
Flavors: r-devel-linux-x86_64-debian-clang, r-devel-linux-x86_64-debian-gcc, r-devel-linux-x86_64-fedora-clang, r-devel-linux-x86_64-fedora-gcc, r-devel-windows-ix86+x86_64, r-patched-linux-x86_64, r-release-linux-ix86, r-release-linux-x86_64, r-release-osx-x86_64-mavericks, r-release-osx-x86_64-snowleopard, r-release-windows-ix86+x86_64, r-oldrel-windows-ix86+x86_64

Version: 0.15-23
Check: R code for possible problems
Result: NOTE
    crsivderiv: no visible global function definition for ‘npudensbw’
    crsivderiv: no visible global function definition for ‘npudens’
    crsivderiv: no visible global function definition for ‘npudist’
    crsivderiv: no visible global function definition for ‘npksum’
    cv.factor.spline: no visible global function definition for ‘rq.fit’
    cv.factor.spline: no visible global function definition for ‘rq.wfit’
    cv.kernel.spline: no visible global function definition for ‘rq.fit’
    cv.kernel.spline: no visible global function definition for ‘rq.wfit’
    deriv.factor.spline: no visible global function definition for ‘rq’
    deriv.kernel.spline: no visible global function definition for ‘rq’
    glpregEst: no visible global function definition for ‘npksum’
    minimand.cv.aic: no visible global function definition for ‘npksum’
    minimand.cv.ls: no visible global function definition for ‘npksum’
    plot.crs: no visible global function definition for ‘open3d’
    plot.crs: no visible global function definition for ‘par3d’
    plot.crs: no visible global function definition for ‘rgl.viewpoint’
    plot.crs: no visible global function definition for ‘persp3d’
    plot.crs: no visible global function definition for ‘grid3d’
    plot.crs: no visible global function definition for ‘play3d’
    plot.crs: no visible global function definition for ‘spin3d’
    plot.npglpreg: no visible global function definition for ‘open3d’
    plot.npglpreg: no visible global function definition for ‘par3d’
    plot.npglpreg: no visible global function definition for
     ‘rgl.viewpoint’
    plot.npglpreg: no visible global function definition for ‘persp3d’
    plot.npglpreg: no visible global function definition for ‘grid3d’
    plot.npglpreg: no visible global function definition for ‘play3d’
    plot.npglpreg: no visible global function definition for ‘spin3d’
    predict.factor.spline: no visible global function definition for ‘rq’
    predict.kernel.spline: no visible global function definition for ‘rq’
Flavors: r-devel-linux-x86_64-debian-clang, r-devel-linux-x86_64-debian-gcc, r-devel-linux-x86_64-fedora-clang, r-devel-linux-x86_64-fedora-gcc, r-devel-osx-x86_64-clang, r-devel-windows-ix86+x86_64

Version: 0.15-23
Check: re-building of vignette outputs
Result: NOTE
    Error in re-building vignettes:
     ...
    Categorical Regression Splines (version 0.15-23)
    [vignette("crs_faq") provides answers to frequently asked questions]
    Warning: running command '"D:\compiler\texmf\miktex\bin\texi2dvi.exe" --quiet --pdf "spline_primer.tex" --max-iterations=20 -I "D:/RCompile/recent/R/share/texmf/tex/latex" -I "D:/RCompile/recent/R/share/texmf/bibtex/bst"' had status 1
    Error: running 'texi2dvi' on 'spline_primer.tex' failed
    
    LaTeX errors:
    bbl:34: ==> Fatal error occurred, no output PDF file produced!
    Execution halted
Flavor: r-devel-windows-ix86+x86_64

Version: 0.15-23
Flags: --no-build-vignettes
Check: installed package size
Result: NOTE
     installed size is 5.2Mb
     sub-directories of 1Mb or more:
     libs 3.4Mb
Flavor: r-patched-solaris-x86

Version: 0.15-23
Check: package dependencies
Result: NOTE
    Package suggested but not available for checking: ‘npRmpi’
Flavors: r-release-osx-x86_64-mavericks, r-release-osx-x86_64-snowleopard

Version: 0.15-23
Check: re-building of vignette outputs
Result: NOTE
    Error in re-building vignettes:
     ...
    Categorical Regression Splines (version 0.15-23)
    [vignette("crs_faq") provides answers to frequently asked questions]
    Error in texi2dvi(file = file, pdf = TRUE, clean = clean, quiet = quiet, :
     Running 'texi2dvi' on 'crs.tex' failed.
    LaTeX errors:
    ! LaTeX Error: File `enumitem.sty' not found.
    
    Type X to quit or <RETURN> to proceed,
    or enter new name. (Default extension: sty)
    
    t/crs/vignettes/crs.tex:11: ==> Fatal error occurred, no output PDF file produ
    ced!
    Calls: buildVignettes -> texi2pdf -> texi2dvi
    Execution halted
Flavor: r-release-osx-x86_64-mavericks

Version: 0.15-23
Check: re-building of vignette outputs
Result: NOTE
    Error in re-building vignettes:
     ...
    Categorical Regression Splines (version 0.15-23)
    [vignette("crs_faq") provides answers to frequently asked questions]
    Warning: running command '"D:\compiler\texmf\miktex\bin\texi2dvi.exe" --quiet --pdf "spline_primer.tex" --max-iterations=20 -I "D:/RCompile/recent/R-3.1.1/share/texmf/tex/latex" -I "D:/RCompile/recent/R-3.1.1/share/texmf/bibtex/bst"' had status 1
    Error: running 'texi2dvi' on 'spline_primer.tex' failed
    
    LaTeX errors:
    bbl:34: ==> Fatal error occurred, no output PDF file produced!
    Execution halted
Flavor: r-release-windows-ix86+x86_64

Version: 0.15-23
Check: re-building of vignette outputs
Result: NOTE
    Error in re-building vignettes:
     ...
    Categorical Regression Splines (version 0.15-23)
    [vignette("crs_faq") provides answers to frequently asked questions]
    Warning: running command '"D:\compiler\texmf\miktex\bin\texi2dvi.exe" --quiet --pdf "spline_primer.tex" -I "D:/Rcompile/recent/R-3.0.3/share/texmf/tex/latex" -I "D:/Rcompile/recent/R-3.0.3/share/texmf/bibtex/bst"' had status 1
    Error: running 'texi2dvi' on 'spline_primer.tex' failed
    
    LaTeX errors:
    bbl:34: ==> Fatal error occurred, no output PDF file produced!
    Execution halted
Flavor: r-oldrel-windows-ix86+x86_64