CRAN Package Check Results for Package crs

Last updated on 2019-04-19 22:52:21 CEST.

Flavor Version Tinstall Tcheck Ttotal Status Flags
r-devel-linux-x86_64-debian-clang 0.15-31 209.71 170.94 380.65 OK
r-devel-linux-x86_64-debian-gcc 0.15-31 215.97 135.67 351.64 OK
r-devel-linux-x86_64-fedora-clang 0.15-31 594.63 NOTE
r-devel-linux-x86_64-fedora-gcc 0.15-31 532.35 OK
r-devel-windows-ix86+x86_64 0.15-31 543.00 165.00 708.00 NOTE --no-vignettes
r-patched-linux-x86_64 0.15-31 239.64 171.18 410.82 OK
r-patched-solaris-x86 0.15-31 877.80 NOTE
r-release-linux-x86_64 0.15-31 242.13 158.76 400.89 OK
r-release-windows-ix86+x86_64 0.15-31 379.00 217.00 596.00 NOTE --no-vignettes
r-release-osx-x86_64 0.15-31 NOTE
r-oldrel-windows-ix86+x86_64 0.15-31 494.00 214.00 708.00 NOTE --no-vignettes
r-oldrel-osx-x86_64 0.15-31 NOTE

Check Details

Version: 0.15-31
Check: installed package size
Result: NOTE
     installed size is 23.4Mb
     sub-directories of 1Mb or more:
     libs 21.7Mb
Flavors: r-devel-linux-x86_64-fedora-clang, r-patched-solaris-x86, r-release-osx-x86_64, r-oldrel-osx-x86_64

Version: 0.15-31
Flags: --no-vignettes
Check: installed package size
Result: NOTE
     installed size is 7.6Mb
     sub-directories of 1Mb or more:
     libs 5.9Mb
Flavors: r-devel-windows-ix86+x86_64, r-release-windows-ix86+x86_64, r-oldrel-windows-ix86+x86_64