CRAN Package Check Results for Package crs

Last updated on 2018-02-24 23:48:51 CET.

Flavor Version Tinstall Tcheck Ttotal Status Flags
r-devel-linux-x86_64-debian-clang 0.15-30 173.69 152.88 326.57 OK
r-devel-linux-x86_64-debian-gcc 0.15-30 168.25 120.17 288.42 OK
r-devel-linux-x86_64-fedora-clang 0.15-30 505.42 NOTE
r-devel-linux-x86_64-fedora-gcc 0.15-30 444.16 NOTE
r-devel-windows-ix86+x86_64 0.15-30 474.00 165.00 639.00 NOTE --no-vignettes
r-patched-linux-x86_64 0.15-30 179.91 167.04 346.95 OK
r-patched-solaris-x86 0.15-30 548.40 OK
r-release-linux-x86_64 0.15-30 182.49 159.83 342.32 OK
r-release-windows-ix86+x86_64 0.15-30 484.00 204.00 688.00 NOTE --no-vignettes
r-release-osx-x86_64 0.15-30 NOTE
r-oldrel-windows-ix86+x86_64 0.15-30 372.00 200.00 572.00 NOTE --no-vignettes
r-oldrel-osx-x86_64 0.15-30 NOTE

Check Details

Version: 0.15-30
Check: installed package size
Result: NOTE
     installed size is 24.3Mb
     sub-directories of 1Mb or more:
     libs 22.6Mb
Flavors: r-devel-linux-x86_64-fedora-clang, r-devel-linux-x86_64-fedora-gcc, r-release-osx-x86_64, r-oldrel-osx-x86_64

Version: 0.15-30
Flags: --no-vignettes
Check: installed package size
Result: NOTE
     installed size is 7.5Mb
     sub-directories of 1Mb or more:
     libs 5.9Mb
Flavors: r-devel-windows-ix86+x86_64, r-release-windows-ix86+x86_64, r-oldrel-windows-ix86+x86_64