CRAN Package Check Results for Package crsra

Last updated on 2020-02-18 07:49:43 CET.

Flavor Version Tinstall Tcheck Ttotal Status Flags
r-devel-linux-x86_64-debian-clang 0.2.3 10.02 90.89 100.91 OK
r-devel-linux-x86_64-debian-gcc 0.2.3 8.22 70.67 78.89 OK
r-devel-linux-x86_64-fedora-clang 0.2.3 123.04 NOTE
r-devel-linux-x86_64-fedora-gcc 0.2.3 121.71 NOTE
r-devel-windows-ix86+x86_64 0.2.3 22.00 100.00 122.00 OK
r-devel-windows-ix86+x86_64-gcc8 0.2.3 25.00 144.00 169.00 OK
r-patched-linux-x86_64 0.2.3 8.88 78.40 87.28 OK
r-patched-solaris-x86 0.2.3 170.80 NOTE
r-release-linux-x86_64 0.2.3 9.70 78.72 88.42 OK
r-release-windows-ix86+x86_64 0.2.3 21.00 100.00 121.00 OK
r-release-osx-x86_64 0.2.3 NOTE
r-oldrel-windows-ix86+x86_64 0.2.3 14.00 94.00 108.00 OK
r-oldrel-osx-x86_64 0.2.3 NOTE

Check Details

Version: 0.2.3
Check: data for non-ASCII characters
Result: NOTE
     Note: found 500 marked UTF-8 strings
Flavors: r-devel-linux-x86_64-fedora-clang, r-devel-linux-x86_64-fedora-gcc, r-patched-solaris-x86, r-release-osx-x86_64, r-oldrel-osx-x86_64