CRAN Package Check Results for Package crsra

Last updated on 2020-09-23 15:27:58 CEST.

Flavor Version Tinstall Tcheck Ttotal Status Flags
r-devel-linux-x86_64-debian-clang 0.2.3 10.42 97.46 107.88 OK
r-devel-linux-x86_64-debian-gcc 0.2.3 8.44 73.66 82.10 OK
r-devel-linux-x86_64-fedora-clang 0.2.3 145.89 NOTE
r-devel-linux-x86_64-fedora-gcc 0.2.3 134.51 NOTE
r-devel-windows-ix86+x86_64 0.2.3 24.00 121.00 145.00 OK
r-patched-linux-x86_64 0.2.3 9.31 90.20 99.51 OK
r-patched-solaris-x86 0.2.3 185.90 NOTE
r-release-linux-x86_64 0.2.3 10.52 90.64 101.16 OK
r-release-macos-x86_64 0.2.3 NOTE
r-release-windows-ix86+x86_64 0.2.3 32.00 121.00 153.00 OK
r-oldrel-macos-x86_64 0.2.3 NOTE
r-oldrel-windows-ix86+x86_64 0.2.3 15.00 113.00 128.00 OK

Check Details

Version: 0.2.3
Check: data for non-ASCII characters
Result: NOTE
     Note: found 500 marked UTF-8 strings
Flavors: r-devel-linux-x86_64-fedora-clang, r-devel-linux-x86_64-fedora-gcc, r-patched-solaris-x86, r-release-macos-x86_64, r-oldrel-macos-x86_64