CRAN Package Check Results for Package crsuggest

Last updated on 2022-07-03 22:50:31 CEST.

Flavor Version Tinstall Tcheck Ttotal Status Flags
r-devel-linux-x86_64-debian-clang 0.3.1 47.00 294.45 341.45 OK
r-devel-linux-x86_64-debian-gcc 0.3.1 38.84 214.72 253.56 OK
r-devel-linux-x86_64-fedora-clang 0.3.1 424.38 NOTE
r-devel-linux-x86_64-fedora-gcc 0.3.1 405.98 OK
r-devel-windows-x86_64 0.3.1 41.00 279.00 320.00 NOTE
r-patched-linux-x86_64 0.3.1 32.95 279.49 312.44 OK
r-release-linux-x86_64 0.3.1 32.00 282.65 314.65 OK
r-release-macos-arm64 0.3.1 97.00 NOTE
r-release-macos-x86_64 0.3.1 206.00 NOTE
r-release-windows-x86_64 0.3.1 40.00 277.00 317.00 NOTE
r-oldrel-macos-arm64 0.3.1 67.00 NOTE
r-oldrel-macos-x86_64 0.3.1 89.00 NOTE
r-oldrel-windows-ix86+x86_64 0.3.1 85.00 283.00 368.00 NOTE

Check Details

Version: 0.3.1
Check: installed package size
Result: NOTE
     installed size is 5.8Mb
     sub-directories of 1Mb or more:
     data 5.7Mb
Flavors: r-devel-linux-x86_64-fedora-clang, r-devel-windows-x86_64, r-release-macos-arm64, r-release-macos-x86_64, r-release-windows-x86_64, r-oldrel-macos-arm64, r-oldrel-macos-x86_64, r-oldrel-windows-ix86+x86_64