CRAN Package Check Results for Package csabounds

Last updated on 2022-01-26 08:51:14 CET.

Flavor Version Tinstall Tcheck Ttotal Status Flags
r-devel-linux-x86_64-debian-clang 1.0.0 6.16 69.04 75.20 OK
r-devel-linux-x86_64-debian-gcc 1.0.0 3.76 51.70 55.46 OK
r-devel-linux-x86_64-fedora-clang 1.0.0 87.97 NOTE
r-devel-linux-x86_64-fedora-gcc 1.0.0 76.16 NOTE
r-devel-windows-x86_64-new-UL 1.0.0 46.00 84.00 130.00 OK
r-devel-windows-x86_64-new-TK 1.0.0 NOTE
r-patched-linux-x86_64 1.0.0 5.75 61.81 67.56 OK
r-release-linux-x86_64 1.0.0 4.20 62.74 66.94 OK
r-release-macos-arm64 1.0.0 NOTE
r-release-macos-x86_64 1.0.0 NOTE
r-release-windows-ix86+x86_64 1.0.0 16.00 78.00 94.00 OK
r-oldrel-macos-x86_64 1.0.0 NOTE
r-oldrel-windows-ix86+x86_64 1.0.0 16.00 80.00 96.00 OK

Check Details

Version: 1.0.0
Check: dependencies in R code
Result: NOTE
    Namespace in Imports field not imported from: ‘qte’
     All declared Imports should be used.
Flavors: r-devel-linux-x86_64-fedora-clang, r-devel-linux-x86_64-fedora-gcc, r-devel-windows-x86_64-new-TK, r-release-macos-arm64, r-release-macos-x86_64, r-oldrel-macos-x86_64