CRAN Package Check Results for Package csampling

Last updated on 2015-04-01 17:48:33.

Flavor Version Tinstall Tcheck Ttotal Status Flags
r-devel-linux-x86_64-debian-clang 1.2-2 0.92 11.88 12.80 NOTE
r-devel-linux-x86_64-debian-gcc 1.2-2 0.65 12.00 12.65 NOTE
r-devel-linux-x86_64-fedora-clang 1.2-2 22.67 NOTE
r-devel-linux-x86_64-fedora-gcc 1.2-2 22.24 NOTE
r-devel-osx-x86_64-clang 1.2-2 29.63 NOTE
r-prerel-windows-ix86+x86_64 1.2-2 3.00 25.00 28.00 NOTE
r-prerel-linux-x86_64 1.2-2 0.67 11.33 12.00 NOTE
r-prerel-solaris-sparc 1.2-2 143.00 NOTE
r-prerel-solaris-x86 1.2-2 32.00 NOTE
r-release-linux-x86_64 1.2-2 0.98 13.26 14.24 OK
r-release-osx-x86_64-mavericks 1.2-2 OK
r-release-osx-x86_64-snowleopard 1.2-2 OK
r-release-windows-ix86+x86_64 1.2-2 3.00 27.00 30.00 OK
r-oldrel-windows-ix86+x86_64 1.2-2 3.00 25.00 28.00 OK

Check Details

Version: 1.2-2
Check: DESCRIPTION meta-information
Result: NOTE
    Malformed Description field: should contain one or more complete sentences.
Flavors: r-devel-linux-x86_64-debian-clang, r-devel-linux-x86_64-debian-gcc, r-devel-linux-x86_64-fedora-clang, r-devel-linux-x86_64-fedora-gcc, r-devel-osx-x86_64-clang, r-prerel-windows-ix86+x86_64, r-prerel-linux-x86_64, r-prerel-solaris-sparc, r-prerel-solaris-x86

Version: 1.2-2
Check: S3 generic/method consistency
Result: NOTE
    Found the following apparent S3 methods exported but not registered:
     plot.Lapl.cont plot.Lapl.spl
    See section ‘Registering S3 methods’ in the ‘Writing R Extensions’
    manual.
Flavors: r-devel-linux-x86_64-debian-clang, r-devel-linux-x86_64-debian-gcc, r-devel-linux-x86_64-fedora-clang, r-devel-linux-x86_64-fedora-gcc, r-devel-osx-x86_64-clang, r-prerel-linux-x86_64