CRAN Package Check Results for Package csampling

Last updated on 2014-04-23 12:48:16.

Flavor Version Tinstall Tcheck Ttotal Status Flags
r-devel-linux-x86_64-debian-clang 1.2-2 0.80 13.28 14.08 OK
r-devel-linux-x86_64-debian-gcc 1.2-2 0.82 13.12 13.94 OK
r-devel-linux-x86_64-fedora-clang 1.2-2 27.53 OK
r-devel-linux-x86_64-fedora-gcc 1.2-2 25.50 OK
r-devel-osx-x86_64-clang 1.2-2 26.85 OK
r-devel-osx-x86_64-gcc 1.2-2 OK
r-devel-windows-ix86+x86_64 1.2-2 3.00 23.00 26.00 OK
r-patched-linux-x86_64 1.2-2 0.81 13.36 14.16 OK
r-patched-solaris-sparc 1.2-2 146.40 OK
r-patched-solaris-x86 1.2-2 38.20 OK
r-release-linux-ix86 1.2-2 2.00 28.00 30.00 OK
r-release-linux-x86_64 1.2-2 0.80 13.26 14.06 OK
r-release-osx-x86_64-mavericks 1.2-2 WARN
r-release-osx-x86_64-snowleopard 1.2-2 OK
r-release-windows-ix86+x86_64 1.2-2 3.00 23.00 26.00 OK
r-oldrel-windows-ix86+x86_64 1.2-2 3.00 26.00 29.00 OK

Check Details

Version: 1.2-2
Check: PDF version of manual
Result: WARNING
    LaTeX errors when creating PDF version.
    This typically indicates Rd problems.
    LaTeX errors found:
    ! LaTeX Error: File `upquote.sty' not found.
    
    Type X to quit or <RETURN> to proceed,
    or enter new name. (Default extension: sty)
    
    /private/tmp/RtmpqP5ap8/Rd2pdf1454f7cbcf842/Rd2.tex:8: ==> Fatal error occurre
    d, no output PDF file produced!
Flavor: r-release-osx-x86_64-mavericks