CRAN Package Check Results for Package csampling

Last updated on 2024-07-15 04:48:33 CEST.

Flavor Version Tinstall Tcheck Ttotal Status Flags
r-devel-linux-x86_64-debian-clang 1.2-2.1 9.78 71.96 81.74 NOTE
r-devel-linux-x86_64-debian-gcc 1.2-2.1 6.99 53.04 60.03 NOTE
r-devel-linux-x86_64-fedora-clang 1.2-2.1 95.45 NOTE
r-devel-linux-x86_64-fedora-gcc 1.2-2.1 91.00 NOTE
r-devel-windows-x86_64 1.2-2.1 7.00 67.00 74.00 NOTE
r-patched-linux-x86_64 1.2-2.1 7.40 67.28 74.68 NOTE
r-release-linux-x86_64 1.2-2.1 7.14 65.00 72.14 NOTE
r-release-macos-arm64 1.2-2.1 31.00 NOTE
r-release-macos-x86_64 1.2-2.1 45.00 NOTE
r-release-windows-x86_64 1.2-2.1 8.00 67.00 75.00 NOTE
r-oldrel-macos-arm64 1.2-2.1 34.00 NOTE
r-oldrel-macos-x86_64 1.2-2.1 51.00 NOTE
r-oldrel-windows-x86_64 1.2-2.1 9.00 77.00 86.00 NOTE

Check Details

Version: 1.2-2.1
Check: LazyData
Result: NOTE 'LazyData' is specified without a 'data' directory Flavors: r-devel-linux-x86_64-debian-clang, r-devel-linux-x86_64-debian-gcc, r-devel-linux-x86_64-fedora-clang, r-devel-linux-x86_64-fedora-gcc, r-devel-windows-x86_64, r-patched-linux-x86_64, r-release-linux-x86_64, r-release-macos-arm64, r-release-macos-x86_64, r-release-windows-x86_64, r-oldrel-macos-arm64, r-oldrel-macos-x86_64, r-oldrel-windows-x86_64