CRAN Package Check Results for Package csampling

Last updated on 2015-05-28 09:47:21.

Flavor Version Tinstall Tcheck Ttotal Status Flags
r-devel-linux-x86_64-debian-clang 1.2-2 0.66 11.54 12.20 NOTE
r-devel-linux-x86_64-debian-gcc 1.2-2 0.65 11.28 11.93 NOTE
r-devel-linux-x86_64-fedora-clang 1.2-2 22.92 NOTE
r-devel-linux-x86_64-fedora-gcc 1.2-2 22.09 NOTE
r-devel-osx-x86_64-clang 1.2-2 25.82 NOTE
r-devel-windows-ix86+x86_64 1.2-2 3.00 20.00 23.00 NOTE
r-patched-linux-x86_64 1.2-2 0.66 11.03 11.69 NOTE
r-patched-solaris-sparc 1.2-2 152.70 NOTE
r-patched-solaris-x86 1.2-2 32.80 NOTE
r-release-linux-x86_64 1.2-2 0.67 11.52 12.19 NOTE
r-release-osx-x86_64-mavericks 1.2-2 NOTE
r-release-osx-x86_64-snowleopard 1.2-2 NOTE
r-release-windows-ix86+x86_64 1.2-2 3.00 20.00 23.00 NOTE
r-oldrel-windows-ix86+x86_64 1.2-2 4.00 39.00 43.00 OK

Check Details

Version: 1.2-2
Check: DESCRIPTION meta-information
Result: NOTE
    Malformed Description field: should contain one or more complete sentences.
Flavors: r-devel-linux-x86_64-debian-clang, r-devel-linux-x86_64-debian-gcc, r-devel-linux-x86_64-fedora-clang, r-devel-linux-x86_64-fedora-gcc, r-devel-osx-x86_64-clang, r-devel-windows-ix86+x86_64, r-patched-linux-x86_64, r-patched-solaris-sparc, r-patched-solaris-x86, r-release-linux-x86_64, r-release-osx-x86_64-mavericks, r-release-osx-x86_64-snowleopard, r-release-windows-ix86+x86_64

Version: 1.2-2
Check: S3 generic/method consistency
Result: NOTE
    Found the following apparent S3 methods exported but not registered:
     plot.Lapl.cont plot.Lapl.spl
    See section ‘Registering S3 methods’ in the ‘Writing R Extensions’
    manual.
Flavors: r-devel-linux-x86_64-debian-clang, r-devel-linux-x86_64-debian-gcc, r-devel-linux-x86_64-fedora-clang, r-devel-linux-x86_64-fedora-gcc, r-devel-osx-x86_64-clang, r-patched-linux-x86_64, r-patched-solaris-sparc, r-patched-solaris-x86, r-release-linux-x86_64