CRAN Package Check Results for Package csampling

Last updated on 2015-07-29 21:46:42.

Flavor Version Tinstall Tcheck Ttotal Status Flags
r-devel-linux-x86_64-debian-clang 1.2-2 0.66 12.17 12.82 NOTE
r-devel-linux-x86_64-debian-gcc 1.2-2 0.64 11.88 12.52 NOTE
r-devel-linux-x86_64-fedora-clang 1.2-2 24.54 NOTE
r-devel-linux-x86_64-fedora-gcc 1.2-2 22.43 NOTE
r-devel-osx-x86_64-clang 1.2-2 25.04 NOTE
r-devel-windows-ix86+x86_64 1.2-2 3.00 35.00 38.00 NOTE
r-patched-linux-x86_64 1.2-2 0.67 11.91 12.58 NOTE
r-patched-solaris-sparc 1.2-2 156.50 NOTE
r-patched-solaris-x86 1.2-2 36.20 NOTE
r-release-linux-x86_64 1.2-2 0.66 11.85 12.51 NOTE
r-release-osx-x86_64-mavericks 1.2-2 NOTE
r-release-windows-ix86+x86_64 1.2-2 4.00 35.00 39.00 NOTE
r-oldrel-windows-ix86+x86_64 1.2-2 5.00 25.00 30.00 OK

Check Details

Version: 1.2-2
Check: DESCRIPTION meta-information
Result: NOTE
    Malformed Description field: should contain one or more complete sentences.
Flavors: r-devel-linux-x86_64-debian-clang, r-devel-linux-x86_64-debian-gcc, r-devel-linux-x86_64-fedora-clang, r-devel-linux-x86_64-fedora-gcc, r-devel-osx-x86_64-clang, r-devel-windows-ix86+x86_64, r-patched-linux-x86_64, r-patched-solaris-sparc, r-patched-solaris-x86, r-release-linux-x86_64, r-release-osx-x86_64-mavericks, r-release-windows-ix86+x86_64

Version: 1.2-2
Check: S3 generic/method consistency
Result: NOTE
    Found the following apparent S3 methods exported but not registered:
     plot.Lapl.cont plot.Lapl.spl
    See section ‘Registering S3 methods’ in the ‘Writing R Extensions’
    manual.
Flavors: r-devel-linux-x86_64-debian-clang, r-devel-linux-x86_64-debian-gcc, r-devel-linux-x86_64-fedora-clang, r-devel-linux-x86_64-fedora-gcc, r-devel-osx-x86_64-clang, r-patched-linux-x86_64, r-patched-solaris-sparc, r-patched-solaris-x86, r-release-linux-x86_64

Version: 1.2-2
Check: R code for possible problems
Result: NOTE
    Laplace.c: no visible global function definition for ‘optim’
    Laplace.c: no visible global function definition for ‘spline’
    Laplace.cc: no visible global function definition for ‘optim’
    Laplace.cs: no visible global function definition for ‘optim’
    Laplace.s: no visible global function definition for ‘optim’
    Laplace.s: no visible global function definition for ‘spline’
    make.sample.data: no visible global function definition for ‘coef’
    make.sample.data: no visible global function definition for
     ‘model.matrix’
    plot.Lapl.cont: no visible global function definition for ‘contour’
    plot.Lapl.spl: no visible global function definition for ‘plot’
    rmt: no visible global function definition for ‘rt’
    rmt: no visible global function definition for ‘rnorm’
    rmt: no visible global function definition for ‘rchisq’
    rsm.sample: no visible global function definition for ‘runif’
    rsm.sample: no visible global function definition for ‘dweibull’
    rsm.sample: no visible global function definition for ‘dt’
    rsm.sample: no visible global function definition for ‘dlogis’
    Undefined global functions or variables:
     coef contour dlogis dt dweibull model.matrix optim plot rchisq rnorm
     rt runif spline
    Consider adding
     importFrom("graphics", "contour", "plot")
     importFrom("stats", "coef", "dlogis", "dt", "dweibull", "model.matrix",
     "optim", "rchisq", "rnorm", "rt", "runif", "spline")
    to your NAMESPACE.
Flavors: r-devel-linux-x86_64-debian-clang, r-devel-linux-x86_64-debian-gcc, r-devel-linux-x86_64-fedora-clang, r-devel-linux-x86_64-fedora-gcc, r-devel-windows-ix86+x86_64