CRAN Package Check Results for Package csampling

Last updated on 2015-01-26 22:47:28.

Flavor Version Tinstall Tcheck Ttotal Status Flags
r-devel-linux-x86_64-debian-clang 1.2-2 0.76 12.41 13.17 OK
r-devel-linux-x86_64-debian-gcc 1.2-2 0.69 11.22 11.91 OK
r-devel-linux-x86_64-fedora-clang 1.2-2 30.28 NOTE
r-devel-linux-x86_64-fedora-gcc 1.2-2 28.06 NOTE
r-devel-osx-x86_64-clang 1.2-2 30.92 NOTE
r-devel-windows-ix86+x86_64 1.2-2 5.00 26.00 31.00 OK
r-patched-linux-x86_64 1.2-2 0.79 13.30 14.09 OK
r-patched-solaris-sparc 1.2-2 178.60 OK
r-patched-solaris-x86 1.2-2 39.00 OK
r-release-linux-ix86 1.2-2 1.13 18.63 19.76 OK
r-release-linux-x86_64 1.2-2 0.78 12.98 13.76 OK
r-release-osx-x86_64-mavericks 1.2-2 OK
r-release-osx-x86_64-snowleopard 1.2-2 OK
r-release-windows-ix86+x86_64 1.2-2 4.00 24.00 28.00 OK
r-oldrel-windows-ix86+x86_64 1.2-2 5.00 37.00 42.00 OK

Check Details

Version: 1.2-2
Check: S3 generic/method consistency
Result: NOTE
    Found the following apparent S3 methods exported but not registered:
     plot.Lapl.cont plot.Lapl.spl
    See section ‘Registering S3 methods’ in the ‘Writing R Extensions’
    manual.
Flavors: r-devel-linux-x86_64-fedora-clang, r-devel-linux-x86_64-fedora-gcc, r-devel-osx-x86_64-clang