CRAN Package Check Results for Package csampling

Last updated on 2015-03-03 17:47:39.

Flavor Version Tinstall Tcheck Ttotal Status Flags
r-devel-linux-x86_64-debian-clang 1.2-2 0.66 11.56 12.22 NOTE
r-devel-linux-x86_64-debian-gcc 1.2-2 0.63 11.08 11.71 NOTE
r-devel-linux-x86_64-fedora-clang 1.2-2 22.88 NOTE
r-devel-linux-x86_64-fedora-gcc 1.2-2 21.86 NOTE
r-devel-osx-x86_64-clang 1.2-2 26.10 NOTE
r-devel-windows-ix86+x86_64 1.2-2 5.00 27.00 32.00 NOTE
r-patched-linux-x86_64 1.2-2 1.04 13.21 14.25 OK
r-patched-solaris-sparc 1.2-2 171.90 OK
r-patched-solaris-x86 1.2-2 38.00 OK
r-release-linux-ix86 1.2-2 1.08 19.51 20.59 OK
r-release-linux-x86_64 1.2-2 1.00 13.42 14.42 OK
r-release-osx-x86_64-mavericks 1.2-2 OK
r-release-osx-x86_64-snowleopard 1.2-2 OK
r-release-windows-ix86+x86_64 1.2-2 6.00 28.00 34.00 OK
r-oldrel-windows-ix86+x86_64 1.2-2 4.00 26.00 30.00 OK

Check Details

Version: 1.2-2
Check: DESCRIPTION meta-information
Result: NOTE
    Malformed Description field: should contain one or more complete sentences.
Flavors: r-devel-linux-x86_64-debian-clang, r-devel-linux-x86_64-debian-gcc, r-devel-linux-x86_64-fedora-clang, r-devel-linux-x86_64-fedora-gcc, r-devel-osx-x86_64-clang, r-devel-windows-ix86+x86_64

Version: 1.2-2
Check: S3 generic/method consistency
Result: NOTE
    Found the following apparent S3 methods exported but not registered:
     plot.Lapl.cont plot.Lapl.spl
    See section ‘Registering S3 methods’ in the ‘Writing R Extensions’
    manual.
Flavors: r-devel-linux-x86_64-debian-clang, r-devel-linux-x86_64-debian-gcc, r-devel-linux-x86_64-fedora-clang, r-devel-linux-x86_64-fedora-gcc, r-devel-osx-x86_64-clang