CRAN Package Check Results for Package cshapes

Last updated on 2015-08-02 05:47:39.

Flavor Version Tinstall Tcheck Ttotal Status Flags
r-devel-linux-x86_64-debian-clang 0.4-2 1.52 18.63 20.15 NOTE
r-devel-linux-x86_64-debian-gcc 0.4-2 1.50 18.20 19.69 NOTE
r-devel-linux-x86_64-fedora-clang 0.4-2 38.24 NOTE
r-devel-linux-x86_64-fedora-gcc 0.4-2 36.76 NOTE
r-devel-osx-x86_64-clang 0.4-2 34.34 NOTE
r-devel-windows-ix86+x86_64 0.4-2 6.00 36.00 42.00 NOTE
r-patched-linux-x86_64 0.4-2 1.62 18.77 20.38 NOTE
r-patched-solaris-sparc 0.4-2 240.60 NOTE
r-patched-solaris-x86 0.4-2 56.30 NOTE
r-release-linux-x86_64 0.4-2 1.55 18.40 19.94 NOTE
r-release-osx-x86_64-mavericks 0.4-2 NOTE
r-release-windows-ix86+x86_64 0.4-2 9.00 38.00 47.00 NOTE
r-oldrel-windows-ix86+x86_64 0.4-2 10.00 48.00 58.00 NOTE

Check Details

Version: 0.4-2
Check: installed package size
Result: NOTE
     installed size is 5.4Mb
     sub-directories of 1Mb or more:
     shp 5.3Mb
Flavors: r-devel-linux-x86_64-debian-clang, r-devel-linux-x86_64-debian-gcc, r-devel-linux-x86_64-fedora-clang, r-devel-linux-x86_64-fedora-gcc, r-devel-osx-x86_64-clang, r-devel-windows-ix86+x86_64, r-patched-linux-x86_64, r-patched-solaris-sparc, r-patched-solaris-x86, r-release-linux-x86_64, r-release-osx-x86_64-mavericks, r-release-windows-ix86+x86_64, r-oldrel-windows-ix86+x86_64