CRAN Package Check Results for Package cshapes

Last updated on 2015-05-30 13:47:12.

Flavor Version Tinstall Tcheck Ttotal Status Flags
r-devel-linux-x86_64-debian-clang 0.4-2 2.21 18.70 20.91 NOTE
r-devel-linux-x86_64-debian-gcc 0.4-2 1.49 18.36 19.85 NOTE
r-devel-linux-x86_64-fedora-clang 0.4-2 40.52 NOTE
r-devel-linux-x86_64-fedora-gcc 0.4-2 36.18 NOTE
r-devel-osx-x86_64-clang 0.4-2 38.47 NOTE
r-devel-windows-ix86+x86_64 0.4-2 7.00 38.00 45.00 NOTE
r-patched-linux-x86_64 0.4-2 1.49 18.28 19.77 NOTE
r-patched-solaris-sparc 0.4-2 252.00 NOTE
r-patched-solaris-x86 0.4-2 56.60 NOTE
r-release-linux-x86_64 0.4-2 1.58 18.46 20.04 NOTE
r-release-osx-x86_64-mavericks 0.4-2 NOTE
r-release-osx-x86_64-snowleopard 0.4-2 NOTE
r-release-windows-ix86+x86_64 0.4-2 7.00 33.00 40.00 NOTE
r-oldrel-windows-ix86+x86_64 0.4-2 10.00 40.00 50.00 NOTE

Check Details

Version: 0.4-2
Check: installed package size
Result: NOTE
     installed size is 5.4Mb
     sub-directories of 1Mb or more:
     shp 5.3Mb
Flavors: r-devel-linux-x86_64-debian-clang, r-devel-linux-x86_64-debian-gcc, r-devel-linux-x86_64-fedora-clang, r-devel-linux-x86_64-fedora-gcc, r-devel-osx-x86_64-clang, r-devel-windows-ix86+x86_64, r-patched-linux-x86_64, r-patched-solaris-sparc, r-patched-solaris-x86, r-release-linux-x86_64, r-release-osx-x86_64-mavericks, r-release-osx-x86_64-snowleopard, r-release-windows-ix86+x86_64, r-oldrel-windows-ix86+x86_64