CRAN Package Check Results for Package cshapes

Last updated on 2016-07-25 23:47:57.

Flavor Version Tinstall Tcheck Ttotal Status Flags
r-devel-linux-x86_64-debian-clang 0.5-1 2.57 21.74 24.31 NOTE
r-devel-linux-x86_64-debian-gcc 0.5-1 2.34 22.00 24.34 NOTE
r-devel-linux-x86_64-fedora-clang 0.5-1 35.14 NOTE
r-devel-linux-x86_64-fedora-gcc 0.5-1 33.64 NOTE
r-devel-osx-x86_64-clang 0.5-1 30.05 NOTE
r-devel-windows-ix86+x86_64 0.5-1 8.00 48.00 56.00 NOTE
r-patched-linux-x86_64 0.5-1 2.06 20.81 22.86 NOTE
r-patched-solaris-sparc 0.5-1 209.70 NOTE
r-patched-solaris-x86 0.5-1 46.50 NOTE
r-release-linux-x86_64 0.5-1 2.37 21.47 23.84 NOTE
r-release-osx-x86_64-mavericks 0.5-1 NOTE
r-release-windows-ix86+x86_64 0.5-1 10.00 64.00 74.00 NOTE
r-oldrel-windows-ix86+x86_64 0.5-1 10.00 60.00 70.00 NOTE

Check Details

Version: 0.5-1
Check: installed package size
Result: NOTE
     installed size is 5.3Mb
     sub-directories of 1Mb or more:
     shp 5.2Mb
Flavors: r-devel-linux-x86_64-debian-clang, r-devel-linux-x86_64-debian-gcc, r-devel-linux-x86_64-fedora-clang, r-devel-linux-x86_64-fedora-gcc, r-devel-osx-x86_64-clang, r-devel-windows-ix86+x86_64, r-patched-linux-x86_64, r-patched-solaris-sparc, r-patched-solaris-x86, r-release-linux-x86_64, r-release-osx-x86_64-mavericks, r-release-windows-ix86+x86_64, r-oldrel-windows-ix86+x86_64