CRAN Package Check Results for Package cshapes

Last updated on 2015-04-25 17:46:47.

Flavor Version Tinstall Tcheck Ttotal Status Flags
r-devel-linux-x86_64-debian-clang 0.4-2 0.50 1.56 2.06 ERROR
r-devel-linux-x86_64-debian-gcc 0.4-2 1.68 18.24 19.92 NOTE
r-devel-linux-x86_64-fedora-clang 0.4-2 38.98 NOTE
r-devel-linux-x86_64-fedora-gcc 0.4-2 39.38 NOTE
r-devel-osx-x86_64-clang 0.4-2 36.90 NOTE
r-devel-windows-ix86+x86_64 0.4-2 7.00 34.00 41.00 NOTE
r-patched-linux-x86_64 0.4-2 1.50 19.04 20.54 NOTE
r-patched-solaris-sparc 0.4-2 233.20 NOTE
r-patched-solaris-x86 0.4-2 53.80 NOTE
r-release-linux-x86_64 0.4-2 1.88 17.81 19.68 NOTE
r-release-osx-x86_64-mavericks 0.4-2 NOTE
r-release-osx-x86_64-snowleopard 0.4-2 NOTE
r-release-windows-ix86+x86_64 0.4-2 8.00 36.00 44.00 NOTE
r-oldrel-windows-ix86+x86_64 0.4-2 7.00 42.00 49.00 NOTE

Check Details

Version: 0.4-2
Check: installed package size
Result: NOTE
     installed size is 5.3Mb
     sub-directories of 1Mb or more:
     shp 5.2Mb
Flavors: r-devel-windows-ix86+x86_64, r-release-windows-ix86+x86_64, r-oldrel-windows-ix86+x86_64