CRAN Package Check Results for Package cshapes

Last updated on 2015-03-28 09:48:12.

Flavor Version Tinstall Tcheck Ttotal Status Flags
r-devel-linux-x86_64-debian-clang 0.4-2 1.63 18.68 20.31 NOTE
r-devel-linux-x86_64-debian-gcc 0.4-2 1.47 17.97 19.44 NOTE
r-devel-linux-x86_64-fedora-clang 0.4-2 37.55 NOTE
r-devel-linux-x86_64-fedora-gcc 0.4-2 35.17 NOTE
r-devel-osx-x86_64-clang 0.4-2 53.70 NOTE
r-prerel-windows-ix86+x86_64 0.4-2 7.00 34.00 41.00 NOTE
r-prerel-linux-x86_64 0.4-2 1.60 18.32 19.92 NOTE
r-prerel-solaris-sparc 0.4-2 233.20 NOTE
r-prerel-solaris-x86 0.4-2 53.60 NOTE
r-release-linux-x86_64 0.4-2 1.94 21.93 23.87 NOTE
r-release-osx-x86_64-mavericks 0.4-2 NOTE
r-release-windows-ix86+x86_64 0.4-2 10.00 40.00 50.00 NOTE
r-oldrel-windows-ix86+x86_64 0.4-2 8.00 60.00 68.00 NOTE

Check Details

Version: 0.4-2
Check: installed package size
Result: NOTE
     installed size is 5.4Mb
     sub-directories of 1Mb or more:
     shp 5.3Mb
Flavors: r-devel-linux-x86_64-debian-clang, r-devel-linux-x86_64-debian-gcc, r-devel-linux-x86_64-fedora-clang, r-devel-linux-x86_64-fedora-gcc, r-devel-osx-x86_64-clang, r-prerel-windows-ix86+x86_64, r-prerel-linux-x86_64, r-prerel-solaris-sparc, r-prerel-solaris-x86, r-release-linux-x86_64, r-release-osx-x86_64-mavericks, r-release-windows-ix86+x86_64, r-oldrel-windows-ix86+x86_64