CRAN Package Check Results for Package cshapes

Last updated on 2017-08-22 12:52:08.

Flavor Version Tinstall Tcheck Ttotal Status Flags
r-devel-linux-x86_64-debian-clang 0.6 2.02 22.96 24.97 OK
r-devel-linux-x86_64-debian-gcc 0.6 1.78 23.04 24.82 OK
r-devel-linux-x86_64-fedora-clang 0.6 44.64 NOTE
r-devel-linux-x86_64-fedora-gcc 0.6 41.18 NOTE
r-devel-windows-ix86+x86_64 0.6 12.00 76.00 88.00 NOTE
r-patched-linux-x86_64 0.6 1.94 22.56 24.50 OK
r-patched-solaris-x86 0.6 62.00 NOTE
r-release-linux-x86_64 0.6 1.82 22.47 24.29 OK
r-release-windows-ix86+x86_64 0.6 8.00 74.00 82.00 NOTE
r-release-osx-x86_64 0.6 NOTE
r-oldrel-windows-ix86+x86_64 0.6 7.00 50.00 57.00 NOTE
r-oldrel-osx-x86_64 0.6 NOTE

Check Details

Version: 0.6
Check: installed package size
Result: NOTE
     installed size is 7.9Mb
     sub-directories of 1Mb or more:
     shp 7.8Mb
Flavors: r-devel-linux-x86_64-fedora-clang, r-devel-linux-x86_64-fedora-gcc, r-devel-windows-ix86+x86_64, r-patched-solaris-x86, r-release-windows-ix86+x86_64, r-release-osx-x86_64, r-oldrel-windows-ix86+x86_64, r-oldrel-osx-x86_64