CRAN Package Check Results for Package cshapes

Last updated on 2015-02-27 15:47:35.

Flavor Version Tinstall Tcheck Ttotal Status Flags
r-devel-linux-x86_64-debian-clang 0.4-2 1.55 17.79 19.34 NOTE
r-devel-linux-x86_64-debian-gcc 0.4-2 1.54 17.72 19.26 NOTE
r-devel-linux-x86_64-fedora-clang 0.4-2 38.96 NOTE
r-devel-linux-x86_64-fedora-gcc 0.4-2 36.01 NOTE
r-devel-osx-x86_64-clang 0.4-2 42.36 NOTE
r-devel-windows-ix86+x86_64 0.4-2 8.00 36.00 44.00 NOTE
r-patched-linux-x86_64 0.4-2 1.94 23.72 25.65 NOTE
r-patched-solaris-sparc 0.4-2 295.60 NOTE
r-release-linux-ix86 0.4-2 2.20 28.95 31.14 NOTE
r-release-linux-x86_64 0.4-2 2.06 22.12 24.18 NOTE
r-release-osx-x86_64-mavericks 0.4-2 NOTE
r-release-windows-ix86+x86_64 0.4-2 11.00 42.00 53.00 NOTE
r-oldrel-windows-ix86+x86_64 0.4-2 7.00 42.00 49.00 NOTE

Check Details

Version: 0.4-2
Check: installed package size
Result: NOTE
     installed size is 5.4Mb
     sub-directories of 1Mb or more:
     shp 5.3Mb
Flavors: r-devel-linux-x86_64-debian-clang, r-devel-linux-x86_64-debian-gcc, r-devel-linux-x86_64-fedora-clang, r-devel-linux-x86_64-fedora-gcc, r-devel-osx-x86_64-clang, r-devel-windows-ix86+x86_64, r-patched-linux-x86_64, r-patched-solaris-sparc, r-release-linux-ix86, r-release-linux-x86_64, r-release-osx-x86_64-mavericks, r-release-windows-ix86+x86_64, r-oldrel-windows-ix86+x86_64