CRAN Package Check Results for Package cshapes

Last updated on 2014-08-31 02:48:00.

Flavor Version Tinstall Tcheck Ttotal Status Flags
r-devel-linux-x86_64-debian-clang 0.4-2 1.92 21.18 23.10 NOTE
r-devel-linux-x86_64-debian-gcc 0.4-2 1.67 20.34 22.01 NOTE
r-devel-linux-x86_64-fedora-clang 0.4-2 50.07 NOTE
r-devel-linux-x86_64-fedora-gcc 0.4-2 46.07 NOTE
r-devel-osx-x86_64-clang 0.4-2 43.74 NOTE
r-devel-windows-ix86+x86_64 0.4-2 8.00 37.00 45.00 NOTE
r-patched-linux-x86_64 0.4-2 2.66 21.69 24.35 NOTE
r-patched-solaris-sparc 0.4-2 290.00 NOTE
r-patched-solaris-x86 0.4-2 69.40 NOTE
r-release-linux-ix86 0.4-2 2.38 29.10 31.48 NOTE
r-release-linux-x86_64 0.4-2 1.83 22.24 24.07 NOTE
r-release-osx-x86_64-mavericks 0.4-2 NOTE
r-release-windows-ix86+x86_64 0.4-2 7.00 37.00 44.00 NOTE
r-oldrel-windows-ix86+x86_64 0.4-2 10.00 40.00 50.00 NOTE

Check Details

Version: 0.4-2
Check: installed package size
Result: NOTE
     installed size is 5.4Mb
     sub-directories of 1Mb or more:
     shp 5.3Mb
Flavors: r-devel-linux-x86_64-debian-clang, r-devel-linux-x86_64-debian-gcc, r-devel-linux-x86_64-fedora-clang, r-devel-linux-x86_64-fedora-gcc, r-devel-osx-x86_64-clang, r-devel-windows-ix86+x86_64, r-patched-linux-x86_64, r-patched-solaris-sparc, r-patched-solaris-x86, r-release-linux-ix86, r-release-linux-x86_64, r-release-osx-x86_64-mavericks, r-release-windows-ix86+x86_64, r-oldrel-windows-ix86+x86_64