CRAN Package Check Results for Package cshapes

Last updated on 2017-12-18 01:46:32 CET.

Flavor Version Tinstall Tcheck Ttotal Status Flags
r-devel-linux-x86_64-debian-clang 0.6 2.65 29.54 32.19 OK
r-devel-linux-x86_64-debian-gcc OK
r-devel-linux-x86_64-fedora-clang 0.6 38.96 NOTE
r-devel-linux-x86_64-fedora-gcc 0.6 38.60 NOTE
r-devel-windows-ix86+x86_64 0.6 8.00 54.00 62.00 NOTE
r-patched-linux-x86_64 0.6 2.43 34.07 36.50 OK
r-patched-solaris-x86 0.6 61.70 NOTE
r-release-linux-x86_64 0.6 2.23 33.07 35.30 OK
r-release-windows-ix86+x86_64 0.6 9.00 58.00 67.00 NOTE
r-release-osx-x86_64 0.6 NOTE
r-oldrel-windows-ix86+x86_64 0.6 11.00 66.00 77.00 NOTE
r-oldrel-osx-x86_64 0.6 NOTE

Check Details

Version: 0.6
Check: installed package size
Result: NOTE
     installed size is 7.9Mb
     sub-directories of 1Mb or more:
     shp 7.8Mb
Flavors: r-devel-linux-x86_64-fedora-clang, r-devel-linux-x86_64-fedora-gcc, r-devel-windows-ix86+x86_64, r-patched-solaris-x86, r-release-windows-ix86+x86_64, r-release-osx-x86_64, r-oldrel-windows-ix86+x86_64, r-oldrel-osx-x86_64