CRAN Package Check Results for Package cshapes

Last updated on 2018-02-20 13:49:46 CET.

Flavor Version Tinstall Tcheck Ttotal Status Flags
r-devel-linux-x86_64-debian-clang 0.6 2.96 32.66 35.62 OK
r-devel-linux-x86_64-debian-gcc 0.6 2.12 26.38 28.50 OK
r-devel-linux-x86_64-fedora-clang 0.6 41.07 NOTE
r-devel-linux-x86_64-fedora-gcc 0.6 40.02 NOTE
r-devel-windows-ix86+x86_64 0.6 8.00 57.00 65.00 NOTE
r-patched-linux-x86_64 0.6 2.32 33.81 36.13 OK
r-patched-solaris-x86 0.6 62.70 NOTE
r-release-linux-x86_64 0.6 2.64 33.31 35.95 OK
r-release-windows-ix86+x86_64 0.6 10.00 76.00 86.00 NOTE
r-release-osx-x86_64 0.6 NOTE
r-oldrel-windows-ix86+x86_64 0.6 10.00 68.00 78.00 NOTE
r-oldrel-osx-x86_64 0.6 NOTE

Check Details

Version: 0.6
Check: installed package size
Result: NOTE
     installed size is 7.9Mb
     sub-directories of 1Mb or more:
     shp 7.8Mb
Flavors: r-devel-linux-x86_64-fedora-clang, r-devel-linux-x86_64-fedora-gcc, r-devel-windows-ix86+x86_64, r-patched-solaris-x86, r-release-windows-ix86+x86_64, r-release-osx-x86_64, r-oldrel-windows-ix86+x86_64, r-oldrel-osx-x86_64