CRAN Package Check Results for Package cshapes

Last updated on 2018-05-24 09:49:32 CEST.

Flavor Version Tinstall Tcheck Ttotal Status Flags
r-devel-linux-x86_64-debian-clang 0.6 2.80 31.95 34.75 OK
r-devel-linux-x86_64-debian-gcc 0.6 2.28 28.84 31.12 OK
r-devel-linux-x86_64-fedora-clang 0.6 46.45 NOTE
r-devel-linux-x86_64-fedora-gcc 0.6 44.10 NOTE
r-devel-windows-ix86+x86_64 0.6 7.00 70.00 77.00 NOTE
r-patched-linux-x86_64 0.6 2.53 32.70 35.23 OK
r-patched-solaris-x86 0.6 72.30 NOTE
r-release-linux-x86_64 0.6 1.77 32.31 34.08 OK
r-release-windows-ix86+x86_64 0.6 10.00 65.00 75.00 NOTE
r-release-osx-x86_64 0.6 NOTE
r-oldrel-windows-ix86+x86_64 0.6 10.00 75.00 85.00 NOTE
r-oldrel-osx-x86_64 0.6 NOTE

Check Details

Version: 0.6
Check: installed package size
Result: NOTE
     installed size is 7.9Mb
     sub-directories of 1Mb or more:
     shp 7.8Mb
Flavors: r-devel-linux-x86_64-fedora-clang, r-devel-linux-x86_64-fedora-gcc, r-devel-windows-ix86+x86_64, r-patched-solaris-x86, r-release-windows-ix86+x86_64, r-release-osx-x86_64, r-oldrel-windows-ix86+x86_64, r-oldrel-osx-x86_64