CRAN Package Check Results for Package cshapes

Last updated on 2016-08-29 14:47:30.

Flavor Version Tinstall Tcheck Ttotal Status Flags
r-devel-linux-x86_64-debian-clang 0.5-1 1.53 18.75 20.28 NOTE
r-devel-linux-x86_64-debian-gcc 0.5-1 1.66 18.84 20.51 NOTE
r-devel-linux-x86_64-fedora-clang 0.5-1 35.63 NOTE
r-devel-linux-x86_64-fedora-gcc 0.5-1 34.65 NOTE
r-devel-osx-x86_64-clang 0.5-1 29.96 NOTE
r-devel-windows-ix86+x86_64 0.5-1 8.00 62.00 70.00 NOTE
r-patched-linux-x86_64 0.5-1 1.43 19.03 20.47 NOTE
r-patched-solaris-sparc 0.5-1 209.70 NOTE
r-patched-solaris-x86 0.5-1 47.00 NOTE
r-release-linux-x86_64 0.5-1 1.50 18.85 20.36 NOTE
r-release-osx-x86_64-mavericks 0.5-1 NOTE
r-release-windows-ix86+x86_64 0.5-1 14.00 63.00 77.00 NOTE
r-oldrel-windows-ix86+x86_64 0.5-1 10.00 63.00 73.00 NOTE

Check Details

Version: 0.5-1
Check: installed package size
Result: NOTE
     installed size is 5.3Mb
     sub-directories of 1Mb or more:
     shp 5.2Mb
Flavors: r-devel-linux-x86_64-debian-clang, r-devel-linux-x86_64-debian-gcc, r-devel-linux-x86_64-fedora-clang, r-devel-linux-x86_64-fedora-gcc, r-devel-osx-x86_64-clang, r-devel-windows-ix86+x86_64, r-patched-linux-x86_64, r-patched-solaris-sparc, r-patched-solaris-x86, r-release-linux-x86_64, r-release-osx-x86_64-mavericks, r-release-windows-ix86+x86_64, r-oldrel-windows-ix86+x86_64