CRAN Package Check Results for Package cshapes

Last updated on 2017-11-18 08:52:08.

Flavor Version Tinstall Tcheck Ttotal Status Flags
r-devel-linux-x86_64-debian-clang 0.6 1.91 23.00 24.91 OK
r-devel-linux-x86_64-debian-gcc 0.6 2.30 24.55 26.86 OK
r-devel-linux-x86_64-fedora-clang 0.6 42.38 NOTE
r-devel-linux-x86_64-fedora-gcc 0.6 45.53 NOTE
r-devel-windows-ix86+x86_64 0.6 11.00 75.00 86.00 NOTE
r-patched-linux-x86_64 0.6 2.07 22.63 24.70 OK
r-patched-solaris-x86 0.6 61.50 NOTE
r-release-linux-x86_64 0.6 1.84 22.07 23.90 OK
r-release-windows-ix86+x86_64 0.6 7.00 72.00 79.00 NOTE
r-release-osx-x86_64 0.6 NOTE
r-oldrel-windows-ix86+x86_64 0.6 8.00 74.00 82.00 NOTE
r-oldrel-osx-x86_64 0.6 NOTE

Check Details

Version: 0.6
Check: installed package size
Result: NOTE
     installed size is 7.9Mb
     sub-directories of 1Mb or more:
     shp 7.8Mb
Flavors: r-devel-linux-x86_64-fedora-clang, r-devel-linux-x86_64-fedora-gcc, r-devel-windows-ix86+x86_64, r-patched-solaris-x86, r-release-windows-ix86+x86_64, r-release-osx-x86_64, r-oldrel-windows-ix86+x86_64, r-oldrel-osx-x86_64