CRAN Package Check Results for Package cshapes

Last updated on 2014-10-31 17:49:08.

Flavor Version Tinstall Tcheck Ttotal Status Flags
r-devel-linux-x86_64-debian-clang 0.4-2 1.89 21.96 23.85 NOTE
r-devel-linux-x86_64-debian-gcc 0.4-2 1.70 22.30 24.00 NOTE
r-devel-linux-x86_64-fedora-clang 0.4-2 48.54 NOTE
r-devel-linux-x86_64-fedora-gcc 0.4-2 45.88 NOTE
r-devel-osx-x86_64-clang 0.4-2 46.61 NOTE
r-devel-windows-ix86+x86_64 0.4-2 7.00 37.00 44.00 NOTE
r-patched-linux-x86_64 0.4-2 2.47 22.36 24.82 NOTE
r-patched-solaris-sparc 0.4-2 290.00 NOTE
r-patched-solaris-x86 0.4-2 68.60 NOTE
r-release-linux-ix86 0.4-2 2.47 29.20 31.67 NOTE
r-release-linux-x86_64 0.4-2 1.80 22.20 23.99 NOTE
r-release-osx-x86_64-mavericks 0.4-2 NOTE
r-release-windows-ix86+x86_64 0.4-2 10.00 39.00 49.00 NOTE
r-oldrel-windows-ix86+x86_64 0.4-2 9.00 42.00 51.00 NOTE

Check Details

Version: 0.4-2
Check: installed package size
Result: NOTE
     installed size is 5.4Mb
     sub-directories of 1Mb or more:
     shp 5.3Mb
Flavors: r-devel-linux-x86_64-debian-clang, r-devel-linux-x86_64-debian-gcc, r-devel-linux-x86_64-fedora-clang, r-devel-linux-x86_64-fedora-gcc, r-devel-osx-x86_64-clang, r-devel-windows-ix86+x86_64, r-patched-linux-x86_64, r-patched-solaris-sparc, r-patched-solaris-x86, r-release-linux-ix86, r-release-linux-x86_64, r-release-osx-x86_64-mavericks, r-release-windows-ix86+x86_64, r-oldrel-windows-ix86+x86_64