CRAN Package Check Results for Package cshapes

Last updated on 2018-04-24 11:50:22 CEST.

Flavor Version Tinstall Tcheck Ttotal Status Flags
r-devel-linux-x86_64-debian-clang 0.6 2.42 33.11 35.53 OK
r-devel-linux-x86_64-debian-gcc 0.6 2.14 26.59 28.73 OK
r-devel-linux-x86_64-fedora-clang 0.6 42.29 NOTE
r-devel-linux-x86_64-fedora-gcc 0.6 40.09 NOTE
r-devel-windows-ix86+x86_64 0.6 11.00 61.00 72.00 NOTE
r-patched-linux-x86_64 0.6 2.35 32.53 34.88 OK
r-patched-solaris-x86 0.6 70.30 NOTE
r-release-linux-x86_64 0.6 2.45 32.93 35.38 OK
r-release-windows-ix86+x86_64 0.6 11.00 61.00 72.00 NOTE
r-release-osx-x86_64 0.6 NOTE
r-oldrel-windows-ix86+x86_64 0.6 8.00 125.00 133.00 NOTE
r-oldrel-osx-x86_64 0.6 NOTE

Check Details

Version: 0.6
Check: installed package size
Result: NOTE
     installed size is 7.9Mb
     sub-directories of 1Mb or more:
     shp 7.8Mb
Flavors: r-devel-linux-x86_64-fedora-clang, r-devel-linux-x86_64-fedora-gcc, r-devel-windows-ix86+x86_64, r-patched-solaris-x86, r-release-windows-ix86+x86_64, r-release-osx-x86_64, r-oldrel-windows-ix86+x86_64, r-oldrel-osx-x86_64