CRAN Package Check Results for Package cshapes

Last updated on 2015-01-30 09:54:16.

Flavor Version Tinstall Tcheck Ttotal Status Flags
r-devel-linux-x86_64-debian-clang 0.4-2 1.85 18.14 19.99 NOTE
r-devel-linux-x86_64-debian-gcc 0.4-2 1.94 18.24 20.18 NOTE
r-devel-linux-x86_64-fedora-clang 0.4-2 43.68 NOTE
r-devel-linux-x86_64-fedora-gcc 0.4-2 43.61 NOTE
r-devel-osx-x86_64-clang 0.4-2 47.48 NOTE
r-devel-windows-ix86+x86_64 0.4-2 8.00 31.00 39.00 NOTE
r-patched-linux-x86_64 0.4-2 1.78 22.14 23.92 NOTE
r-patched-solaris-sparc 0.4-2 295.60 NOTE
r-patched-solaris-x86 0.4-2 68.90 NOTE
r-release-linux-ix86 0.4-2 2.24 27.96 30.20 NOTE
r-release-linux-x86_64 0.4-2 1.78 21.85 23.63 NOTE
r-release-osx-x86_64-mavericks 0.4-2 NOTE
r-release-windows-ix86+x86_64 0.4-2 8.00 47.00 55.00 NOTE
r-oldrel-windows-ix86+x86_64 0.4-2 8.00 42.00 50.00 NOTE

Check Details

Version: 0.4-2
Check: installed package size
Result: NOTE
     installed size is 5.4Mb
     sub-directories of 1Mb or more:
     shp 5.3Mb
Flavors: r-devel-linux-x86_64-debian-clang, r-devel-linux-x86_64-debian-gcc, r-devel-linux-x86_64-fedora-clang, r-devel-linux-x86_64-fedora-gcc, r-devel-osx-x86_64-clang, r-devel-windows-ix86+x86_64, r-patched-linux-x86_64, r-patched-solaris-sparc, r-patched-solaris-x86, r-release-linux-ix86, r-release-linux-x86_64, r-release-osx-x86_64-mavericks, r-release-windows-ix86+x86_64, r-oldrel-windows-ix86+x86_64