CRAN Package Check Results for Package cshapes

Last updated on 2017-05-25 04:46:45.

Flavor Version Tinstall Tcheck Ttotal Status Flags
r-devel-linux-x86_64-debian-clang 0.6 1.90 22.79 24.69 OK
r-devel-linux-x86_64-debian-gcc 0.6 1.98 22.58 24.55 OK
r-devel-linux-x86_64-fedora-clang 0.6 41.14 NOTE --no-stop-on-test-error
r-devel-linux-x86_64-fedora-gcc 0.6 40.09 NOTE --no-stop-on-test-error
r-devel-windows-ix86+x86_64 0.6 8.00 57.00 65.00 NOTE
r-patched-linux-x86_64 0.6 1.80 22.00 23.79 OK
r-patched-solaris-sparc 0.6 252.70 NOTE
r-patched-solaris-x86 0.6 60.10 NOTE
r-release-linux-x86_64 0.6 1.88 22.29 24.17 OK
r-release-windows-ix86+x86_64 0.6 15.00 56.00 71.00 NOTE
r-release-osx-x86_64 0.6 NOTE
r-oldrel-windows-ix86+x86_64 0.6 9.00 69.00 78.00 NOTE
r-oldrel-osx-x86_64 0.6 NOTE

Check Details

Version: 0.6
Flags: --no-stop-on-test-error
Check: installed package size
Result: NOTE
     installed size is 7.9Mb
     sub-directories of 1Mb or more:
     shp 7.8Mb
Flavors: r-devel-linux-x86_64-fedora-clang, r-devel-linux-x86_64-fedora-gcc

Version: 0.6
Check: installed package size
Result: NOTE
     installed size is 7.8Mb
     sub-directories of 1Mb or more:
     shp 7.8Mb
Flavors: r-devel-windows-ix86+x86_64, r-patched-solaris-sparc, r-patched-solaris-x86, r-release-windows-ix86+x86_64, r-release-osx-x86_64, r-oldrel-windows-ix86+x86_64, r-oldrel-osx-x86_64