CRAN Package Check Results for Package cshapes

Last updated on 2018-01-17 01:48:35 CET.

Flavor Version Tinstall Tcheck Ttotal Status Flags
r-devel-linux-x86_64-debian-clang 0.6 2.68 34.05 36.73 OK
r-devel-linux-x86_64-debian-gcc 0.6 1.72 26.76 28.48 OK
r-devel-linux-x86_64-fedora-clang 0.6 38.81 NOTE
r-devel-linux-x86_64-fedora-gcc 0.6 40.61 NOTE
r-devel-windows-ix86+x86_64 0.6 10.00 77.00 87.00 NOTE
r-patched-linux-x86_64 0.6 2.75 34.31 37.06 OK
r-patched-solaris-x86 0.6 68.00 NOTE
r-release-linux-x86_64 0.6 2.45 34.04 36.49 OK
r-release-windows-ix86+x86_64 0.6 9.00 84.00 93.00 NOTE
r-release-osx-x86_64 0.6 NOTE
r-oldrel-windows-ix86+x86_64 0.6 9.00 53.00 62.00 NOTE
r-oldrel-osx-x86_64 0.6 NOTE

Check Details

Version: 0.6
Check: installed package size
Result: NOTE
     installed size is 7.9Mb
     sub-directories of 1Mb or more:
     shp 7.8Mb
Flavors: r-devel-linux-x86_64-fedora-clang, r-devel-linux-x86_64-fedora-gcc, r-devel-windows-ix86+x86_64, r-patched-solaris-x86, r-release-windows-ix86+x86_64, r-release-osx-x86_64, r-oldrel-windows-ix86+x86_64, r-oldrel-osx-x86_64