CRAN Package Check Results for Package cshapes

Last updated on 2014-09-22 21:47:02.

Flavor Version Tinstall Tcheck Ttotal Status Flags
r-devel-linux-x86_64-debian-clang 0.4-2 1.78 21.48 23.26 NOTE
r-devel-linux-x86_64-debian-gcc 0.4-2 1.66 20.80 22.47 NOTE
r-devel-linux-x86_64-fedora-clang 0.4-2 48.41 NOTE
r-devel-linux-x86_64-fedora-gcc 0.4-2 45.85 NOTE
r-devel-osx-x86_64-clang 0.4-2 45.28 NOTE
r-devel-windows-ix86+x86_64 0.4-2 7.00 36.00 43.00 NOTE
r-patched-linux-x86_64 0.4-2 2.00 22.07 24.08 NOTE
r-patched-solaris-sparc 0.4-2 290.00 NOTE
r-patched-solaris-x86 0.4-2 68.30 NOTE
r-release-linux-ix86 0.4-2 2.34 29.23 31.58 NOTE
r-release-linux-x86_64 0.4-2 1.94 23.21 25.15 NOTE
r-release-osx-x86_64-mavericks 0.4-2 NOTE
r-release-windows-ix86+x86_64 0.4-2 7.00 40.00 47.00 NOTE
r-oldrel-windows-ix86+x86_64 0.4-2 8.00 40.00 48.00 NOTE

Check Details

Version: 0.4-2
Check: installed package size
Result: NOTE
     installed size is 5.4Mb
     sub-directories of 1Mb or more:
     shp 5.3Mb
Flavors: r-devel-linux-x86_64-debian-clang, r-devel-linux-x86_64-debian-gcc, r-devel-linux-x86_64-fedora-clang, r-devel-linux-x86_64-fedora-gcc, r-devel-osx-x86_64-clang, r-devel-windows-ix86+x86_64, r-patched-linux-x86_64, r-patched-solaris-sparc, r-patched-solaris-x86, r-release-linux-ix86, r-release-linux-x86_64, r-release-osx-x86_64-mavericks, r-release-windows-ix86+x86_64, r-oldrel-windows-ix86+x86_64