CRAN Package Check Results for Package cshapes

Last updated on 2017-01-18 06:47:42.

Flavor Version Tinstall Tcheck Ttotal Status Flags
r-devel-linux-x86_64-debian-clang 0.6 1.97 22.45 24.42 OK
r-devel-linux-x86_64-debian-gcc 0.6 1.95 22.69 24.64 OK
r-devel-linux-x86_64-fedora-clang 0.6 40.47 NOTE --no-stop-on-test-error
r-devel-linux-x86_64-fedora-gcc 0.6 38.67 NOTE --no-stop-on-test-error
r-devel-macos-x86_64-clang 0.6 33.73 NOTE --no-stop-on-test-error
r-devel-windows-ix86+x86_64 0.6 11.00 55.00 66.00 NOTE
r-patched-linux-x86_64 0.6 2.00 19.45 21.44 OK
r-patched-solaris-sparc 0.6 225.60 NOTE
r-patched-solaris-x86 0.6 49.10 NOTE
r-release-linux-x86_64 0.6 1.84 19.19 21.03 OK
r-release-osx-x86_64-mavericks 0.6 NOTE
r-release-windows-ix86+x86_64 0.6 6.00 76.00 82.00 NOTE
r-oldrel-windows-ix86+x86_64 0.6 10.00 51.00 61.00 NOTE

Check Details

Version: 0.6
Flags: --no-stop-on-test-error
Check: installed package size
Result: NOTE
     installed size is 7.9Mb
     sub-directories of 1Mb or more:
     shp 7.8Mb
Flavors: r-devel-linux-x86_64-fedora-clang, r-devel-linux-x86_64-fedora-gcc, r-devel-macos-x86_64-clang

Version: 0.6
Check: installed package size
Result: NOTE
     installed size is 7.8Mb
     sub-directories of 1Mb or more:
     shp 7.8Mb
Flavors: r-devel-windows-ix86+x86_64, r-patched-solaris-sparc, r-patched-solaris-x86, r-release-osx-x86_64-mavericks, r-release-windows-ix86+x86_64, r-oldrel-windows-ix86+x86_64