CRAN Package Check Results for Package cshapes

Last updated on 2017-10-21 13:48:14.

Flavor Version Tinstall Tcheck Ttotal Status Flags
r-devel-linux-x86_64-debian-clang 0.6 2.08 22.66 24.74 OK
r-devel-linux-x86_64-debian-gcc 0.6 1.93 24.98 26.91 OK
r-devel-linux-x86_64-fedora-clang 0.6 44.85 NOTE
r-devel-linux-x86_64-fedora-gcc 0.6 44.41 NOTE
r-devel-windows-ix86+x86_64 0.6 7.00 52.00 59.00 NOTE
r-patched-linux-x86_64 0.6 1.92 22.49 24.40 OK
r-patched-solaris-x86 0.6 61.30 NOTE
r-release-linux-x86_64 0.6 1.96 22.76 24.72 OK
r-release-windows-ix86+x86_64 0.6 10.00 53.00 63.00 NOTE
r-release-osx-x86_64 0.6 NOTE
r-oldrel-windows-ix86+x86_64 0.6 7.00 69.00 76.00 NOTE
r-oldrel-osx-x86_64 0.6 NOTE

Check Details

Version: 0.6
Check: installed package size
Result: NOTE
     installed size is 7.9Mb
     sub-directories of 1Mb or more:
     shp 7.8Mb
Flavors: r-devel-linux-x86_64-fedora-clang, r-devel-linux-x86_64-fedora-gcc, r-devel-windows-ix86+x86_64, r-patched-solaris-x86, r-release-windows-ix86+x86_64, r-release-osx-x86_64, r-oldrel-windows-ix86+x86_64, r-oldrel-osx-x86_64