CRAN Package Check Results for Package cshapes

Last updated on 2017-03-24 06:48:04.

Flavor Version Tinstall Tcheck Ttotal Status Flags
r-devel-linux-x86_64-debian-clang 0.6 2.04 22.84 24.88 OK
r-devel-linux-x86_64-debian-gcc 0.6 1.80 22.07 23.87 OK
r-devel-linux-x86_64-fedora-clang 0.6 39.94 NOTE --no-stop-on-test-error
r-devel-linux-x86_64-fedora-gcc 0.6 39.74 NOTE --no-stop-on-test-error
r-devel-macos-x86_64-clang 0.6 34.24 NOTE --no-stop-on-test-error
r-devel-windows-ix86+x86_64 0.6 8.00 55.00 63.00 NOTE
r-patched-linux-x86_64 0.6 1.57 19.83 21.40 OK
r-patched-solaris-sparc 0.6 252.70 NOTE
r-patched-solaris-x86 0.6 59.50 NOTE
r-release-linux-x86_64 0.6 1.65 19.42 21.07 OK
r-release-osx-x86_64-mavericks 0.6 NOTE
r-release-windows-ix86+x86_64 0.6 10.00 47.00 57.00 NOTE
r-oldrel-windows-ix86+x86_64 0.6 11.00 68.00 79.00 NOTE

Check Details

Version: 0.6
Flags: --no-stop-on-test-error
Check: installed package size
Result: NOTE
     installed size is 7.9Mb
     sub-directories of 1Mb or more:
     shp 7.8Mb
Flavors: r-devel-linux-x86_64-fedora-clang, r-devel-linux-x86_64-fedora-gcc, r-devel-macos-x86_64-clang

Version: 0.6
Check: installed package size
Result: NOTE
     installed size is 7.8Mb
     sub-directories of 1Mb or more:
     shp 7.8Mb
Flavors: r-devel-windows-ix86+x86_64, r-patched-solaris-sparc, r-patched-solaris-x86, r-release-osx-x86_64-mavericks, r-release-windows-ix86+x86_64, r-oldrel-windows-ix86+x86_64