CRAN Package Check Results for Package cshapes

Last updated on 2016-12-08 12:47:55.

Flavor Version Tinstall Tcheck Ttotal Status Flags
r-devel-linux-x86_64-debian-clang 0.6 1.99 22.34 24.33 OK
r-devel-linux-x86_64-debian-gcc 0.6 2.10 21.80 23.90 OK
r-devel-linux-x86_64-fedora-clang 0.6 44.95 NOTE --no-stop-on-test-error
r-devel-linux-x86_64-fedora-gcc 0.6 41.46 NOTE --no-stop-on-test-error
r-devel-macos-x86_64-clang 0.6 35.08 NOTE --no-stop-on-test-error
r-devel-windows-ix86+x86_64 0.6 7.00 72.00 79.00 NOTE
r-patched-linux-x86_64 0.6 1.82 19.31 21.13 OK
r-patched-solaris-sparc 0.6 223.90 NOTE
r-patched-solaris-x86 0.6 51.70 NOTE
r-release-linux-x86_64 0.6 1.74 19.41 21.15 OK
r-release-osx-x86_64-mavericks 0.6 NOTE
r-release-windows-ix86+x86_64 0.6 8.00 47.00 55.00 NOTE
r-oldrel-windows-ix86+x86_64 0.6 10.00 48.00 58.00 NOTE

Check Details

Version: 0.6
Flags: --no-stop-on-test-error
Check: installed package size
Result: NOTE
     installed size is 7.9Mb
     sub-directories of 1Mb or more:
     shp 7.8Mb
Flavors: r-devel-linux-x86_64-fedora-clang, r-devel-linux-x86_64-fedora-gcc, r-devel-macos-x86_64-clang

Version: 0.6
Check: installed package size
Result: NOTE
     installed size is 7.8Mb
     sub-directories of 1Mb or more:
     shp 7.8Mb
Flavors: r-devel-windows-ix86+x86_64, r-patched-solaris-sparc, r-patched-solaris-x86, r-release-osx-x86_64-mavericks, r-release-windows-ix86+x86_64, r-oldrel-windows-ix86+x86_64