CRAN Package Check Results for Package cshapes

Last updated on 2015-09-01 06:47:58.

Flavor Version Tinstall Tcheck Ttotal Status Flags
r-devel-linux-x86_64-debian-clang 0.4-2 1.44 17.00 18.44 NOTE
r-devel-linux-x86_64-debian-gcc 0.4-2 1.72 17.39 19.11 NOTE
r-devel-linux-x86_64-fedora-clang 0.4-2 35.50 NOTE
r-devel-linux-x86_64-fedora-gcc 0.4-2 35.43 NOTE
r-devel-osx-x86_64-clang 0.4-2 34.20 NOTE
r-devel-windows-ix86+x86_64 0.4-2 8.00 56.00 64.00 NOTE
r-patched-linux-x86_64 0.4-2 1.48 18.11 19.59 NOTE
r-patched-solaris-sparc 0.4-2 240.60 NOTE
r-patched-solaris-x86 0.4-2 57.90 NOTE
r-release-linux-x86_64 0.4-2 1.55 18.13 19.68 NOTE
r-release-osx-x86_64-mavericks 0.4-2 NOTE
r-release-windows-ix86+x86_64 0.4-2 7.00 36.00 43.00 NOTE
r-oldrel-windows-ix86+x86_64 0.4-2 12.00 50.00 62.00 NOTE

Check Details

Version: 0.4-2
Check: installed package size
Result: NOTE
     installed size is 5.4Mb
     sub-directories of 1Mb or more:
     shp 5.3Mb
Flavors: r-devel-linux-x86_64-debian-clang, r-devel-linux-x86_64-debian-gcc, r-devel-linux-x86_64-fedora-clang, r-devel-linux-x86_64-fedora-gcc, r-devel-osx-x86_64-clang, r-devel-windows-ix86+x86_64, r-patched-linux-x86_64, r-patched-solaris-sparc, r-patched-solaris-x86, r-release-linux-x86_64, r-release-osx-x86_64-mavericks, r-release-windows-ix86+x86_64, r-oldrel-windows-ix86+x86_64