CRAN Package Check Results for Package cshapes

Last updated on 2014-07-31 03:48:31.

Flavor Version Tinstall Tcheck Ttotal Status Flags
r-devel-linux-x86_64-debian-clang 0.4-2 2.00 21.92 23.92 NOTE
r-devel-linux-x86_64-debian-gcc 0.4-2 2.00 21.36 23.36 NOTE
r-devel-linux-x86_64-fedora-clang 0.4-2 48.98 NOTE
r-devel-linux-x86_64-fedora-gcc 0.4-2 47.03 NOTE
r-devel-osx-x86_64-clang 0.4-2 45.23 NOTE
r-devel-windows-ix86+x86_64 0.4-2 7.00 36.00 43.00 NOTE
r-patched-linux-x86_64 0.4-2 1.77 21.71 23.48 NOTE
r-patched-solaris-sparc 0.4-2 290.00 NOTE
r-patched-solaris-x86 0.4-2 67.80 NOTE
r-release-linux-ix86 0.4-2 2.34 28.80 31.14 NOTE
r-release-linux-x86_64 0.4-2 1.81 22.01 23.82 NOTE
r-release-osx-x86_64-mavericks 0.4-2 NOTE
r-release-windows-ix86+x86_64 0.4-2 12.00 54.00 66.00 NOTE
r-oldrel-windows-ix86+x86_64 0.4-2 12.00 55.00 67.00 NOTE

Check Details

Version: 0.4-2
Check: installed package size
Result: NOTE
     installed size is 5.4Mb
     sub-directories of 1Mb or more:
     shp 5.3Mb
Flavors: r-devel-linux-x86_64-debian-clang, r-devel-linux-x86_64-debian-gcc, r-devel-linux-x86_64-fedora-clang, r-devel-linux-x86_64-fedora-gcc, r-devel-osx-x86_64-clang, r-devel-windows-ix86+x86_64, r-patched-linux-x86_64, r-patched-solaris-sparc, r-patched-solaris-x86, r-release-linux-ix86, r-release-linux-x86_64, r-release-osx-x86_64-mavericks, r-release-windows-ix86+x86_64, r-oldrel-windows-ix86+x86_64