CRAN Package Check Results for Package cshapes

Last updated on 2016-06-28 23:50:33.

Flavor Version Tinstall Tcheck Ttotal Status Flags
r-devel-linux-x86_64-debian-gcc 0.5-1 2.10 19.09 21.19 NOTE
r-devel-linux-x86_64-fedora-clang 0.5-1 34.89 NOTE
r-devel-linux-x86_64-fedora-gcc 0.5-1 33.59 NOTE
r-devel-osx-x86_64-clang 0.5-1 29.65 NOTE
r-devel-windows-ix86+x86_64 0.5-1 7.00 43.00 50.00 NOTE
r-patched-linux-x86_64 0.5-1 1.78 19.35 21.12 NOTE
r-patched-solaris-sparc 0.5-1 209.70 NOTE
r-patched-solaris-x86 0.5-1 47.90 NOTE
r-release-linux-x86_64 0.5-1 1.46 18.67 20.13 NOTE
r-release-osx-x86_64-mavericks 0.5-1 NOTE
r-release-windows-ix86+x86_64 0.5-1 8.00 59.00 67.00 NOTE
r-oldrel-windows-ix86+x86_64 0.5-1 9.00 41.00 50.00 NOTE

Check Details

Version: 0.5-1
Check: installed package size
Result: NOTE
     installed size is 5.3Mb
     sub-directories of 1Mb or more:
     shp 5.2Mb
Flavors: r-devel-linux-x86_64-debian-gcc, r-devel-linux-x86_64-fedora-clang, r-devel-linux-x86_64-fedora-gcc, r-devel-osx-x86_64-clang, r-devel-windows-ix86+x86_64, r-patched-linux-x86_64, r-patched-solaris-sparc, r-patched-solaris-x86, r-release-linux-x86_64, r-release-osx-x86_64-mavericks, r-release-windows-ix86+x86_64, r-oldrel-windows-ix86+x86_64