CRAN Package Check Results for Package cshapes

Last updated on 2017-07-28 04:46:58.

Flavor Version Tinstall Tcheck Ttotal Status Flags
r-devel-linux-x86_64-debian-clang 0.6 1.82 28.48 30.29 OK
r-devel-linux-x86_64-debian-gcc 0.6 1.90 27.83 29.73 OK
r-devel-linux-x86_64-fedora-clang 0.6 41.47 NOTE
r-devel-linux-x86_64-fedora-gcc 0.6 41.09 NOTE
r-devel-windows-ix86+x86_64 0.6 8.00 56.00 64.00 NOTE
r-patched-linux-x86_64 0.6 1.98 28.34 30.32 OK
r-patched-solaris-x86 0.6 61.60 NOTE
r-release-linux-x86_64 0.6 1.90 28.21 30.11 OK
r-release-windows-ix86+x86_64 0.6 10.00 74.00 84.00 NOTE
r-release-osx-x86_64 0.6 NOTE
r-oldrel-windows-ix86+x86_64 0.6 7.00 54.00 61.00 NOTE
r-oldrel-osx-x86_64 0.6 NOTE

Check Details

Version: 0.6
Check: installed package size
Result: NOTE
     installed size is 7.9Mb
     sub-directories of 1Mb or more:
     shp 7.8Mb
Flavors: r-devel-linux-x86_64-fedora-clang, r-devel-linux-x86_64-fedora-gcc, r-devel-windows-ix86+x86_64, r-patched-solaris-x86, r-release-windows-ix86+x86_64, r-release-osx-x86_64, r-oldrel-windows-ix86+x86_64, r-oldrel-osx-x86_64