CRAN Package Check Results for Package cshapes

Last updated on 2017-06-27 08:47:57.

Flavor Version Tinstall Tcheck Ttotal Status Flags
r-devel-linux-x86_64-debian-clang 0.6 1.84 22.61 24.45 OK
r-devel-linux-x86_64-debian-gcc 0.6 2.06 22.36 24.43 OK
r-devel-linux-x86_64-fedora-clang 0.6 41.07 NOTE
r-devel-linux-x86_64-fedora-gcc 0.6 40.52 NOTE
r-devel-windows-ix86+x86_64 0.6 10.00 54.00 64.00 NOTE
r-patched-linux-x86_64 0.6 1.87 21.99 23.86 OK
r-patched-solaris-sparc 0.6 252.70 NOTE
r-patched-solaris-x86 0.6 60.10 NOTE
r-release-linux-x86_64 0.6 1.98 22.14 24.12 OK
r-release-windows-ix86+x86_64 0.6 8.00 72.00 80.00 NOTE
r-release-osx-x86_64 0.6 NOTE
r-oldrel-windows-ix86+x86_64 0.6 8.00 72.00 80.00 NOTE
r-oldrel-osx-x86_64 0.6 NOTE

Check Details

Version: 0.6
Check: installed package size
Result: NOTE
     installed size is 7.9Mb
     sub-directories of 1Mb or more:
     shp 7.8Mb
Flavors: r-devel-linux-x86_64-fedora-clang, r-devel-linux-x86_64-fedora-gcc, r-devel-windows-ix86+x86_64, r-patched-solaris-sparc, r-patched-solaris-x86, r-release-windows-ix86+x86_64, r-release-osx-x86_64, r-oldrel-windows-ix86+x86_64, r-oldrel-osx-x86_64