CRAN Package Check Results for Package cshapes

Last updated on 2017-04-24 12:47:27.

Flavor Version Tinstall Tcheck Ttotal Status Flags
r-devel-linux-x86_64-debian-clang 0.6 1.98 22.32 24.30 OK
r-devel-linux-x86_64-debian-gcc 0.6 1.93 21.91 23.84 OK
r-devel-linux-x86_64-fedora-clang 0.6 40.74 NOTE --no-stop-on-test-error
r-devel-linux-x86_64-fedora-gcc 0.6 39.88 NOTE --no-stop-on-test-error
r-devel-windows-ix86+x86_64 0.6 11.00 78.00 89.00 NOTE
r-patched-linux-x86_64 0.6 1.86 22.07 23.93 OK
r-patched-solaris-sparc 0.6 252.70 NOTE
r-patched-solaris-x86 0.6 57.70 NOTE
r-release-linux-x86_64 0.6 1.82 22.15 23.97 OK
r-release-windows-ix86+x86_64 0.6 6.00 56.00 62.00 NOTE
r-release-osx-x86_64 0.6 NOTE
r-oldrel-windows-ix86+x86_64 0.6 6.00 51.00 57.00 NOTE
r-oldrel-osx-x86_64 0.6 NOTE

Check Details

Version: 0.6
Flags: --no-stop-on-test-error
Check: installed package size
Result: NOTE
     installed size is 7.9Mb
     sub-directories of 1Mb or more:
     shp 7.8Mb
Flavors: r-devel-linux-x86_64-fedora-clang, r-devel-linux-x86_64-fedora-gcc

Version: 0.6
Check: installed package size
Result: NOTE
     installed size is 7.8Mb
     sub-directories of 1Mb or more:
     shp 7.8Mb
Flavors: r-devel-windows-ix86+x86_64, r-patched-solaris-sparc, r-patched-solaris-x86, r-release-windows-ix86+x86_64, r-release-osx-x86_64, r-oldrel-windows-ix86+x86_64, r-oldrel-osx-x86_64