CRAN Package Check Results for Package cshapes

Last updated on 2014-04-24 07:52:25.

Flavor Version Tinstall Tcheck Ttotal Status Flags
r-devel-linux-x86_64-debian-clang 0.4-2 1.90 22.32 24.21 NOTE
r-devel-linux-x86_64-debian-gcc 0.4-2 2.08 22.55 24.64 NOTE
r-devel-linux-x86_64-fedora-clang 0.4-2 49.68 NOTE
r-devel-linux-x86_64-fedora-gcc 0.4-2 47.69 NOTE
r-devel-osx-x86_64-clang 0.4-2 45.60 NOTE
r-devel-osx-x86_64-gcc 0.4-2 ERROR
r-devel-windows-ix86+x86_64 0.4-2 8.00 37.00 45.00 NOTE
r-patched-linux-x86_64 0.4-2 1.84 22.77 24.62 NOTE
r-patched-solaris-sparc 0.4-2 277.90 NOTE
r-patched-solaris-x86 0.4-2 68.80 NOTE
r-release-linux-ix86 0.4-2 3.00 42.00 45.00 NOTE
r-release-linux-x86_64 0.4-2 1.90 22.42 24.32 NOTE
r-release-osx-x86_64-mavericks 0.4-2 ERROR
r-release-windows-ix86+x86_64 0.4-2 8.00 39.00 47.00 NOTE
r-oldrel-windows-ix86+x86_64 0.4-2 7.00 38.00 45.00 NOTE

Check Details

Version: 0.4-2
Check: installed package size
Result: NOTE
     installed size is 5.4Mb
     sub-directories of 1Mb or more:
     shp 5.3Mb
Flavors: r-devel-linux-x86_64-debian-clang, r-devel-linux-x86_64-debian-gcc, r-devel-linux-x86_64-fedora-clang, r-devel-linux-x86_64-fedora-gcc, r-devel-osx-x86_64-clang, r-devel-windows-ix86+x86_64, r-patched-linux-x86_64, r-patched-solaris-sparc, r-patched-solaris-x86, r-release-linux-ix86, r-release-linux-x86_64, r-release-windows-ix86+x86_64, r-oldrel-windows-ix86+x86_64

Version: 0.4-2
Check: package dependencies
Result: ERROR
    Package required but not available: ‘maptools’
    
    See the information on DESCRIPTION files in the chapter ‘Creating R
    packages’ of the ‘Writing R Extensions’ manual.
Flavors: r-devel-osx-x86_64-gcc, r-release-osx-x86_64-mavericks