CRAN Package Check Results for Package cshapes

Last updated on 2016-02-06 22:46:55.

Flavor Version Tinstall Tcheck Ttotal Status Flags
r-devel-linux-x86_64-debian-gcc 0.5-1 1.55 17.23 18.77 NOTE
r-devel-linux-x86_64-fedora-clang 0.5-1 34.47 NOTE
r-devel-linux-x86_64-fedora-gcc 0.5-1 33.27 NOTE
r-devel-osx-x86_64-clang 0.5-1 39.06 NOTE
r-devel-windows-ix86+x86_64 0.5-1 10.00 40.00 50.00 NOTE
r-patched-linux-x86_64 0.5-1 1.62 18.63 20.25 NOTE
r-patched-solaris-sparc 0.5-1 228.60 NOTE
r-patched-solaris-x86 0.5-1 51.30 NOTE
r-release-linux-x86_64 0.5-1 1.66 18.97 20.63 NOTE
r-release-osx-x86_64-mavericks 0.5-1 WARN
r-release-windows-ix86+x86_64 0.5-1 7.00 33.00 40.00 NOTE
r-oldrel-windows-ix86+x86_64 0.5-1 12.00 72.00 84.00 NOTE

Check Details

Version: 0.5-1
Check: installed package size
Result: NOTE
     installed size is 5.3Mb
     sub-directories of 1Mb or more:
     shp 5.2Mb
Flavors: r-devel-linux-x86_64-debian-gcc, r-devel-linux-x86_64-fedora-clang, r-devel-linux-x86_64-fedora-gcc, r-devel-osx-x86_64-clang, r-devel-windows-ix86+x86_64, r-patched-linux-x86_64, r-patched-solaris-sparc, r-patched-solaris-x86, r-release-linux-x86_64, r-release-osx-x86_64-mavericks, r-release-windows-ix86+x86_64, r-oldrel-windows-ix86+x86_64

Version: 0.5-1
Check: whether package can be installed
Result: WARN
    Found the following significant warnings:
     Warning: replacing previous import by ‘maptools::nowrapSpatialLines’ when loading ‘cshapes’
Flavor: r-release-osx-x86_64-mavericks