CRAN Package Check Results for Package cshapes

Last updated on 2016-09-26 08:49:13.

Flavor Version Tinstall Tcheck Ttotal Status Flags
r-devel-linux-x86_64-debian-clang 0.5-1 1.70 18.18 19.88 NOTE
r-devel-linux-x86_64-debian-gcc 0.5-1 1.70 17.93 19.63 NOTE
r-devel-linux-x86_64-fedora-clang 0.5-1 34.75 NOTE
r-devel-linux-x86_64-fedora-gcc 0.5-1 33.17 NOTE
r-devel-macos-x86_64-clang 0.5-1 28.98 NOTE
r-devel-windows-ix86+x86_64 0.5-1 10.00 67.00 77.00 NOTE
r-patched-linux-x86_64 0.5-1 1.54 18.65 20.19 NOTE
r-patched-solaris-sparc 0.5-1 209.70 NOTE
r-patched-solaris-x86 0.5-1 47.20 NOTE
r-release-linux-x86_64 0.5-1 1.73 18.48 20.21 NOTE
r-release-osx-x86_64-mavericks 0.5-1 NOTE
r-release-windows-ix86+x86_64 0.5-1 16.00 58.00 74.00 NOTE
r-oldrel-windows-ix86+x86_64 0.5-1 10.00 58.00 68.00 NOTE

Check Details

Version: 0.5-1
Check: installed package size
Result: NOTE
     installed size is 5.3Mb
     sub-directories of 1Mb or more:
     shp 5.2Mb
Flavors: r-devel-linux-x86_64-debian-clang, r-devel-linux-x86_64-debian-gcc, r-devel-linux-x86_64-fedora-clang, r-devel-linux-x86_64-fedora-gcc, r-devel-macos-x86_64-clang, r-devel-windows-ix86+x86_64, r-patched-linux-x86_64, r-patched-solaris-sparc, r-patched-solaris-x86, r-release-linux-x86_64, r-release-osx-x86_64-mavericks, r-release-windows-ix86+x86_64, r-oldrel-windows-ix86+x86_64