CRAN Package Check Results for Package cslogistic

Last updated on 2015-05-30 03:48:35.

Flavor Version Tinstall Tcheck Ttotal Status Flags
r-devel-linux-x86_64-debian-clang 0.1-3 1.68 14.11 15.79 NOTE
r-devel-linux-x86_64-debian-gcc 0.1-3 1.76 14.12 15.88 NOTE
r-devel-linux-x86_64-fedora-clang 0.1-3 27.76 NOTE
r-devel-linux-x86_64-fedora-gcc 0.1-3 26.45 NOTE
r-devel-osx-x86_64-clang 0.1-3 29.70 NOTE
r-devel-windows-ix86+x86_64 0.1-3 12.00 37.00 49.00 NOTE
r-patched-linux-x86_64 0.1-3 1.69 14.35 16.04 NOTE
r-patched-solaris-sparc 0.1-3 191.50 NOTE
r-patched-solaris-x86 0.1-3 39.00 NOTE
r-release-linux-x86_64 0.1-3 1.93 14.15 16.08 NOTE
r-release-osx-x86_64-mavericks 0.1-3 NOTE
r-release-osx-x86_64-snowleopard 0.1-3 NOTE
r-release-windows-ix86+x86_64 0.1-3 5.00 39.00 44.00 NOTE
r-oldrel-windows-ix86+x86_64 0.1-3 9.00 40.00 49.00 NOTE

Check Details

Version: 0.1-3
Check: top-level files
Result: NOTE
    File
     LICENSE
    is not mentioned in the DESCRIPTION file.
Flavors: r-devel-linux-x86_64-debian-clang, r-devel-linux-x86_64-debian-gcc, r-devel-linux-x86_64-fedora-clang, r-devel-linux-x86_64-fedora-gcc, r-devel-osx-x86_64-clang, r-devel-windows-ix86+x86_64, r-patched-linux-x86_64, r-patched-solaris-sparc, r-patched-solaris-x86, r-release-linux-x86_64, r-release-osx-x86_64-mavericks, r-release-osx-x86_64-snowleopard, r-release-windows-ix86+x86_64, r-oldrel-windows-ix86+x86_64