CRAN Package Check Results for Package cslogistic

Last updated on 2015-04-18 13:48:43.

Flavor Version Tinstall Tcheck Ttotal Status Flags
r-devel-linux-x86_64-debian-clang 0.1-3 1.74 14.34 16.07 NOTE
r-devel-linux-x86_64-debian-gcc 0.1-3 2.03 14.26 16.29 NOTE
r-devel-linux-x86_64-fedora-clang 0.1-3 27.80 NOTE
r-devel-linux-x86_64-fedora-gcc 0.1-3 27.02 NOTE
r-devel-osx-x86_64-clang 0.1-3 29.97 NOTE
r-patched-linux-x86_64 0.1-3 1.93 14.09 16.02 NOTE
r-patched-solaris-sparc 0.1-3 186.10 NOTE
r-patched-solaris-x86 0.1-3 38.50 NOTE
r-release-linux-x86_64 0.1-3 1.69 14.46 16.16 NOTE
r-release-osx-x86_64-mavericks 0.1-3 NOTE
r-release-windows-ix86+x86_64 0.1-3 9.00 40.00 49.00 NOTE
r-oldrel-windows-ix86+x86_64 0.1-3 7.00 38.00 45.00 NOTE

Check Details

Version: 0.1-3
Check: top-level files
Result: NOTE
    File
     LICENSE
    is not mentioned in the DESCRIPTION file.
Flavors: r-devel-linux-x86_64-debian-clang, r-devel-linux-x86_64-debian-gcc, r-devel-linux-x86_64-fedora-clang, r-devel-linux-x86_64-fedora-gcc, r-devel-osx-x86_64-clang, r-patched-linux-x86_64, r-patched-solaris-sparc, r-patched-solaris-x86, r-release-linux-x86_64, r-release-osx-x86_64-mavericks, r-release-windows-ix86+x86_64, r-oldrel-windows-ix86+x86_64