CRAN Package Check Results for Package cslogistic

Last updated on 2016-12-08 15:48:13.

Flavor Version Tinstall Tcheck Ttotal Status Flags
r-devel-linux-x86_64-debian-clang 0.1-3 1.96 21.99 23.95 WARN
r-devel-linux-x86_64-debian-gcc 0.1-3 1.80 21.78 23.58 WARN
r-devel-linux-x86_64-fedora-clang 0.1-3 38.83 WARN --no-stop-on-test-error
r-devel-linux-x86_64-fedora-gcc 0.1-3 36.27 WARN --no-stop-on-test-error
r-devel-macos-x86_64-clang 0.1-3 26.34 WARN
r-devel-windows-ix86+x86_64 0.1-3 17.00 62.00 79.00 WARN
r-patched-linux-x86_64 0.1-3 1.76 19.13 20.89 NOTE
r-patched-solaris-sparc 0.1-3 178.60 NOTE
r-patched-solaris-x86 0.1-3 36.90 NOTE
r-release-linux-x86_64 0.1-3 1.74 19.18 20.92 NOTE
r-release-osx-x86_64-mavericks 0.1-3 NOTE
r-release-windows-ix86+x86_64 0.1-3 10.00 47.00 57.00 NOTE
r-oldrel-windows-ix86+x86_64 0.1-3 7.00 45.00 52.00 NOTE

Check Details

Version: 0.1-3
Check: whether package can be installed
Result: WARN
    Found the following significant warnings:
     Warning: GNU Extension: Nonstandard type declaration REAL*8 at (1)
Flavors: r-devel-linux-x86_64-debian-clang, r-devel-linux-x86_64-debian-gcc, r-devel-macos-x86_64-clang, r-devel-windows-ix86+x86_64

Version: 0.1-3
Check: top-level files
Result: NOTE
    File
     LICENSE
    is not mentioned in the DESCRIPTION file.
Flavors: r-devel-linux-x86_64-debian-clang, r-devel-linux-x86_64-debian-gcc, r-devel-macos-x86_64-clang, r-devel-windows-ix86+x86_64, r-patched-linux-x86_64, r-patched-solaris-sparc, r-patched-solaris-x86, r-release-linux-x86_64, r-release-osx-x86_64-mavericks, r-release-windows-ix86+x86_64, r-oldrel-windows-ix86+x86_64

Version: 0.1-3
Check: R code for possible problems
Result: NOTE
    BayesCslogistic: no visible global function definition for
     ‘model.response’
    BayesCslogistic: no visible global function definition for
     ‘model.matrix’
    MleCslogistic: no visible global function definition for
     ‘model.response’
    MleCslogistic: no visible global function definition for ‘model.matrix’
    MleCslogistic: no visible global function definition for ‘optim’
    plot.BayesCslogistic: no visible global function definition for ‘is’
    plot.BayesCslogistic: no visible global function definition for ‘par’
    plot.BayesCslogistic: no visible global function definition for
     ‘density’
    print.BayesCslogistic: no visible global function definition for ‘coef’
    print.MleCslogistic: no visible global function definition for ‘coef’
    summary.BayesCslogistic: no visible global function definition for
     ‘var’
    summary.BayesCslogistic: no visible global function definition for
     ‘median’
    summary.MleCslogistic: no visible global function definition for
     ‘pnorm’
    summary.MleCslogistic: no visible global function definition for
     ‘qnorm’
    Undefined global functions or variables:
     coef density is median model.matrix model.response optim par pnorm
     qnorm var
    Consider adding
     importFrom("graphics", "par")
     importFrom("methods", "is")
     importFrom("stats", "coef", "density", "median", "model.matrix",
     "model.response", "optim", "pnorm", "qnorm", "var")
    to your NAMESPACE file (and ensure that your DESCRIPTION Imports field
    contains 'methods').
Flavors: r-devel-linux-x86_64-debian-clang, r-devel-linux-x86_64-debian-gcc, r-devel-macos-x86_64-clang, r-devel-windows-ix86+x86_64, r-patched-linux-x86_64, r-patched-solaris-sparc, r-patched-solaris-x86, r-release-linux-x86_64, r-release-osx-x86_64-mavericks, r-release-windows-ix86+x86_64

Version: 0.1-3
Flags: --no-stop-on-test-error
Check: whether package can be installed
Result: WARN
    Found the following significant warnings:
     Warning: GNU Extension: Nonstandard type declaration REAL*8 at (1)
Flavors: r-devel-linux-x86_64-fedora-clang, r-devel-linux-x86_64-fedora-gcc

Version: 0.1-3
Flags: --no-stop-on-test-error
Check: top-level files
Result: NOTE
    File
     LICENSE
    is not mentioned in the DESCRIPTION file.
Flavors: r-devel-linux-x86_64-fedora-clang, r-devel-linux-x86_64-fedora-gcc

Version: 0.1-3
Flags: --no-stop-on-test-error
Check: R code for possible problems
Result: NOTE
    BayesCslogistic: no visible global function definition for
     ‘model.response’
    BayesCslogistic: no visible global function definition for
     ‘model.matrix’
    MleCslogistic: no visible global function definition for
     ‘model.response’
    MleCslogistic: no visible global function definition for ‘model.matrix’
    MleCslogistic: no visible global function definition for ‘optim’
    plot.BayesCslogistic: no visible global function definition for ‘is’
    plot.BayesCslogistic: no visible global function definition for ‘par’
    plot.BayesCslogistic: no visible global function definition for
     ‘density’
    print.BayesCslogistic: no visible global function definition for ‘coef’
    print.MleCslogistic: no visible global function definition for ‘coef’
    summary.BayesCslogistic: no visible global function definition for
     ‘var’
    summary.BayesCslogistic: no visible global function definition for
     ‘median’
    summary.MleCslogistic: no visible global function definition for
     ‘pnorm’
    summary.MleCslogistic: no visible global function definition for
     ‘qnorm’
    Undefined global functions or variables:
     coef density is median model.matrix model.response optim par pnorm
     qnorm var
    Consider adding
     importFrom("graphics", "par")
     importFrom("methods", "is")
     importFrom("stats", "coef", "density", "median", "model.matrix",
     "model.response", "optim", "pnorm", "qnorm", "var")
    to your NAMESPACE file (and ensure that your DESCRIPTION Imports field
    contains 'methods').
Flavors: r-devel-linux-x86_64-fedora-clang, r-devel-linux-x86_64-fedora-gcc