CRAN Package Check Results for Package cslogistic

Last updated on 2014-09-20 19:47:15.

Flavor Version Tinstall Tcheck Ttotal Status Flags
r-devel-linux-x86_64-debian-clang 0.1-3 1.65 15.04 16.69 NOTE
r-devel-linux-x86_64-debian-gcc 0.1-3 1.64 15.28 16.92 NOTE
r-devel-linux-x86_64-fedora-clang 0.1-3 29.81 NOTE
r-devel-linux-x86_64-fedora-gcc 0.1-3 28.02 NOTE
r-devel-osx-x86_64-clang 0.1-3 31.42 NOTE
r-devel-windows-ix86+x86_64 0.1-3 7.00 35.00 42.00 NOTE
r-patched-linux-x86_64 0.1-3 1.66 15.49 17.15 NOTE
r-patched-solaris-sparc 0.1-3 200.70 NOTE
r-patched-solaris-x86 0.1-3 41.60 NOTE
r-release-linux-ix86 0.1-3 2.56 24.80 27.35 NOTE
r-release-linux-x86_64 0.1-3 1.71 15.43 17.14 NOTE
r-release-osx-x86_64-mavericks 0.1-3 NOTE
r-release-windows-ix86+x86_64 0.1-3 9.00 38.00 47.00 NOTE
r-oldrel-windows-ix86+x86_64 0.1-3 6.00 39.00 45.00 NOTE

Check Details

Version: 0.1-3
Check: top-level files
Result: NOTE
    File
     LICENSE
    is not mentioned in the DESCRIPTION file.
Flavors: r-devel-linux-x86_64-debian-clang, r-devel-linux-x86_64-debian-gcc, r-devel-linux-x86_64-fedora-clang, r-devel-linux-x86_64-fedora-gcc, r-devel-osx-x86_64-clang, r-devel-windows-ix86+x86_64, r-patched-linux-x86_64, r-patched-solaris-sparc, r-patched-solaris-x86, r-release-linux-ix86, r-release-linux-x86_64, r-release-osx-x86_64-mavericks, r-release-windows-ix86+x86_64, r-oldrel-windows-ix86+x86_64