CRAN Package Check Results for Package cslogistic

Last updated on 2014-12-21 01:46:56.

Flavor Version Tinstall Tcheck Ttotal Status Flags
r-devel-linux-x86_64-debian-clang 0.1-3 1.75 16.04 17.80 NOTE
r-devel-linux-x86_64-debian-gcc 0.1-3 1.70 15.55 17.25 NOTE
r-devel-linux-x86_64-fedora-clang 0.1-3 31.23 NOTE
r-devel-linux-x86_64-fedora-gcc 0.1-3 29.30 NOTE
r-devel-osx-x86_64-clang 0.1-3 31.27 NOTE
r-devel-windows-ix86+x86_64 0.1-3 7.00 38.00 45.00 NOTE
r-patched-linux-x86_64 0.1-3 1.78 15.28 17.06 NOTE
r-patched-solaris-sparc 0.1-3 200.70 NOTE
r-patched-solaris-x86 0.1-3 44.10 NOTE
r-release-linux-ix86 0.1-3 2.59 23.87 26.46 NOTE
r-release-linux-x86_64 0.1-3 1.86 15.36 17.21 NOTE
r-release-osx-x86_64-mavericks 0.1-3 NOTE
r-release-windows-ix86+x86_64 0.1-3 8.00 40.00 48.00 NOTE
r-oldrel-windows-ix86+x86_64 0.1-3 7.00 38.00 45.00 NOTE

Check Details

Version: 0.1-3
Check: top-level files
Result: NOTE
    File
     LICENSE
    is not mentioned in the DESCRIPTION file.
Flavors: r-devel-linux-x86_64-debian-clang, r-devel-linux-x86_64-debian-gcc, r-devel-linux-x86_64-fedora-clang, r-devel-linux-x86_64-fedora-gcc, r-devel-osx-x86_64-clang, r-devel-windows-ix86+x86_64, r-patched-linux-x86_64, r-patched-solaris-sparc, r-patched-solaris-x86, r-release-linux-ix86, r-release-linux-x86_64, r-release-osx-x86_64-mavericks, r-release-windows-ix86+x86_64, r-oldrel-windows-ix86+x86_64