CRAN Package Check Results for Package cslogistic

Last updated on 2014-07-25 10:51:56.

Flavor Version Tinstall Tcheck Ttotal Status Flags
r-devel-linux-x86_64-debian-clang 0.1-3 1.65 14.65 16.30 NOTE
r-devel-linux-x86_64-debian-gcc 0.1-3 1.64 14.63 16.27 NOTE
r-devel-linux-x86_64-fedora-clang 0.1-3 30.01 NOTE
r-devel-linux-x86_64-fedora-gcc 0.1-3 29.78 NOTE
r-devel-osx-x86_64-clang 0.1-3 30.02 NOTE
r-devel-windows-ix86+x86_64 0.1-3 7.00 38.00 45.00 NOTE
r-patched-linux-x86_64 0.1-3 1.66 15.02 16.68 NOTE
r-patched-solaris-sparc 0.1-3 185.60 NOTE
r-patched-solaris-x86 0.1-3 42.00 NOTE
r-release-linux-ix86 0.1-3 2.58 24.74 27.31 NOTE
r-release-linux-x86_64 0.1-3 1.90 15.24 17.13 NOTE
r-release-osx-x86_64-mavericks 0.1-3 NOTE
r-release-windows-ix86+x86_64 0.1-3 9.00 38.00 47.00 NOTE
r-oldrel-windows-ix86+x86_64 0.1-3 6.00 39.00 45.00 NOTE

Check Details

Version: 0.1-3
Check: top-level files
Result: NOTE
    File
     LICENSE
    is not mentioned in the DESCRIPTION file.
Flavors: r-devel-linux-x86_64-debian-clang, r-devel-linux-x86_64-debian-gcc, r-devel-linux-x86_64-fedora-clang, r-devel-linux-x86_64-fedora-gcc, r-devel-osx-x86_64-clang, r-devel-windows-ix86+x86_64, r-patched-linux-x86_64, r-patched-solaris-sparc, r-patched-solaris-x86, r-release-linux-ix86, r-release-linux-x86_64, r-release-osx-x86_64-mavericks, r-release-windows-ix86+x86_64, r-oldrel-windows-ix86+x86_64