CRAN Package Check Results for Package cslogistic

Last updated on 2014-04-17 21:47:46.

Flavor Version Tinstall Tcheck Ttotal Status Flags
r-devel-linux-x86_64-debian-clang 0.1-3 1.66 15.14 16.81 NOTE
r-devel-linux-x86_64-debian-gcc 0.1-3 1.65 15.60 17.26 NOTE
r-devel-linux-x86_64-fedora-clang 0.1-3 30.91 NOTE
r-devel-linux-x86_64-fedora-gcc 0.1-3 28.91 NOTE
r-devel-macosx-x86_64-clang 0.1-3 31.97 NOTE
r-devel-macosx-x86_64-gcc 0.1-3 NOTE
r-devel-windows-ix86+x86_64 0.1-3 7.00 46.00 53.00 NOTE
r-patched-linux-x86_64 0.1-3 1.67 15.52 17.18 NOTE
r-patched-solaris-sparc 0.1-3 185.60 NOTE
r-patched-solaris-x86 0.1-3 42.40 NOTE
r-release-linux-ix86 0.1-3 4.00 34.00 38.00 NOTE
r-release-linux-x86_64 0.1-3 1.66 15.66 17.32 NOTE
r-release-windows-ix86+x86_64 0.1-3 13.00 45.00 58.00 NOTE
r-oldrel-windows-ix86+x86_64 0.1-3 6.00 38.00 44.00 NOTE

Check Details

Version: 0.1-3
Check: top-level files
Result: NOTE
    File
     LICENSE
    is not mentioned in the DESCRIPTION file.
Flavors: r-devel-linux-x86_64-debian-clang, r-devel-linux-x86_64-debian-gcc, r-devel-linux-x86_64-fedora-clang, r-devel-linux-x86_64-fedora-gcc, r-devel-macosx-x86_64-clang, r-devel-macosx-x86_64-gcc, r-devel-windows-ix86+x86_64, r-patched-linux-x86_64, r-patched-solaris-sparc, r-patched-solaris-x86, r-release-linux-ix86, r-release-linux-x86_64, r-release-windows-ix86+x86_64, r-oldrel-windows-ix86+x86_64