CRAN Package Check Results for Package cslogistic

Last updated on 2015-03-05 02:47:35.

Flavor Version Tinstall Tcheck Ttotal Status Flags
r-devel-linux-x86_64-debian-clang 0.1-3 1.98 14.68 16.66 NOTE
r-devel-linux-x86_64-debian-gcc 0.1-3 2.03 14.45 16.48 NOTE
r-devel-linux-x86_64-fedora-clang 0.1-3 27.97 NOTE
r-devel-linux-x86_64-fedora-gcc 0.1-3 26.65 NOTE
r-devel-osx-x86_64-clang 0.1-3 29.67 NOTE
r-devel-windows-ix86+x86_64 0.1-3 8.00 39.00 47.00 NOTE
r-patched-linux-x86_64 0.1-3 1.74 16.02 17.76 NOTE
r-patched-solaris-sparc 0.1-3 201.90 NOTE
r-patched-solaris-x86 0.1-3 44.40 NOTE
r-release-linux-ix86 0.1-3 2.53 26.45 28.98 NOTE
r-release-linux-x86_64 0.1-3 1.78 15.22 17.00 NOTE
r-release-osx-x86_64-mavericks 0.1-3 NOTE
r-release-windows-ix86+x86_64 0.1-3 8.00 40.00 48.00 NOTE
r-oldrel-windows-ix86+x86_64 0.1-3 7.00 38.00 45.00 NOTE

Check Details

Version: 0.1-3
Check: top-level files
Result: NOTE
    File
     LICENSE
    is not mentioned in the DESCRIPTION file.
Flavors: r-devel-linux-x86_64-debian-clang, r-devel-linux-x86_64-debian-gcc, r-devel-linux-x86_64-fedora-clang, r-devel-linux-x86_64-fedora-gcc, r-devel-osx-x86_64-clang, r-devel-windows-ix86+x86_64, r-patched-linux-x86_64, r-patched-solaris-sparc, r-patched-solaris-x86, r-release-linux-ix86, r-release-linux-x86_64, r-release-osx-x86_64-mavericks, r-release-windows-ix86+x86_64, r-oldrel-windows-ix86+x86_64