CRAN Package Check Results for Package cslogistic

Last updated on 2014-11-28 19:51:15.

Flavor Version Tinstall Tcheck Ttotal Status Flags
r-devel-linux-x86_64-debian-clang 0.1-3 1.75 15.47 17.22 NOTE
r-devel-linux-x86_64-debian-gcc 0.1-3 1.74 15.80 17.54 NOTE
r-devel-linux-x86_64-fedora-clang 0.1-3 32.91 NOTE
r-devel-linux-x86_64-fedora-gcc 0.1-3 32.37 NOTE
r-devel-osx-x86_64-clang 0.1-3 31.20 NOTE
r-devel-windows-ix86+x86_64 0.1-3 6.00 40.00 46.00 NOTE
r-patched-linux-x86_64 0.1-3 1.72 15.28 17.00 NOTE
r-patched-solaris-sparc 0.1-3 200.70 NOTE
r-patched-solaris-x86 0.1-3 43.30 NOTE
r-release-linux-ix86 0.1-3 2.53 24.20 26.73 NOTE
r-release-linux-x86_64 0.1-3 1.74 15.44 17.18 NOTE
r-release-osx-x86_64-mavericks 0.1-3 NOTE
r-release-windows-ix86+x86_64 0.1-3 6.00 38.00 44.00 NOTE
r-oldrel-windows-ix86+x86_64 0.1-3 7.00 41.00 48.00 NOTE

Check Details

Version: 0.1-3
Check: top-level files
Result: NOTE
    File
     LICENSE
    is not mentioned in the DESCRIPTION file.
Flavors: r-devel-linux-x86_64-debian-clang, r-devel-linux-x86_64-debian-gcc, r-devel-linux-x86_64-fedora-clang, r-devel-linux-x86_64-fedora-gcc, r-devel-osx-x86_64-clang, r-devel-windows-ix86+x86_64, r-patched-linux-x86_64, r-patched-solaris-sparc, r-patched-solaris-x86, r-release-linux-ix86, r-release-linux-x86_64, r-release-osx-x86_64-mavericks, r-release-windows-ix86+x86_64, r-oldrel-windows-ix86+x86_64