CRAN Package Check Results for Package cslogistic

Last updated on 2015-07-02 06:48:02.

Flavor Version Tinstall Tcheck Ttotal Status Flags
r-devel-linux-x86_64-debian-clang 0.1-3 1.68 13.90 15.58 NOTE
r-devel-linux-x86_64-debian-gcc 0.1-3 1.65 14.08 15.73 NOTE
r-devel-linux-x86_64-fedora-clang 0.1-3 26.88 NOTE
r-devel-linux-x86_64-fedora-gcc 0.1-3 25.59 NOTE
r-devel-osx-x86_64-clang 0.1-3 25.82 NOTE
r-devel-windows-ix86+x86_64 0.1-3 18.00 37.00 55.00 NOTE
r-patched-linux-x86_64 0.1-3 1.73 14.54 16.27 NOTE
r-patched-solaris-sparc 0.1-3 191.50 NOTE
r-patched-solaris-x86 0.1-3 39.60 NOTE
r-release-linux-x86_64 0.1-3 1.66 14.85 16.51 NOTE
r-release-osx-x86_64-mavericks 0.1-3 NOTE
r-release-windows-ix86+x86_64 0.1-3 7.00 36.00 43.00 NOTE
r-oldrel-windows-ix86+x86_64 0.1-3 9.00 40.00 49.00 NOTE

Check Details

Version: 0.1-3
Check: top-level files
Result: NOTE
    File
     LICENSE
    is not mentioned in the DESCRIPTION file.
Flavors: r-devel-linux-x86_64-debian-clang, r-devel-linux-x86_64-debian-gcc, r-devel-linux-x86_64-fedora-clang, r-devel-linux-x86_64-fedora-gcc, r-devel-osx-x86_64-clang, r-devel-windows-ix86+x86_64, r-patched-linux-x86_64, r-patched-solaris-sparc, r-patched-solaris-x86, r-release-linux-x86_64, r-release-osx-x86_64-mavericks, r-release-windows-ix86+x86_64, r-oldrel-windows-ix86+x86_64

Version: 0.1-3
Check: R code for possible problems
Result: NOTE
    BayesCslogistic: no visible global function definition for
     ‘model.response’
    BayesCslogistic: no visible global function definition for
     ‘model.matrix’
    MleCslogistic: no visible global function definition for
     ‘model.response’
    MleCslogistic: no visible global function definition for ‘model.matrix’
    MleCslogistic: no visible global function definition for ‘optim’
    plot.BayesCslogistic: no visible global function definition for ‘is’
    plot.BayesCslogistic: no visible global function definition for ‘par’
    plot.BayesCslogistic: no visible global function definition for
     ‘density’
    print.BayesCslogistic: no visible global function definition for ‘coef’
    print.MleCslogistic: no visible global function definition for ‘coef’
    summary.BayesCslogistic: no visible global function definition for
     ‘var’
    summary.BayesCslogistic: no visible global function definition for
     ‘median’
    summary.MleCslogistic: no visible global function definition for
     ‘pnorm’
    summary.MleCslogistic: no visible global function definition for
     ‘qnorm’
Flavors: r-devel-linux-x86_64-debian-clang, r-devel-linux-x86_64-debian-gcc, r-devel-linux-x86_64-fedora-clang, r-devel-linux-x86_64-fedora-gcc