CRAN Package Check Results for Package cslogistic

Last updated on 2014-10-23 00:47:55.

Flavor Version Tinstall Tcheck Ttotal Status Flags
r-devel-linux-x86_64-debian-clang 0.1-3 1.79 15.32 17.10 NOTE
r-devel-linux-x86_64-debian-gcc 0.1-3 1.77 15.50 17.27 NOTE
r-devel-linux-x86_64-fedora-clang 0.1-3 26.58 NOTE
r-devel-linux-x86_64-fedora-gcc 0.1-3 29.30 NOTE
r-devel-osx-x86_64-clang 0.1-3 31.76 NOTE
r-devel-windows-ix86+x86_64 0.1-3 7.00 39.00 46.00 NOTE
r-patched-linux-x86_64 0.1-3 2.02 15.59 17.61 NOTE
r-patched-solaris-sparc 0.1-3 200.70 NOTE
r-patched-solaris-x86 0.1-3 43.90 NOTE
r-release-linux-ix86 0.1-3 2.54 24.87 27.41 NOTE
r-release-linux-x86_64 0.1-3 2.08 15.43 17.51 NOTE
r-release-osx-x86_64-mavericks 0.1-3 NOTE
r-release-windows-ix86+x86_64 0.1-3 9.00 38.00 47.00 NOTE
r-oldrel-windows-ix86+x86_64 0.1-3 6.00 39.00 45.00 NOTE

Check Details

Version: 0.1-3
Check: top-level files
Result: NOTE
    File
     LICENSE
    is not mentioned in the DESCRIPTION file.
Flavors: r-devel-linux-x86_64-debian-clang, r-devel-linux-x86_64-debian-gcc, r-devel-linux-x86_64-fedora-clang, r-devel-linux-x86_64-fedora-gcc, r-devel-osx-x86_64-clang, r-devel-windows-ix86+x86_64, r-patched-linux-x86_64, r-patched-solaris-sparc, r-patched-solaris-x86, r-release-linux-ix86, r-release-linux-x86_64, r-release-osx-x86_64-mavericks, r-release-windows-ix86+x86_64, r-oldrel-windows-ix86+x86_64