CRAN Package Check Results for Package cslogistic

Last updated on 2015-08-30 12:47:07.

Flavor Version Tinstall Tcheck Ttotal Status Flags
r-devel-linux-x86_64-debian-clang 0.1-3 1.61 14.20 15.82 NOTE
r-devel-linux-x86_64-debian-gcc 0.1-3 1.66 15.27 16.93 NOTE
r-devel-linux-x86_64-fedora-clang 0.1-3 27.90 NOTE
r-devel-linux-x86_64-fedora-gcc 0.1-3 26.99 NOTE
r-devel-osx-x86_64-clang 0.1-3 26.71 NOTE
r-devel-windows-ix86+x86_64 0.1-3 15.00 60.00 75.00 NOTE
r-patched-linux-x86_64 0.1-3 1.72 14.68 16.39 NOTE
r-patched-solaris-sparc 0.1-3 186.90 NOTE
r-patched-solaris-x86 0.1-3 42.60 NOTE
r-release-linux-x86_64 0.1-3 1.70 15.58 17.28 NOTE
r-release-osx-x86_64-mavericks 0.1-3 NOTE
r-release-windows-ix86+x86_64 0.1-3 7.00 56.00 63.00 NOTE
r-oldrel-windows-ix86+x86_64 0.1-3 12.00 42.00 54.00 NOTE

Check Details

Version: 0.1-3
Check: top-level files
Result: NOTE
    File
     LICENSE
    is not mentioned in the DESCRIPTION file.
Flavors: r-devel-linux-x86_64-debian-clang, r-devel-linux-x86_64-debian-gcc, r-devel-linux-x86_64-fedora-clang, r-devel-linux-x86_64-fedora-gcc, r-devel-osx-x86_64-clang, r-devel-windows-ix86+x86_64, r-patched-linux-x86_64, r-patched-solaris-sparc, r-patched-solaris-x86, r-release-linux-x86_64, r-release-osx-x86_64-mavericks, r-release-windows-ix86+x86_64, r-oldrel-windows-ix86+x86_64

Version: 0.1-3
Check: R code for possible problems
Result: NOTE
    BayesCslogistic: no visible global function definition for
     ‘model.response’
    BayesCslogistic: no visible global function definition for
     ‘model.matrix’
    MleCslogistic: no visible global function definition for
     ‘model.response’
    MleCslogistic: no visible global function definition for ‘model.matrix’
    MleCslogistic: no visible global function definition for ‘optim’
    plot.BayesCslogistic: no visible global function definition for ‘is’
    plot.BayesCslogistic: no visible global function definition for ‘par’
    plot.BayesCslogistic: no visible global function definition for
     ‘density’
    print.BayesCslogistic: no visible global function definition for ‘coef’
    print.MleCslogistic: no visible global function definition for ‘coef’
    summary.BayesCslogistic: no visible global function definition for
     ‘var’
    summary.BayesCslogistic: no visible global function definition for
     ‘median’
    summary.MleCslogistic: no visible global function definition for
     ‘pnorm’
    summary.MleCslogistic: no visible global function definition for
     ‘qnorm’
    Undefined global functions or variables:
     coef density is median model.matrix model.response optim par pnorm
     qnorm var
    Consider adding
     importFrom("graphics", "par")
     importFrom("methods", "is")
     importFrom("stats", "coef", "density", "median", "model.matrix",
     "model.response", "optim", "pnorm", "qnorm", "var")
    to your NAMESPACE (and ensure that your DESCRIPTION Imports field
    contains 'methods').
Flavors: r-devel-linux-x86_64-debian-clang, r-devel-linux-x86_64-debian-gcc, r-devel-linux-x86_64-fedora-clang, r-devel-linux-x86_64-fedora-gcc, r-devel-windows-ix86+x86_64