CRAN Package Check Results for Package cslogistic

Last updated on 2015-01-30 08:51:21.

Flavor Version Tinstall Tcheck Ttotal Status Flags
r-devel-linux-x86_64-debian-clang 0.1-3 1.72 14.14 15.86 NOTE
r-devel-linux-x86_64-debian-gcc 0.1-3 1.69 14.64 16.34 NOTE
r-devel-linux-x86_64-fedora-clang 0.1-3 30.17 NOTE
r-devel-linux-x86_64-fedora-gcc 0.1-3 29.27 NOTE
r-devel-osx-x86_64-clang 0.1-3 32.11 NOTE
r-devel-windows-ix86+x86_64 0.1-3 7.00 41.00 48.00 NOTE
r-patched-linux-x86_64 0.1-3 1.98 15.71 17.68 NOTE
r-patched-solaris-sparc 0.1-3 196.60 NOTE
r-patched-solaris-x86 0.1-3 44.60 NOTE
r-release-linux-ix86 0.1-3 2.54 23.99 26.53 NOTE
r-release-linux-x86_64 0.1-3 1.75 15.44 17.19 NOTE
r-release-osx-x86_64-mavericks 0.1-3 NOTE
r-release-windows-ix86+x86_64 0.1-3 8.00 40.00 48.00 NOTE
r-oldrel-windows-ix86+x86_64 0.1-3 7.00 38.00 45.00 NOTE

Check Details

Version: 0.1-3
Check: top-level files
Result: NOTE
    File
     LICENSE
    is not mentioned in the DESCRIPTION file.
Flavors: r-devel-linux-x86_64-debian-clang, r-devel-linux-x86_64-debian-gcc, r-devel-linux-x86_64-fedora-clang, r-devel-linux-x86_64-fedora-gcc, r-devel-osx-x86_64-clang, r-devel-windows-ix86+x86_64, r-patched-linux-x86_64, r-patched-solaris-sparc, r-patched-solaris-x86, r-release-linux-ix86, r-release-linux-x86_64, r-release-osx-x86_64-mavericks, r-release-windows-ix86+x86_64, r-oldrel-windows-ix86+x86_64