CRAN Package Check Results for Package csound

Last updated on 2014-04-23 20:47:10.

Flavor Version Tinstall Tcheck Ttotal Status Flags
r-devel-linux-x86_64-debian-clang 0.1-1 1.11 17.16 18.26 NOTE
r-devel-linux-x86_64-debian-gcc 0.1-1 1.12 17.50 18.62 NOTE
r-devel-linux-x86_64-fedora-clang 0.1-1 38.24 NOTE
r-devel-linux-x86_64-fedora-gcc 0.1-1 35.51 NOTE
r-devel-osx-x86_64-clang 0.1-1 52.67 NOTE
r-devel-osx-x86_64-gcc 0.1-1 NOTE
r-devel-windows-ix86+x86_64 0.1-1 22.00 150.00 172.00 NOTE
r-patched-linux-x86_64 0.1-1 1.09 17.53 18.62 NOTE
r-patched-solaris-sparc 0.1-1 229.00 NOTE
r-patched-solaris-x86 0.1-1 51.60 NOTE
r-release-linux-ix86 0.1-1 2.00 35.00 37.00 NOTE
r-release-linux-x86_64 0.1-1 1.13 17.79 18.92 NOTE
r-release-osx-x86_64-mavericks 0.1-1 WARN
r-release-osx-x86_64-snowleopard 0.1-1 NOTE
r-release-windows-ix86+x86_64 0.1-1 27.00 199.00 226.00 NOTE
r-oldrel-windows-ix86+x86_64 0.1-1 23.00 152.00 175.00 NOTE

Check Details

Version: 0.1-1
Check: R code for possible problems
Result: NOTE
    File ‘csound/R/aaa.R’:
     .onLoad calls:
     packageStartupMessage("Note: No valid csound library found automatically. You must have a valid Csound library to use this package; if you know the path to your Csound shared library, you can specify it using setCsoundLibrary.")
    
    See section ‘Good practice’ in '?.onAttach'.
    
    cleanupCrash: no visible binding for global variable ‘.lastInstance’
    finishPerformance: no visible binding for global variable
     ‘.lastInstance’
    
    Found the following assignments to the global environment:
    File ‘csound/R/createPerformance.R’:
     assign(".lastInstance", csinst, pos = ".GlobalEnv")
Flavors: r-devel-linux-x86_64-debian-clang, r-devel-linux-x86_64-debian-gcc, r-devel-linux-x86_64-fedora-clang, r-devel-osx-x86_64-clang, r-patched-linux-x86_64, r-release-linux-ix86, r-release-linux-x86_64

Version: 0.1-1
Check: R code for possible problems
Result: NOTE
    File ‘csound/R/aaa.R’:
     .onLoad calls:
     packageStartupMessage("Note: No valid csound library found automatically. You must have a valid Csound library to use this package; if you know the path to your Csound shared library, you can specify it using setCsoundLibrary.")
    
    See section ‘Good practice’ in '?.onAttach'.
    
    cleanupCrash: no visible binding for global variable ‘.lastInstance’
    finishPerformance: no visible binding for global variable
     ‘.lastInstance’
Flavors: r-devel-linux-x86_64-fedora-gcc, r-devel-osx-x86_64-gcc, r-devel-windows-ix86+x86_64, r-patched-solaris-sparc, r-patched-solaris-x86, r-release-osx-x86_64-mavericks, r-release-osx-x86_64-snowleopard, r-release-windows-ix86+x86_64, r-oldrel-windows-ix86+x86_64

Version: 0.1-1
Check: PDF version of manual
Result: WARNING
    LaTeX errors when creating PDF version.
    This typically indicates Rd problems.
    LaTeX errors found:
    ! LaTeX Error: File `upquote.sty' not found.
    
    Type X to quit or <RETURN> to proceed,
    or enter new name. (Default extension: sty)
    
    87f217c/Rd2.tex:8: ==> Fatal error occurred, no output PDF file produced!
Flavor: r-release-osx-x86_64-mavericks