CRAN Package Check Results for Package csound

Last updated on 2014-09-02 13:46:51.

Flavor Version Tinstall Tcheck Ttotal Status Flags
r-devel-linux-x86_64-debian-clang 0.1-1 1.03 17.09 18.12 NOTE
r-devel-linux-x86_64-debian-gcc 0.1-1 1.14 16.35 17.50 NOTE
r-devel-linux-x86_64-fedora-clang 0.1-1 38.40 NOTE
r-devel-linux-x86_64-fedora-gcc 0.1-1 34.74 NOTE
r-devel-osx-x86_64-clang 0.1-1 54.38 NOTE
r-devel-windows-ix86+x86_64 0.1-1 21.00 159.00 180.00 NOTE
r-patched-linux-x86_64 0.1-1 1.02 17.19 18.22 NOTE
r-patched-solaris-sparc 0.1-1 242.40 NOTE
r-patched-solaris-x86 0.1-1 53.10 NOTE
r-release-linux-ix86 0.1-1 1.54 24.64 26.18 NOTE
r-release-linux-x86_64 0.1-1 1.06 16.85 17.90 NOTE
r-release-osx-x86_64-mavericks 0.1-1 NOTE
r-release-osx-x86_64-snowleopard 0.1-1 NOTE
r-release-windows-ix86+x86_64 0.1-1 27.00 183.00 210.00 NOTE
r-oldrel-windows-ix86+x86_64 0.1-1 23.00 152.00 175.00 NOTE

Check Details

Version: 0.1-1
Check: R code for possible problems
Result: NOTE
    File ‘csound/R/aaa.R’:
     .onLoad calls:
     packageStartupMessage("Note: No valid csound library found automatically. You must have a valid Csound library to use this package; if you know the path to your Csound shared library, you can specify it using setCsoundLibrary.")
    
    See section ‘Good practice’ in '?.onAttach'.
    
    cleanupCrash: no visible binding for global variable ‘.lastInstance’
    finishPerformance: no visible binding for global variable
     ‘.lastInstance’
    
    Found the following assignments to the global environment:
    File ‘csound/R/createPerformance.R’:
     assign(".lastInstance", csinst, pos = ".GlobalEnv")
Flavors: r-devel-linux-x86_64-debian-clang, r-devel-linux-x86_64-debian-gcc, r-devel-linux-x86_64-fedora-clang, r-devel-osx-x86_64-clang, r-patched-linux-x86_64, r-release-linux-ix86, r-release-linux-x86_64

Version: 0.1-1
Check: R code for possible problems
Result: NOTE
    File ‘csound/R/aaa.R’:
     .onLoad calls:
     packageStartupMessage("Note: No valid csound library found automatically. You must have a valid Csound library to use this package; if you know the path to your Csound shared library, you can specify it using setCsoundLibrary.")
    
    See section ‘Good practice’ in '?.onAttach'.
    
    cleanupCrash: no visible binding for global variable ‘.lastInstance’
    finishPerformance: no visible binding for global variable
     ‘.lastInstance’
Flavors: r-devel-linux-x86_64-fedora-gcc, r-devel-windows-ix86+x86_64, r-patched-solaris-sparc, r-patched-solaris-x86, r-release-osx-x86_64-mavericks, r-release-osx-x86_64-snowleopard, r-release-windows-ix86+x86_64, r-oldrel-windows-ix86+x86_64