CRAN Package Check Results for Package csound

Last updated on 2014-07-23 08:49:45.

Flavor Version Tinstall Tcheck Ttotal Status Flags
r-devel-linux-x86_64-debian-clang 0.1-1 1.01 16.70 17.70 NOTE
r-devel-linux-x86_64-debian-gcc 0.1-1 1.03 16.63 17.66 NOTE
r-devel-linux-x86_64-fedora-clang 0.1-1 40.04 NOTE
r-devel-linux-x86_64-fedora-gcc 0.1-1 35.66 NOTE
r-devel-osx-x86_64-clang 0.1-1 56.23 NOTE
r-devel-windows-ix86+x86_64 0.1-1 23.00 163.00 186.00 NOTE
r-patched-linux-x86_64 0.1-1 1.00 17.28 18.28 NOTE
r-patched-solaris-sparc 0.1-1 229.00 NOTE
r-patched-solaris-x86 0.1-1 52.90 NOTE
r-release-linux-ix86 0.1-1 1.56 24.92 26.47 NOTE
r-release-linux-x86_64 0.1-1 1.13 17.22 18.36 NOTE
r-release-osx-x86_64-mavericks 0.1-1 NOTE
r-release-osx-x86_64-snowleopard 0.1-1 NOTE
r-release-windows-ix86+x86_64 0.1-1 27.00 183.00 210.00 NOTE
r-oldrel-windows-ix86+x86_64 0.1-1 23.00 152.00 175.00 NOTE

Check Details

Version: 0.1-1
Check: R code for possible problems
Result: NOTE
    File ‘csound/R/aaa.R’:
     .onLoad calls:
     packageStartupMessage("Note: No valid csound library found automatically. You must have a valid Csound library to use this package; if you know the path to your Csound shared library, you can specify it using setCsoundLibrary.")
    
    See section ‘Good practice’ in '?.onAttach'.
    
    cleanupCrash: no visible binding for global variable ‘.lastInstance’
    finishPerformance: no visible binding for global variable
     ‘.lastInstance’
    
    Found the following assignments to the global environment:
    File ‘csound/R/createPerformance.R’:
     assign(".lastInstance", csinst, pos = ".GlobalEnv")
Flavors: r-devel-linux-x86_64-debian-clang, r-devel-linux-x86_64-debian-gcc, r-devel-linux-x86_64-fedora-clang, r-devel-osx-x86_64-clang, r-patched-linux-x86_64, r-release-linux-ix86, r-release-linux-x86_64

Version: 0.1-1
Check: R code for possible problems
Result: NOTE
    File ‘csound/R/aaa.R’:
     .onLoad calls:
     packageStartupMessage("Note: No valid csound library found automatically. You must have a valid Csound library to use this package; if you know the path to your Csound shared library, you can specify it using setCsoundLibrary.")
    
    See section ‘Good practice’ in '?.onAttach'.
    
    cleanupCrash: no visible binding for global variable ‘.lastInstance’
    finishPerformance: no visible binding for global variable
     ‘.lastInstance’
Flavors: r-devel-linux-x86_64-fedora-gcc, r-devel-windows-ix86+x86_64, r-patched-solaris-sparc, r-patched-solaris-x86, r-release-osx-x86_64-mavericks, r-release-osx-x86_64-snowleopard, r-release-windows-ix86+x86_64, r-oldrel-windows-ix86+x86_64