CRAN Package Check Results for Package cts

Last updated on 2015-03-04 17:48:20.

Flavor Version Tinstall Tcheck Ttotal Status Flags
r-devel-linux-x86_64-debian-clang 1.0-19 6.41 22.36 28.76 NOTE
r-devel-linux-x86_64-debian-gcc 1.0-19 6.89 20.92 27.81 NOTE
r-devel-linux-x86_64-fedora-clang 1.0-19 48.07 NOTE
r-devel-linux-x86_64-fedora-gcc 1.0-19 46.56 NOTE
r-devel-osx-x86_64-clang 1.0-19 53.08 NOTE
r-devel-windows-ix86+x86_64 1.0-19 73.00 40.00 113.00 NOTE
r-patched-linux-x86_64 1.0-19 6.60 22.34 28.94 OK
r-patched-solaris-sparc 1.0-19 345.70 OK
r-patched-solaris-x86 1.0-19 89.60 OK
r-release-linux-ix86 1.0-19 10.31 34.45 44.76 OK
r-release-linux-x86_64 1.0-19 6.75 21.94 28.69 OK
r-release-osx-x86_64-mavericks 1.0-19 OK
r-release-osx-x86_64-snowleopard 1.0-19 OK
r-release-windows-ix86+x86_64 1.0-19 66.00 41.00 107.00 OK
r-oldrel-windows-ix86+x86_64 1.0-19 63.00 38.00 101.00 OK

Check Details

Version: 1.0-19
Check: DESCRIPTION meta-information
Result: NOTE
    Malformed Description field: should contain one or more complete sentences.
Flavors: r-devel-linux-x86_64-debian-clang, r-devel-linux-x86_64-debian-gcc, r-devel-linux-x86_64-fedora-clang, r-devel-linux-x86_64-fedora-gcc, r-devel-osx-x86_64-clang, r-devel-windows-ix86+x86_64