CRAN Package Check Results for Package cts

Last updated on 2017-04-26 03:48:04.

Flavor Version Tinstall Tcheck Ttotal Status Flags
r-devel-linux-x86_64-debian-clang 1.0-20 7.21 22.44 29.64 NOTE
r-devel-linux-x86_64-debian-gcc 1.0-20 7.24 21.78 29.02 NOTE
r-devel-linux-x86_64-fedora-clang 1.0-20 48.62 NOTE --no-stop-on-test-error
r-devel-linux-x86_64-fedora-gcc 1.0-20 47.58 NOTE --no-stop-on-test-error
r-devel-windows-ix86+x86_64 1.0-20 96.00 58.00 154.00 OK
r-patched-linux-x86_64 1.0-20 6.86 21.64 28.50 NOTE
r-patched-solaris-sparc 1.0-20 297.30 OK
r-patched-solaris-x86 1.0-20 68.10 OK
r-release-linux-x86_64 1.0-20 9.07 21.58 30.66 NOTE
r-release-windows-ix86+x86_64 1.0-20 69.00 51.00 120.00 OK
r-release-osx-x86_64 1.0-20 OK
r-oldrel-windows-ix86+x86_64 1.0-20 37.00 49.00 86.00 OK
r-oldrel-osx-x86_64 1.0-20 OK

Check Details

Version: 1.0-20
Check: compiled code
Result: NOTE
    File ‘cts/libs/cts.so’:
     Found no calls to: ‘R_registerRoutines’, ‘R_useDynamicSymbols’
    
    It is good practice to register native routines and to disable symbol
    search.
    
    See ‘Writing portable packages’ in the ‘Writing R Extensions’ manual.
Flavors: r-devel-linux-x86_64-debian-clang, r-devel-linux-x86_64-debian-gcc, r-patched-linux-x86_64, r-release-linux-x86_64

Version: 1.0-20
Flags: --no-stop-on-test-error
Check: compiled code
Result: NOTE
    File ‘cts/libs/cts.so’:
     Found no calls to: ‘R_registerRoutines’, ‘R_useDynamicSymbols’
    
    It is good practice to register native routines and to disable symbol
    search.
    
    See ‘Writing portable packages’ in the ‘Writing R Extensions’ manual.
Flavors: r-devel-linux-x86_64-fedora-clang, r-devel-linux-x86_64-fedora-gcc