CRAN Package Check Results for Package cts

Last updated on 2015-04-01 08:50:01.

Flavor Version Tinstall Tcheck Ttotal Status Flags
r-devel-linux-x86_64-debian-clang 1.0-19 6.80 21.27 28.07 NOTE
r-devel-linux-x86_64-debian-gcc 1.0-19 6.36 21.62 27.98 NOTE
r-devel-linux-x86_64-fedora-clang 1.0-19 48.02 NOTE
r-devel-linux-x86_64-fedora-gcc 1.0-19 47.96 NOTE
r-devel-osx-x86_64-clang 1.0-19 60.45 NOTE
r-prerel-windows-ix86+x86_64 1.0-19 90.00 39.00 129.00 NOTE
r-prerel-linux-x86_64 1.0-19 6.50 21.04 27.53 NOTE
r-prerel-solaris-sparc 1.0-19 329.00 NOTE
r-prerel-solaris-x86 1.0-19 86.80 NOTE
r-release-linux-x86_64 1.0-19 6.88 23.14 30.03 OK
r-release-osx-x86_64-mavericks 1.0-19 OK
r-release-osx-x86_64-snowleopard 1.0-19 OK
r-release-windows-ix86+x86_64 1.0-19 79.00 40.00 119.00 OK
r-oldrel-windows-ix86+x86_64 1.0-19 63.00 38.00 101.00 OK

Check Details

Version: 1.0-19
Check: DESCRIPTION meta-information
Result: NOTE
    Malformed Description field: should contain one or more complete sentences.
Flavors: r-devel-linux-x86_64-debian-clang, r-devel-linux-x86_64-debian-gcc, r-devel-linux-x86_64-fedora-clang, r-devel-linux-x86_64-fedora-gcc, r-devel-osx-x86_64-clang, r-prerel-windows-ix86+x86_64, r-prerel-linux-x86_64, r-prerel-solaris-sparc, r-prerel-solaris-x86