CRAN Package Check Results for Package cts

Last updated on 2017-03-25 06:47:40.

Flavor Version Tinstall Tcheck Ttotal Status Flags
r-devel-linux-x86_64-debian-clang 1.0-20 7.45 21.96 29.42 NOTE
r-devel-linux-x86_64-debian-gcc 1.0-20 7.41 22.61 30.02 NOTE
r-devel-linux-x86_64-fedora-clang 1.0-20 48.30 NOTE --no-stop-on-test-error
r-devel-linux-x86_64-fedora-gcc 1.0-20 47.67 NOTE --no-stop-on-test-error
r-devel-macos-x86_64-clang 1.0-20 41.79 NOTE --no-stop-on-test-error
r-devel-windows-ix86+x86_64 1.0-20 74.00 52.00 126.00 OK
r-patched-linux-x86_64 1.0-20 6.84 19.57 26.41 OK
r-patched-solaris-sparc 1.0-20 297.30 OK
r-patched-solaris-x86 1.0-20 69.40 OK
r-release-linux-x86_64 1.0-20 6.57 19.90 26.47 OK
r-release-osx-x86_64-mavericks 1.0-20 OK
r-release-windows-ix86+x86_64 1.0-20 37.00 49.00 86.00 OK
r-oldrel-windows-ix86+x86_64 1.0-20 66.00 53.00 119.00 OK

Check Details

Version: 1.0-20
Check: compiled code
Result: NOTE
    File ‘cts/libs/cts.so’:
     Found no calls to: ‘R_registerRoutines’, ‘R_useDynamicSymbols’
    
    It is good practice to register native routines and to disable symbol
    search.
    
    See ‘Writing portable packages’ in the ‘Writing R Extensions’ manual.
Flavors: r-devel-linux-x86_64-debian-clang, r-devel-linux-x86_64-debian-gcc

Version: 1.0-20
Flags: --no-stop-on-test-error
Check: compiled code
Result: NOTE
    File ‘cts/libs/cts.so’:
     Found no calls to: ‘R_registerRoutines’, ‘R_useDynamicSymbols’
    
    It is good practice to register native routines and to disable symbol
    search.
    
    See ‘Writing portable packages’ in the ‘Writing R Extensions’ manual.
Flavors: r-devel-linux-x86_64-fedora-clang, r-devel-linux-x86_64-fedora-gcc, r-devel-macos-x86_64-clang