CRAN Package Check Results for Package cts

Last updated on 2015-07-31 22:49:24.

Flavor Version Tinstall Tcheck Ttotal Status Flags
r-devel-linux-x86_64-debian-clang 1.0-19 6.30 20.77 27.07 NOTE
r-devel-linux-x86_64-debian-gcc 1.0-19 12.65 20.71 33.36 NOTE
r-devel-linux-x86_64-fedora-clang 1.0-19 47.42 NOTE
r-devel-linux-x86_64-fedora-gcc 1.0-19 45.73 NOTE
r-devel-osx-x86_64-clang 1.0-19 46.53 NOTE
r-devel-windows-ix86+x86_64 1.0-19 68.00 43.00 111.00 NOTE
r-patched-linux-x86_64 1.0-19 6.66 21.32 27.98 NOTE
r-patched-solaris-sparc 1.0-19 319.90 NOTE
r-patched-solaris-x86 1.0-19 79.80 NOTE
r-release-linux-x86_64 1.0-19 6.40 20.80 27.21 NOTE
r-release-osx-x86_64-mavericks 1.0-19 NOTE
r-release-windows-ix86+x86_64 1.0-19 64.00 39.00 103.00 NOTE
r-oldrel-windows-ix86+x86_64 1.0-19 79.00 40.00 119.00 OK

Check Details

Version: 1.0-19
Check: DESCRIPTION meta-information
Result: NOTE
    Malformed Description field: should contain one or more complete sentences.
Flavors: r-devel-linux-x86_64-debian-clang, r-devel-linux-x86_64-debian-gcc, r-devel-linux-x86_64-fedora-clang, r-devel-linux-x86_64-fedora-gcc, r-devel-osx-x86_64-clang, r-devel-windows-ix86+x86_64, r-patched-linux-x86_64, r-patched-solaris-sparc, r-patched-solaris-x86, r-release-linux-x86_64, r-release-osx-x86_64-mavericks, r-release-windows-ix86+x86_64

Version: 1.0-19
Check: R code for possible problems
Result: NOTE
    kalsmoComp: no visible binding for global variable ‘na.fail’
    kalsmoComp: no visible global function definition for ‘plot’
    plot.car: no visible global function definition for ‘plot’
    plot.predict.car: no visible global function definition for ‘plot’
    plot.predict.car: no visible global function definition for ‘points’
    plotSpecCar: no visible global function definition for ‘matplot’
    plotSpecCar: no visible global function definition for ‘title’
    plotSpecLs: no visible global function definition for ‘matplot’
    plotSpecLs: no visible global function definition for ‘lines’
    plotSpecLs: no visible global function definition for ‘title’
    spec.ci: no visible global function definition for ‘pchisq’
    spec.ci: no visible global function definition for ‘qchisq’
    spec.ls: no visible binding for global variable ‘na.fail’
    spec.ls: no visible global function definition for ‘as.ts’
    spec.ls: no visible global function definition for ‘frequency’
    spec.ls: no visible global function definition for ‘is.tskernel’
    spec.ls: no visible global function definition for ‘spec.taper’
    spec.ls: no visible global function definition for ‘nextn’
    spec.ls: no visible global function definition for ‘kernapply’
    spec.ls: no visible global function definition for ‘df.kernel’
    spec.ls: no visible global function definition for ‘bandwidth.kernel’
    spectrum.car: no visible binding for global variable ‘na.fail’
    tsdiag.car: no visible global function definition for ‘par’
    tsdiag.car: no visible global function definition for ‘plot’
    tsdiag.car: no visible global function definition for ‘abline’
    tsdiag.car: no visible global function definition for ‘acf’
    tsdiag.car: no visible binding for global variable ‘na.pass’
    tsdiag.car: no visible global function definition for ‘cpgram’
    tsdiag.car: no visible global function definition for ‘Box.test’
    Undefined global functions or variables:
     Box.test abline acf as.ts bandwidth.kernel cpgram df.kernel frequency
     is.tskernel kernapply lines matplot na.fail na.pass nextn par pchisq
     plot points qchisq spec.taper title
    Consider adding
     importFrom("graphics", "abline", "lines", "matplot", "par", "plot",
     "points", "title")
     importFrom("stats", "Box.test", "acf", "as.ts", "bandwidth.kernel",
     "cpgram", "df.kernel", "frequency", "is.tskernel",
     "kernapply", "na.fail", "na.pass", "nextn", "pchisq",
     "qchisq", "spec.taper")
    to your NAMESPACE.
Flavors: r-devel-linux-x86_64-debian-clang, r-devel-linux-x86_64-debian-gcc, r-devel-linux-x86_64-fedora-clang, r-devel-linux-x86_64-fedora-gcc, r-devel-windows-ix86+x86_64