CRAN Package Check Results for Package cts

Last updated on 2015-05-29 11:48:47.

Flavor Version Tinstall Tcheck Ttotal Status Flags
r-devel-linux-x86_64-debian-clang 1.0-19 6.74 21.08 27.82 NOTE
r-devel-linux-x86_64-debian-gcc 1.0-19 6.37 20.67 27.04 NOTE
r-devel-linux-x86_64-fedora-clang 1.0-19 48.59 NOTE
r-devel-linux-x86_64-fedora-gcc 1.0-19 45.83 NOTE
r-devel-osx-x86_64-clang 1.0-19 54.60 NOTE
r-devel-windows-ix86+x86_64 1.0-19 80.00 42.00 122.00 NOTE
r-patched-linux-x86_64 1.0-19 6.30 20.87 27.17 NOTE
r-patched-solaris-sparc 1.0-19 325.30 NOTE
r-patched-solaris-x86 1.0-19 79.70 NOTE
r-release-linux-x86_64 1.0-19 6.24 21.02 27.27 NOTE
r-release-osx-x86_64-mavericks 1.0-19 NOTE
r-release-osx-x86_64-snowleopard 1.0-19 NOTE
r-release-windows-ix86+x86_64 1.0-19 56.00 43.00 99.00 NOTE
r-oldrel-windows-ix86+x86_64 1.0-19 79.00 40.00 119.00 OK

Check Details

Version: 1.0-19
Check: DESCRIPTION meta-information
Result: NOTE
    Malformed Description field: should contain one or more complete sentences.
Flavors: r-devel-linux-x86_64-debian-clang, r-devel-linux-x86_64-debian-gcc, r-devel-linux-x86_64-fedora-clang, r-devel-linux-x86_64-fedora-gcc, r-devel-osx-x86_64-clang, r-devel-windows-ix86+x86_64, r-patched-linux-x86_64, r-patched-solaris-sparc, r-patched-solaris-x86, r-release-linux-x86_64, r-release-osx-x86_64-mavericks, r-release-osx-x86_64-snowleopard, r-release-windows-ix86+x86_64