CRAN Package Check Results for Package ctsem

Last updated on 2020-08-04 19:48:47 CEST.

Flavor Version Tinstall Tcheck Ttotal Status Flags
r-devel-linux-x86_64-debian-clang 3.3.8 605.10 3.91 609.01 ERROR --no-vignettes
r-devel-linux-x86_64-debian-gcc 3.3.8 579.10 194.07 773.17 NOTE --no-vignettes
r-devel-linux-x86_64-fedora-clang 3.3.8 1898.57 NOTE
r-devel-linux-x86_64-fedora-gcc 3.3.8 1530.01 NOTE
r-devel-windows-ix86+x86_64 3.3.8 791.00 383.00 1174.00 NOTE --no-vignettes
r-patched-linux-x86_64 3.3.8 0.02 3.95 3.97 ERROR --no-vignettes
r-patched-solaris-x86 3.3.8 1991.70 WARN
r-release-linux-x86_64 3.3.8 720.36 253.27 973.63 NOTE --no-vignettes
r-release-macos-x86_64 3.3.8 NOTE
r-release-windows-ix86+x86_64 3.3.8 786.00 508.00 1294.00 NOTE --no-vignettes
r-oldrel-macos-x86_64 3.3.8 NOTE
r-oldrel-windows-ix86+x86_64 3.3.8 462.00 455.00 917.00 NOTE --no-vignettes

Check Details

Version: 3.3.8
Flags: --no-vignettes
Check: whether package can be installed
Result: ERROR
    Installation failed.
Flavors: r-devel-linux-x86_64-debian-clang, r-patched-linux-x86_64

Version: 3.3.8
Flags: --no-vignettes
Check: for GNU extensions in Makefiles
Result: NOTE
    GNU make is a SystemRequirements.
Flavors: r-devel-linux-x86_64-debian-gcc, r-devel-windows-ix86+x86_64, r-release-linux-x86_64, r-release-windows-ix86+x86_64, r-oldrel-windows-ix86+x86_64

Version: 3.3.8
Check: installed package size
Result: NOTE
     installed size is 136.9Mb
     sub-directories of 1Mb or more:
     R 1.1Mb
     data 1.4Mb
     doc 1.0Mb
     libs 133.2Mb
Flavors: r-devel-linux-x86_64-fedora-clang, r-patched-solaris-x86, r-release-macos-x86_64, r-oldrel-macos-x86_64

Version: 3.3.8
Check: dependencies in R code
Result: NOTE
    Namespace in Imports field not imported from: ‘pkgbuild’
     All declared Imports should be used.
Flavors: r-devel-linux-x86_64-fedora-clang, r-devel-linux-x86_64-fedora-gcc, r-patched-solaris-x86, r-release-macos-x86_64, r-oldrel-macos-x86_64

Version: 3.3.8
Check: for GNU extensions in Makefiles
Result: NOTE
    GNU make is a SystemRequirements.
Flavors: r-devel-linux-x86_64-fedora-clang, r-devel-linux-x86_64-fedora-gcc, r-patched-solaris-x86, r-release-macos-x86_64, r-oldrel-macos-x86_64

Version: 3.3.8
Check: for detritus in the temp directory
Result: NOTE
    Found the following files/directories:
     ‘par-7269706c6579’
Flavors: r-devel-linux-x86_64-fedora-clang, r-devel-linux-x86_64-fedora-gcc

Version: 3.3.8
Flags: --no-vignettes
Check: installed package size
Result: NOTE
     installed size is 8.5Mb
     sub-directories of 1Mb or more:
     R 1.1Mb
     data 1.4Mb
     doc 1.0Mb
     libs 4.8Mb
Flavors: r-devel-windows-ix86+x86_64, r-release-windows-ix86+x86_64, r-oldrel-windows-ix86+x86_64

Version: 3.3.8
Check: re-building of vignette outputs
Result: WARN
    Error(s) in re-building vignettes:
     ...
    --- re-building ‘hierarchicalmanual.rnw’ using knitr
    System dimensions inferred from LAMBDA
    n.TDpred inferred inferred from TDpredNames
    n.TIpred inferred inferred from TIpredNames
    Custom par cint2 set as: param = cint2; transform = 10 * param; indvarying = TRUE; sdscale = 1; cint2 tipred effects from: TI1
    System dimensions inferred from manifestNames and latentNames
    n.TDpred inferred inferred from TDpredNames
    n.TIpred inferred inferred from TIpredNames
    LAMBDA vector spec input rowwise into 2 * 2 matrix:
    MANIFESTMEANS specified via single value -- filling 2 * 1 matrix:
    CINT vector spec input rowwise into 2 * 1 matrix:
    Custom par cint2 set as: param = cint2; transform = 10 * param; indvarying = TRUE; sdscale = 1; cint2 tipred effects from: TI1
    Free T0VAR parameters as well as indvarying T0MEANS -- fixing T0VAR pars to diag matrix of 1e-3
    Free T0VAR parameters as well as indvarying T0MEANS -- fixing T0VAR pars to diag matrix of 1e-3
    Maximum likelihood estimation requested
    Missingness in TIpreds - single imputing 1 NA's to allow optimization -- TI predictor effect estimates will be overly confident.
    Missingness in TDpreds! Replaced by zeroes...
    Using 2/16 logical CPU cores
    Doing 1st pass with priors on reduced data set
    Optimizing...
    Including TI predictors...
    Estimating Hessian
    Computing quantities for 1000 samples...
    Computing state estimates..
    Computing quantities for 1 samples...
    Computing temporal regression coefficients for 500 samples, may take a moment...
    Maximum a posteriori estimation requested
    Using 2/16 logical CPU cores
    Optimizing...
    Estimating Hessian
    Computing quantities for 10000 samples...
    Computing state estimates..
    Computing quantities for 1 samples...
    Computing state estimates..
    Computing quantities for 1 samples...
    Getting 100 samples by 20 subjects for 2000 total samples
    Calculating time independent predictor effects...
    Free T0VAR parameters as well as indvarying T0MEANS -- fixing T0VAR pars to diag matrix of 1e-3
    Free T0VAR parameters as well as indvarying T0MEANS -- fixing T0VAR pars to diag matrix of 1e-3
    Free T0VAR parameters as well as indvarying T0MEANS -- fixing T0VAR pars to diag matrix of 1e-3
    Free T0VAR parameters as well as indvarying T0MEANS -- fixing T0VAR pars to diag matrix of 1e-3
    Custom par ma1 set as: param = ma1; transform = log(1+(exp(param))); indvarying = FALSE; sdscale = 1;
    Custom par a21 set as: param = a21; transform = -log(1+exp(param)); indvarying = FALSE; sdscale = 1;
    Custom par m1 set as: param = m1; transform = param*10+44; indvarying = TRUE; sdscale = 1;
    Setting DRIFT diagonals of 0 to approximate 0 of -0.000001
    Bayesian estimation via Stan's NUTS sampler requested
    Individual variation not possible as only 1 subject! indvarying set to FALSE on all parameters
    Free T0VAR parameters fixed to diagonal matrix of 1 as only 1 subject - consider appropriateness!
    Sampling...
    Warning: Bulk Effective Samples Size (ESS) is too low, indicating posterior means and medians may be unreliable.
    Running the chains for more iterations may help. See
    http://mc-stan.org/misc/warnings.html#bulk-ess
    Warning: Tail Effective Samples Size (ESS) is too low, indicating posterior variances and tail quantiles may be unreliable.
    Running the chains for more iterations may help. See
    http://mc-stan.org/misc/warnings.html#tail-ess
    Computing state estimates..
    Computing quantities for 1 samples...
    Error: processing vignette 'hierarchicalmanual.rnw' failed with diagnostics:
    Running 'texi2dvi' on 'hierarchicalmanual.tex' failed.
    Messages:
    /usr/local/bin/texi2dvi: line 365: 13668 Killed "$@" 2>&5 1>&2
    /usr/local/bin/texi2dvi: biber failed
    --- failed re-building ‘hierarchicalmanual.rnw’
    
    SUMMARY: processing the following file failed:
     ‘hierarchicalmanual.rnw’
    
    Error: Vignette re-building failed.
    Execution halted
Flavor: r-patched-solaris-x86