CRAN Package Check Results for Package ctsem

Last updated on 2022-08-13 23:51:42 CEST.

Flavor Version Tinstall Tcheck Ttotal Status Flags
r-devel-linux-x86_64-debian-clang 3.7.1 1616.31 343.23 1959.54 NOTE
r-devel-linux-x86_64-debian-gcc 3.7.1 733.04 269.09 1002.13 NOTE
r-devel-linux-x86_64-fedora-clang 3.7.1 1716.68 NOTE
r-devel-linux-x86_64-fedora-gcc 3.7.1 979.38 NOTE
r-devel-windows-x86_64 3.7.1 539.00 356.00 895.00 NOTE --no-vignettes
r-patched-linux-x86_64 3.7.1 528.62 362.76 891.38 NOTE
r-release-linux-x86_64 3.7.1 700.80 347.87 1048.67 NOTE
r-release-macos-arm64 3.7.1 575.00 NOTE
r-release-macos-x86_64 3.7.1 864.00 NOTE
r-release-windows-x86_64 3.7.1 850.00 367.00 1217.00 NOTE --no-vignettes
r-oldrel-macos-arm64 3.7.1 553.00 NOTE
r-oldrel-macos-x86_64 3.7.1 923.00 NOTE
r-oldrel-windows-ix86+x86_64 3.7.1 661.00 262.00 923.00 NOTE --no-vignettes

Check Details

Version: 3.7.1
Check: for GNU extensions in Makefiles
Result: NOTE
    GNU make is a SystemRequirements.
Flavors: r-devel-linux-x86_64-debian-clang, r-devel-linux-x86_64-debian-gcc, r-devel-linux-x86_64-fedora-clang, r-devel-linux-x86_64-fedora-gcc, r-patched-linux-x86_64, r-release-linux-x86_64, r-release-macos-arm64, r-release-macos-x86_64, r-oldrel-macos-arm64, r-oldrel-macos-x86_64

Version: 3.7.1
Check: installed package size
Result: NOTE
     installed size is 14.0Mb
     sub-directories of 1Mb or more:
     R 1.2Mb
     data 1.6Mb
     libs 10.0Mb
Flavors: r-devel-linux-x86_64-fedora-clang, r-release-macos-arm64, r-release-macos-x86_64, r-oldrel-macos-arm64, r-oldrel-macos-x86_64

Version: 3.7.1
Check: for detritus in the temp directory
Result: NOTE
    Found the following files/directories:
     ‘par-7269706c6579’
Flavors: r-devel-linux-x86_64-fedora-clang, r-devel-linux-x86_64-fedora-gcc

Version: 3.7.1
Flags: --no-vignettes
Check: installed package size
Result: NOTE
     installed size is 9.9Mb
     sub-directories of 1Mb or more:
     R 1.2Mb
     data 1.6Mb
     libs 5.9Mb
Flavors: r-devel-windows-x86_64, r-release-windows-x86_64, r-oldrel-windows-ix86+x86_64

Version: 3.7.1
Flags: --no-vignettes
Check: for GNU extensions in Makefiles
Result: NOTE
    GNU make is a SystemRequirements.
Flavors: r-devel-windows-x86_64, r-release-windows-x86_64, r-oldrel-windows-ix86+x86_64