CRAN Package Check Results for Package ctsfeatures

Last updated on 2024-06-23 00:56:30 CEST.

Flavor Version Tinstall Tcheck Ttotal Status Flags
r-devel-linux-x86_64-debian-clang 1.2.2 5.55 61.97 67.52 OK
r-devel-linux-x86_64-debian-gcc 1.2.2 4.96 42.72 47.68 OK
r-devel-linux-x86_64-fedora-clang 1.2.2 83.53 NOTE
r-devel-linux-x86_64-fedora-gcc 1.2.2 84.92 NOTE
r-devel-windows-x86_64 1.2.2 7.00 66.00 73.00 OK
r-patched-linux-x86_64 1.2.2 7.16 58.26 65.42 OK
r-release-linux-x86_64 1.2.2 4.73 58.91 63.64 OK
r-release-macos-arm64 1.2.2 28.00 OK
r-release-macos-x86_64 1.2.2 37.00 OK
r-release-windows-x86_64 1.2.2 8.00 67.00 75.00 OK
r-oldrel-macos-arm64 1.2.2 30.00 OK
r-oldrel-macos-x86_64 1.2.2 48.00 OK
r-oldrel-windows-x86_64 1.2.2 8.00 76.00 84.00 OK

Check Details

Version: 1.2.2
Check: dependencies in R code
Result: NOTE Namespace in Imports field not imported from: ‘Rdpack’ All declared Imports should be used. Flavors: r-devel-linux-x86_64-fedora-clang, r-devel-linux-x86_64-fedora-gcc