CRAN Package Check Results for Package ctv

Last updated on 2015-03-26 23:47:39.

Flavor Version Tinstall Tcheck Ttotal Status Flags
r-devel-linux-x86_64-debian-clang 0.8-1 0.58 16.51 17.09 NOTE
r-devel-linux-x86_64-debian-gcc 0.8-1 0.69 16.60 17.29 NOTE
r-devel-linux-x86_64-fedora-clang 0.8-1 33.58 NOTE
r-devel-linux-x86_64-fedora-gcc 0.8-1 31.17 NOTE
r-devel-osx-x86_64-clang 0.8-1 41.80 NOTE
r-prerel-windows-ix86+x86_64 0.8-1 3.00 28.00 31.00 NOTE
r-prerel-linux-x86_64 0.8-1 0.58 16.61 17.19 NOTE
r-prerel-solaris-sparc 0.8-1 203.70 NOTE
r-prerel-solaris-x86 0.8-1 44.40 NOTE
r-release-linux-x86_64 0.8-1 0.64 19.84 20.48 OK
r-release-osx-x86_64-mavericks 0.8-1 OK
r-release-osx-x86_64-snowleopard 0.8-1 OK
r-release-windows-ix86+x86_64 0.8-1 3.00 34.00 37.00 OK
r-oldrel-windows-ix86+x86_64 0.8-1 3.00 29.00 32.00 OK

Check Details

Version: 0.8-1
Check: DESCRIPTION meta-information
Result: NOTE
    Malformed Description field: should contain one or more complete sentences.
Flavors: r-devel-linux-x86_64-debian-clang, r-devel-linux-x86_64-debian-gcc, r-devel-linux-x86_64-fedora-clang, r-devel-linux-x86_64-fedora-gcc, r-devel-osx-x86_64-clang, r-prerel-windows-ix86+x86_64, r-prerel-linux-x86_64, r-prerel-solaris-sparc, r-prerel-solaris-x86