CRAN Package Check Results for Package ctv

Last updated on 2015-07-02 06:48:02.

Flavor Version Tinstall Tcheck Ttotal Status Flags
r-devel-linux-x86_64-debian-clang 0.8-1 0.58 16.68 17.27 NOTE
r-devel-linux-x86_64-debian-gcc 0.8-1 0.55 15.62 16.18 NOTE
r-devel-linux-x86_64-fedora-clang 0.8-1 31.85 NOTE
r-devel-linux-x86_64-fedora-gcc 0.8-1 30.07 NOTE
r-devel-osx-x86_64-clang 0.8-1 33.90 NOTE
r-devel-windows-ix86+x86_64 0.8-1 3.00 26.00 29.00 NOTE
r-patched-linux-x86_64 0.8-1 0.58 16.18 16.76 NOTE
r-patched-solaris-sparc 0.8-1 204.40 NOTE
r-patched-solaris-x86 0.8-1 47.80 NOTE
r-release-linux-x86_64 0.8-1 0.57 16.31 16.88 NOTE
r-release-osx-x86_64-mavericks 0.8-1 NOTE
r-release-windows-ix86+x86_64 0.8-1 3.00 26.00 29.00 NOTE
r-oldrel-windows-ix86+x86_64 0.8-1 4.00 32.00 36.00 OK

Check Details

Version: 0.8-1
Check: DESCRIPTION meta-information
Result: NOTE
    Malformed Description field: should contain one or more complete sentences.
Flavors: r-devel-linux-x86_64-debian-clang, r-devel-linux-x86_64-debian-gcc, r-devel-linux-x86_64-fedora-clang, r-devel-linux-x86_64-fedora-gcc, r-devel-osx-x86_64-clang, r-devel-windows-ix86+x86_64, r-patched-linux-x86_64, r-patched-solaris-sparc, r-patched-solaris-x86, r-release-linux-x86_64, r-release-osx-x86_64-mavericks, r-release-windows-ix86+x86_64