CRAN Package Check Results for Package ctv

Last updated on 2015-05-29 09:46:58.

Flavor Version Tinstall Tcheck Ttotal Status Flags
r-devel-linux-x86_64-debian-clang 0.8-1 0.76 16.38 17.14 NOTE
r-devel-linux-x86_64-debian-gcc 0.8-1 0.62 16.76 17.38 NOTE
r-devel-linux-x86_64-fedora-clang 0.8-1 34.99 NOTE
r-devel-linux-x86_64-fedora-gcc 0.8-1 31.70 NOTE
r-devel-osx-x86_64-clang 0.8-1 38.99 NOTE
r-devel-windows-ix86+x86_64 0.8-1 6.00 29.00 35.00 NOTE
r-patched-linux-x86_64 0.8-1 0.62 16.36 16.98 NOTE
r-patched-solaris-sparc 0.8-1 204.40 NOTE
r-patched-solaris-x86 0.8-1 45.20 NOTE
r-release-linux-x86_64 0.8-1 0.62 16.90 17.52 NOTE
r-release-osx-x86_64-mavericks 0.8-1 NOTE
r-release-osx-x86_64-snowleopard 0.8-1 ERROR
r-release-windows-ix86+x86_64 0.8-1 3.00 29.00 32.00 NOTE
r-oldrel-windows-ix86+x86_64 0.8-1 3.00 34.00 37.00 OK

Check Details

Version: 0.8-1
Check: DESCRIPTION meta-information
Result: NOTE
    Malformed Description field: should contain one or more complete sentences.
Flavors: r-devel-linux-x86_64-debian-clang, r-devel-linux-x86_64-debian-gcc, r-devel-linux-x86_64-fedora-clang, r-devel-linux-x86_64-fedora-gcc, r-devel-osx-x86_64-clang, r-devel-windows-ix86+x86_64, r-patched-linux-x86_64, r-patched-solaris-sparc, r-patched-solaris-x86, r-release-linux-x86_64, r-release-osx-x86_64-mavericks, r-release-osx-x86_64-snowleopard, r-release-windows-ix86+x86_64

Version: 0.8-1
Check: package dependencies
Result: NOTE
    Package suggested but not available for checking: ‘XML’
Flavor: r-release-osx-x86_64-snowleopard

Version: 0.8-1
Check: examples
Result: ERROR
    Running examples in ‘ctv-Ex.R’ failed
    The error most likely occurred in:
    
    > ### Name: ctv-server
    > ### Title: CRAN Task Views: Tools for Maintainers
    > ### Aliases: read.ctv ctv2html check_ctv_packages repos_update_views
    > ### Keywords: utilities
    >
    > ### ** Examples
    >
    > ## read .ctv file
    > x <- read.ctv(system.file("ctv", "Econometrics.ctv", package = "ctv"))
    Error in loadNamespace(name) : there is no package called ‘XML’
    Calls: read.ctv ... tryCatch -> tryCatchList -> tryCatchOne -> <Anonymous>
    Execution halted
Flavor: r-release-osx-x86_64-snowleopard

Version: 0.8-1
Check: tests
Result: ERROR
    Running the tests in ‘tests/read-all.R’ failed.
    Last 13 lines of output:
     [33] "gR.ctv"
     >
     > rr <- sapply(ctvs,
     + function(ctv) {
     + cat(sprintf("%25s ",ctv))
     + R <- read.ctv(file.path(cdir, ctv))
     + cat("[ok]\n")
     + R
     + },
     + simplify=FALSE)
     Bayesian.ctv Error in loadNamespace(name) : there is no package called 'XML'
     Calls: sapply ... tryCatch -> tryCatchList -> tryCatchOne -> <Anonymous>
     Execution halted
Flavor: r-release-osx-x86_64-snowleopard

Version: 0.8-1
Check: running R code from vignettes
Result: WARN
    Errors in running code in vignettes:
    when running code in ‘ctv-howto.Rnw’
     ...
    
    > library("ctv")
    
    > x <- read.ctv(system.file("ctv", "Econometrics.ctv",
    + package = "ctv"))
    
     When sourcing ‘ctv-howto.R’:
    Error: there is no package called ‘XML’
    Execution halted
Flavor: r-release-osx-x86_64-snowleopard

Version: 0.8-1
Check: re-building of vignette outputs
Result: NOTE
    Error in re-building vignettes:
     ...
    
    Error: processing vignette 'ctv-howto.Rnw' failed with diagnostics:
     chunk 1
    Error in loadNamespace(name) : there is no package called ‘XML’
    Execution halted
Flavor: r-release-osx-x86_64-snowleopard