CRAN Package Check Results for Package ctv

Last updated on 2016-04-29 06:47:19.

Flavor Version Tinstall Tcheck Ttotal Status Flags
r-devel-linux-x86_64-debian-gcc 0.8-1 0.66 16.62 17.28 NOTE
r-devel-linux-x86_64-fedora-clang 0.8-1 28.69 NOTE
r-devel-linux-x86_64-fedora-gcc 0.8-1 26.89 NOTE
r-devel-osx-x86_64-clang 0.8-1 35.31 NOTE
r-devel-windows-ix86+x86_64 0.8-1 6.00 38.00 44.00 NOTE
r-patched-linux-x86_64 0.8-1 0.59 16.47 17.06 NOTE
r-patched-solaris-sparc 0.8-1 174.40 NOTE
r-patched-solaris-x86 0.8-1 36.00 NOTE
r-release-linux-x86_64 0.8-1 0.79 18.03 18.82 NOTE
r-release-osx-x86_64-mavericks 0.8-1 NOTE
r-release-windows-ix86+x86_64 0.8-1 2.00 37.00 39.00 NOTE
r-oldrel-windows-ix86+x86_64 0.8-1 4.00 39.00 43.00 OK

Check Details

Version: 0.8-1
Check: DESCRIPTION meta-information
Result: NOTE
    Malformed Description field: should contain one or more complete sentences.
Flavors: r-devel-linux-x86_64-debian-gcc, r-devel-linux-x86_64-fedora-clang, r-devel-linux-x86_64-fedora-gcc, r-devel-osx-x86_64-clang, r-devel-windows-ix86+x86_64, r-patched-linux-x86_64, r-patched-solaris-sparc, r-patched-solaris-x86, r-release-linux-x86_64, r-release-osx-x86_64-mavericks, r-release-windows-ix86+x86_64