CRAN Package Check Results for Package ctv

Last updated on 2015-09-04 05:46:43.

Flavor Version Tinstall Tcheck Ttotal Status Flags
r-devel-linux-x86_64-debian-clang 0.8-1 0.55 16.94 17.49 NOTE
r-devel-linux-x86_64-debian-gcc 0.8-1 0.53 15.73 16.26 NOTE
r-devel-linux-x86_64-fedora-clang 0.8-1 31.06 NOTE
r-devel-linux-x86_64-fedora-gcc 0.8-1 31.31 NOTE
r-devel-osx-x86_64-clang 0.8-1 32.15 NOTE
r-devel-windows-ix86+x86_64 0.8-1 2.00 49.00 51.00 NOTE
r-patched-linux-x86_64 0.8-1 0.71 16.31 17.02 NOTE
r-patched-solaris-sparc 0.8-1 207.60 NOTE
r-patched-solaris-x86 0.8-1 45.10 NOTE
r-release-linux-x86_64 0.8-1 0.59 16.35 16.94 NOTE
r-release-osx-x86_64-mavericks 0.8-1 NOTE
r-release-windows-ix86+x86_64 0.8-1 3.00 44.00 47.00 NOTE
r-oldrel-windows-ix86+x86_64 0.8-1 4.00 31.00 35.00 OK

Check Details

Version: 0.8-1
Check: DESCRIPTION meta-information
Result: NOTE
    Malformed Description field: should contain one or more complete sentences.
Flavors: r-devel-linux-x86_64-debian-clang, r-devel-linux-x86_64-debian-gcc, r-devel-linux-x86_64-fedora-clang, r-devel-linux-x86_64-fedora-gcc, r-devel-osx-x86_64-clang, r-devel-windows-ix86+x86_64, r-patched-linux-x86_64, r-patched-solaris-sparc, r-patched-solaris-x86, r-release-linux-x86_64, r-release-osx-x86_64-mavericks, r-release-windows-ix86+x86_64