CRAN Package Check Results for Package ctv

Last updated on 2014-07-23 22:46:59.

Flavor Version Tinstall Tcheck Ttotal Status Flags
r-devel-linux-x86_64-debian-clang 0.7-9 0.61 15.58 16.18 OK
r-devel-linux-x86_64-debian-gcc 0.7-9 0.73 15.32 16.05 OK
r-devel-linux-x86_64-fedora-clang 0.7-9 33.96 OK
r-devel-linux-x86_64-fedora-gcc 0.7-9 31.96 OK
r-devel-osx-x86_64-clang 0.7-9 33.94 OK
r-devel-windows-ix86+x86_64 0.7-9 3.00 25.00 28.00 OK
r-patched-linux-x86_64 0.7-9 0.59 15.57 16.16 OK
r-patched-solaris-sparc 0.7-9 190.60 OK
r-patched-solaris-x86 0.7-9 45.30 OK
r-release-linux-ix86 0.7-9 0.95 23.70 24.65 OK
r-release-linux-x86_64 0.7-9 0.63 16.06 16.68 OK
r-release-osx-x86_64-mavericks 0.7-9 NOTE
r-release-osx-x86_64-snowleopard 0.7-9 OK
r-release-windows-ix86+x86_64 0.7-9 4.00 28.00 32.00 OK
r-oldrel-windows-ix86+x86_64 0.7-9 2.00 26.00 28.00 OK

Check Details

Version: 0.7-9
Check: re-building of vignette outputs
Result: NOTE
    Error in re-building vignettes:
     ...
    Loading required package: XML
    
    Attaching package: ‘XML’
    
    The following object is masked from ‘package:tools’:
    
     toHTML
    
    Error in texi2dvi(file = file, pdf = TRUE, clean = clean, quiet = quiet, :
     Running 'texi2dvi' on 'ctv-howto.tex' failed.
    LaTeX errors:
    ! LaTeX Error: File `a4wide.sty' not found.
    
    Type X to quit or <RETURN> to proceed,
    or enter new name. (Default extension: sty)
    
    t/ctv/vignettes/ctv-howto.tex:3: ==> Fatal error occurred, no output PDF file
    produced!
    Calls: buildVignettes -> texi2pdf -> texi2dvi
    Execution halted
Flavor: r-release-osx-x86_64-mavericks