CRAN Package Check Results for Package ctv

Last updated on 2014-04-17 10:47:46.

Flavor Version Tinstall Tcheck Ttotal Status Flags
r-devel-linux-x86_64-debian-clang 0.7-9 0.62 16.72 17.34 OK
r-devel-linux-x86_64-debian-gcc 0.7-9 0.63 16.55 17.18 OK
r-devel-linux-x86_64-fedora-clang 0.7-9 35.27 OK
r-devel-linux-x86_64-fedora-gcc 0.7-9 32.92 OK
r-devel-macosx-x86_64-clang 0.7-9 36.36 OK
r-devel-macosx-x86_64-gcc 0.7-9 ERROR
r-devel-windows-ix86+x86_64 0.7-9 3.00 36.00 39.00 OK
r-patched-linux-x86_64 0.7-9 0.63 16.49 17.12 OK
r-patched-solaris-sparc 0.7-9 190.60 OK
r-patched-solaris-x86 0.7-9 45.70 OK
r-release-linux-ix86 0.7-9 1.00 35.00 36.00 OK
r-release-linux-x86_64 0.7-9 0.64 16.95 17.59 OK
r-release-macosx-x86_64 0.7-9 OK
r-release-windows-ix86+x86_64 0.7-9 5.00 34.00 39.00 OK
r-oldrel-windows-ix86+x86_64 0.7-9 2.00 26.00 28.00 OK

Check Details

Version: 0.7-9
Check: package dependencies
Result: NOTE
    Package suggested but not available for checking: ‘XML’
Flavor: r-devel-macosx-x86_64-gcc

Version: 0.7-9
Check: R code for possible problems
Result: NOTE
    check_ctv_packages: no visible global function definition for
     ‘getNodeSet’
    check_ctv_packages: no visible global function definition for
     ‘xmlTreeParse’
    check_ctv_packages: no visible binding for global variable ‘xmlValue’
    read.ctv: no visible global function definition for ‘xmlTreeParse’
    read.ctv: no visible global function definition for ‘xmlSize’
    read.ctv: no visible global function definition for ‘xmlChildren’
    read.ctv : xmlPaste: no visible global function definition for
     ‘xmlName’
    read.ctv : xmlPaste: no visible global function definition for
     ‘xmlValue’
    read.ctv : xmlPaste: no visible global function definition for
     ‘xmlAttrs’
    read.ctv : xmlPaste: no visible global function definition for
     ‘xmlChildren’
    read.ctv : name: no visible global function definition for ‘xmlValue’
    read.ctv : topic: no visible global function definition for ‘xmlValue’
    read.ctv : maintainer: no visible global function definition for
     ‘xmlValue’
    read.ctv : email: no visible global function definition for ‘xmlAttrs’
    read.ctv : ctvversion: no visible global function definition for
     ‘xmlValue’
    read.ctv : package1: no visible global function definition for
     ‘xmlAttrs’
    read.ctv : package1: no visible global function definition for
     ‘xmlValue’
    read.ctv : packagelist: no visible global function definition for
     ‘xmlChildren’
    read.ctv : links: no visible global function definition for ‘xmlSApply’
Flavor: r-devel-macosx-x86_64-gcc

Version: 0.7-9
Check: examples
Result: ERROR
    Running examples in ‘ctv-Ex.R’ failed
    The error most likely occurred in:
    
    > ### Name: ctv-server
    > ### Title: CRAN Task Views: Tools for Maintainers
    > ### Aliases: read.ctv ctv2html check_ctv_packages repos_update_views
    > ### Keywords: utilities
    >
    > ### ** Examples
    >
    > ## read .ctv file
    > x <- read.ctv(system.file("ctv", "Econometrics.ctv", package = "ctv"))
    Loading required package: XML
    Warning in library(package, lib.loc = lib.loc, character.only = TRUE, logical.return = TRUE, :
     there is no package called ‘XML’
    Error: require("XML") is not TRUE
    Execution halted
Flavor: r-devel-macosx-x86_64-gcc