CRAN Package Check Results for Package ctv

Last updated on 2016-05-27 11:50:04.

Flavor Version Tinstall Tcheck Ttotal Status Flags
r-devel-linux-x86_64-debian-gcc 0.8-1 0.64 16.42 17.06 NOTE
r-devel-linux-x86_64-fedora-clang 0.8-1 30.93 NOTE
r-devel-linux-x86_64-fedora-gcc 0.8-1 27.27 NOTE
r-devel-osx-x86_64-clang 0.8-1 36.51 NOTE
r-devel-windows-ix86+x86_64 0.8-1 6.00 37.00 43.00 NOTE
r-patched-linux-x86_64 0.8-1 0.60 16.00 16.60 NOTE
r-patched-solaris-sparc 0.8-1 172.00 NOTE
r-patched-solaris-x86 0.8-1 36.40 NOTE
r-release-linux-x86_64 0.8-1 0.58 15.85 16.43 NOTE
r-release-osx-x86_64-mavericks 0.8-1 NOTE
r-release-windows-ix86+x86_64 0.8-1 5.00 48.00 53.00 NOTE
r-oldrel-windows-ix86+x86_64 0.8-1 2.00 37.00 39.00 NOTE

Check Details

Version: 0.8-1
Check: DESCRIPTION meta-information
Result: NOTE
    Malformed Description field: should contain one or more complete sentences.
Flavors: r-devel-linux-x86_64-debian-gcc, r-devel-linux-x86_64-fedora-clang, r-devel-linux-x86_64-fedora-gcc, r-devel-osx-x86_64-clang, r-devel-windows-ix86+x86_64, r-patched-linux-x86_64, r-patched-solaris-sparc, r-patched-solaris-x86, r-release-linux-x86_64, r-release-osx-x86_64-mavericks, r-release-windows-ix86+x86_64, r-oldrel-windows-ix86+x86_64