CRAN Package Check Results for Package ctv

Last updated on 2016-02-07 10:47:44.

Flavor Version Tinstall Tcheck Ttotal Status Flags
r-devel-linux-x86_64-debian-gcc 0.8-1 0.68 14.59 15.27 NOTE
r-devel-linux-x86_64-fedora-clang 0.8-1 29.31 NOTE
r-devel-linux-x86_64-fedora-gcc 0.8-1 27.28 NOTE
r-devel-osx-x86_64-clang 0.8-1 34.42 NOTE
r-devel-windows-ix86+x86_64 0.8-1 4.00 45.00 49.00 NOTE
r-patched-linux-x86_64 0.8-1 0.70 16.13 16.83 NOTE
r-patched-solaris-sparc 0.8-1 192.20 NOTE
r-patched-solaris-x86 0.8-1 39.70 NOTE
r-release-linux-x86_64 0.8-1 0.62 16.33 16.95 NOTE
r-release-osx-x86_64-mavericks 0.8-1 NOTE
r-release-windows-ix86+x86_64 0.8-1 3.00 29.00 32.00 NOTE
r-oldrel-windows-ix86+x86_64 0.8-1 4.00 31.00 35.00 OK

Check Details

Version: 0.8-1
Check: DESCRIPTION meta-information
Result: NOTE
    Malformed Description field: should contain one or more complete sentences.
Flavors: r-devel-linux-x86_64-debian-gcc, r-devel-linux-x86_64-fedora-clang, r-devel-linux-x86_64-fedora-gcc, r-devel-osx-x86_64-clang, r-devel-windows-ix86+x86_64, r-patched-linux-x86_64, r-patched-solaris-sparc, r-patched-solaris-x86, r-release-linux-x86_64, r-release-osx-x86_64-mavericks, r-release-windows-ix86+x86_64