CRAN Package Check Results for Package ctv

Last updated on 2015-02-28 19:51:02.

Flavor Version Tinstall Tcheck Ttotal Status Flags
r-devel-linux-x86_64-debian-clang 0.8-1 0.71 17.09 17.80 NOTE
r-devel-linux-x86_64-debian-gcc 0.8-1 0.58 17.22 17.81 NOTE
r-devel-linux-x86_64-fedora-clang 0.8-1 33.55 NOTE
r-devel-linux-x86_64-fedora-gcc 0.8-1 32.58 NOTE
r-devel-osx-x86_64-clang 0.8-1 38.33 NOTE
r-devel-windows-ix86+x86_64 0.8-1 3.00 27.00 30.00 NOTE
r-patched-linux-x86_64 0.8-1 0.71 21.22 21.93 OK
r-patched-solaris-sparc 0.8-1 258.90 OK
r-patched-solaris-x86 0.8-1 55.20 OK
r-release-linux-ix86 0.8-1 1.00 31.65 32.65 OK
r-release-linux-x86_64 0.8-1 0.63 20.25 20.88 OK
r-release-osx-x86_64-mavericks 0.8-1 OK
r-release-osx-x86_64-snowleopard 0.8-1 OK
r-release-windows-ix86+x86_64 0.8-1 5.00 36.00 41.00 OK
r-oldrel-windows-ix86+x86_64 0.8-1 3.00 34.00 37.00 OK

Check Details

Version: 0.8-1
Check: DESCRIPTION meta-information
Result: NOTE
    Malformed Description field: should contain one or more complete sentences.
Flavors: r-devel-linux-x86_64-debian-clang, r-devel-linux-x86_64-debian-gcc, r-devel-linux-x86_64-fedora-clang, r-devel-linux-x86_64-fedora-gcc, r-devel-osx-x86_64-clang, r-devel-windows-ix86+x86_64