CRAN Package Check Results for Package ctv

Last updated on 2014-10-21 17:49:10.

Flavor Version Tinstall Tcheck Ttotal Status Flags
r-devel-linux-x86_64-debian-clang 0.8-0 0.72 16.37 17.08 NOTE
r-devel-linux-x86_64-debian-gcc 0.8-0 0.70 16.41 17.11 NOTE
r-devel-linux-x86_64-fedora-clang 0.8-0 29.13 NOTE
r-devel-linux-x86_64-fedora-gcc 0.8-0 34.49 NOTE
r-devel-osx-x86_64-clang 0.8-0 38.75 NOTE
r-devel-windows-ix86+x86_64 0.8-0 4.00 27.00 31.00 NOTE
r-patched-linux-x86_64 0.8-0 0.74 16.97 17.72 NOTE
r-patched-solaris-sparc 0.8-0 203.40 NOTE
r-patched-solaris-x86 0.8-0 49.00 NOTE
r-release-linux-ix86 0.8-0 1.04 24.58 25.62 OK
r-release-linux-x86_64 0.8-0 0.68 16.95 17.63 OK
r-release-osx-x86_64-mavericks 0.8-0 NOTE
r-release-osx-x86_64-snowleopard 0.8-0 OK
r-release-windows-ix86+x86_64 0.8-0 3.00 27.00 30.00 OK
r-oldrel-windows-ix86+x86_64 0.8-0 4.00 33.00 37.00 OK

Check Details

Version: 0.8-0
Check: R code for possible problems
Result: NOTE
    check_ctv_packages: no visible global function definition for
     ‘getNodeSet’
    check_ctv_packages: no visible global function definition for
     ‘xmlTreeParse’
    check_ctv_packages: no visible binding for global variable ‘xmlValue’
    read.ctv: no visible global function definition for ‘xmlTreeParse’
    read.ctv: no visible global function definition for ‘xmlSize’
    read.ctv: no visible global function definition for ‘xmlChildren’
    read.ctv : xmlCode: no visible global function definition for
     ‘xmlValue’
    read.ctv : xmlPaste: no visible global function definition for
     ‘xmlName’
    read.ctv : xmlPaste: no visible global function definition for
     ‘xmlAttrs’
    read.ctv : xmlPaste: no visible global function definition for
     ‘xmlChildren’
    read.ctv : name: no visible global function definition for ‘xmlValue’
    read.ctv : topic: no visible global function definition for ‘xmlValue’
    read.ctv : maintainer: no visible global function definition for
     ‘xmlValue’
    read.ctv : email: no visible global function definition for ‘xmlAttrs’
    read.ctv : ctvversion: no visible global function definition for
     ‘xmlValue’
    read.ctv : package1: no visible global function definition for
     ‘xmlAttrs’
    read.ctv : package1: no visible global function definition for
     ‘xmlValue’
    read.ctv : packagelist: no visible global function definition for
     ‘xmlChildren’
    read.ctv : links: no visible global function definition for ‘xmlSApply’
Flavors: r-devel-linux-x86_64-debian-clang, r-devel-linux-x86_64-debian-gcc, r-devel-linux-x86_64-fedora-clang, r-devel-linux-x86_64-fedora-gcc, r-devel-osx-x86_64-clang, r-devel-windows-ix86+x86_64, r-patched-linux-x86_64, r-patched-solaris-sparc, r-patched-solaris-x86

Version: 0.8-0
Check: re-building of vignette outputs
Result: NOTE
    Error in re-building vignettes:
     ...
    Loading required package: XML
    
    Attaching package: ‘XML’
    
    The following object is masked from ‘package:tools’:
    
     toHTML
    
    Error in texi2dvi(file = file, pdf = TRUE, clean = clean, quiet = quiet, :
     Running 'texi2dvi' on 'ctv-howto.tex' failed.
    LaTeX errors:
    ! LaTeX Error: File `a4wide.sty' not found.
    
    Type X to quit or <RETURN> to proceed,
    or enter new name. (Default extension: sty)
    
    t/ctv/vignettes/ctv-howto.tex:3: ==> Fatal error occurred, no output PDF file
    produced!
    Calls: buildVignettes -> texi2pdf -> texi2dvi
    Execution halted
Flavor: r-release-osx-x86_64-mavericks