CRAN Package Check Results for Package cubature

Last updated on 2017-05-25 15:48:17.

Flavor Version Tinstall Tcheck Ttotal Status Flags
r-devel-linux-x86_64-debian-clang 1.3-8 18.97 108.06 127.03 OK
r-devel-linux-x86_64-debian-gcc 1.3-8 19.35 109.10 128.44 OK
r-devel-linux-x86_64-fedora-clang 1.3-8 260.01 OK --no-stop-on-test-error
r-devel-linux-x86_64-fedora-gcc 1.3-8 244.22 OK --no-stop-on-test-error
r-devel-windows-ix86+x86_64 1.3-8 51.00 248.00 299.00 NOTE
r-patched-linux-x86_64 1.3-8 16.40 105.43 121.84 OK
r-patched-solaris-sparc 1.3-8 1588.40 OK
r-patched-solaris-x86 1.3-8 241.20 OK --no-stop-on-test-error
r-release-linux-x86_64 1.3-8 18.83 112.20 131.03 OK
r-release-windows-ix86+x86_64 1.3-8 70.00 240.00 310.00 NOTE
r-release-osx-x86_64 1.3-8 OK
r-oldrel-windows-ix86+x86_64 1.3-8 68.00 300.00 368.00 NOTE
r-oldrel-osx-x86_64 1.3-8 OK

Check Details

Version: 1.3-8
Check: installed package size
Result: NOTE
     installed size is 5.4Mb
     sub-directories of 1Mb or more:
     libs 4.5Mb
Flavors: r-devel-windows-ix86+x86_64, r-release-windows-ix86+x86_64, r-oldrel-windows-ix86+x86_64