CRAN Package Check Results for Package cubature

Last updated on 2015-01-30 11:49:08.

Flavor Version Tinstall Tcheck Ttotal Status Flags
r-devel-linux-x86_64-debian-clang 1.1-2 1.18 10.99 12.16 NOTE
r-devel-linux-x86_64-debian-gcc 1.1-2 1.48 10.94 12.42 NOTE
r-devel-linux-x86_64-fedora-clang 1.1-2 25.64 NOTE
r-devel-linux-x86_64-fedora-gcc 1.1-2 25.33 NOTE
r-devel-osx-x86_64-clang 1.1-2 28.37 NOTE
r-devel-windows-ix86+x86_64 1.1-2 9.00 28.00 37.00 NOTE
r-patched-linux-x86_64 1.1-2 1.46 12.21 13.68 NOTE
r-patched-solaris-sparc 1.1-2 172.40 OK
r-patched-solaris-x86 1.1-2 35.90 NOTE
r-release-linux-ix86 1.1-2 1.79 17.67 19.46 OK
r-release-linux-x86_64 1.1-2 1.51 12.02 13.53 OK
r-release-osx-x86_64-mavericks 1.1-2 NOTE
r-release-windows-ix86+x86_64 1.1-2 8.00 29.00 37.00 OK
r-oldrel-windows-ix86+x86_64 1.1-2 7.00 32.00 39.00 OK

Check Details

Version: 1.1-2
Check: line endings in Makefiles
Result: NOTE
    Found the following Makefile(s) without a final LF:
     src/Makevars
    Some ‘make’ programs ignore lines not ending in LF.
Flavors: r-devel-linux-x86_64-debian-clang, r-devel-linux-x86_64-debian-gcc, r-devel-linux-x86_64-fedora-clang, r-devel-linux-x86_64-fedora-gcc, r-devel-osx-x86_64-clang, r-devel-windows-ix86+x86_64, r-patched-linux-x86_64, r-patched-solaris-x86, r-release-osx-x86_64-mavericks