CRAN Package Check Results for Package cubature

Last updated on 2018-06-22 18:46:32 CEST.

Flavor Version Tinstall Tcheck Ttotal Status Flags
r-devel-linux-x86_64-debian-clang 1.4 26.57 196.29 222.86 OK
r-devel-linux-x86_64-debian-gcc 1.4 18.75 142.01 160.76 OK
r-devel-linux-x86_64-fedora-clang 1.4 256.82 OK
r-devel-linux-x86_64-fedora-gcc 1.4 147.47 OK
r-devel-windows-ix86+x86_64 1.4 72.00 232.00 304.00 NOTE
r-patched-linux-x86_64 1.4 32.63 195.04 227.67 OK
r-patched-solaris-x86 1.4 278.70 OK
r-release-linux-x86_64 1.4 29.32 193.85 223.17 OK
r-release-windows-ix86+x86_64 1.4 54.00 238.00 292.00 NOTE
r-release-osx-x86_64 1.4 OK
r-oldrel-windows-ix86+x86_64 1.4 73.00 249.00 322.00 NOTE
r-oldrel-osx-x86_64 1.3-11 OK

Check Details

Version: 1.4
Check: installed package size
Result: NOTE
     installed size is 5.3Mb
     sub-directories of 1Mb or more:
     libs 4.5Mb
Flavors: r-devel-windows-ix86+x86_64, r-release-windows-ix86+x86_64, r-oldrel-windows-ix86+x86_64