CRAN Package Check Results for Package cubature

Last updated on 2015-08-03 03:47:36.

Flavor Version Tinstall Tcheck Ttotal Status Flags
r-devel-linux-x86_64-debian-clang 1.1-2 1.14 10.68 11.82 NOTE
r-devel-linux-x86_64-debian-gcc 1.1-2 1.41 10.13 11.54 NOTE
r-devel-linux-x86_64-fedora-clang 1.1-2 23.04 NOTE
r-devel-linux-x86_64-fedora-gcc 1.1-2 21.86 NOTE
r-devel-osx-x86_64-clang 1.1-2 22.94 NOTE
r-devel-windows-ix86+x86_64 1.1-2 10.00 27.00 37.00 NOTE
r-patched-linux-x86_64 1.1-2 1.46 10.80 12.26 NOTE
r-patched-solaris-sparc 1.1-2 152.40 NOTE
r-patched-solaris-x86 1.1-2 33.10 NOTE
r-release-linux-x86_64 1.1-2 1.44 10.72 12.15 NOTE
r-release-osx-x86_64-mavericks 1.1-2 NOTE
r-release-windows-ix86+x86_64 1.1-2 7.00 26.00 33.00 NOTE
r-oldrel-windows-ix86+x86_64 1.1-2 11.00 27.00 38.00 NOTE

Check Details

Version: 1.1-2
Check: DESCRIPTION meta-information
Result: NOTE
    Malformed Description field: should contain one or more complete sentences.
Flavors: r-devel-linux-x86_64-debian-clang, r-devel-linux-x86_64-debian-gcc, r-devel-linux-x86_64-fedora-clang, r-devel-linux-x86_64-fedora-gcc, r-devel-osx-x86_64-clang, r-devel-windows-ix86+x86_64, r-patched-linux-x86_64, r-patched-solaris-sparc, r-patched-solaris-x86, r-release-linux-x86_64, r-release-osx-x86_64-mavericks, r-release-windows-ix86+x86_64

Version: 1.1-2
Check: line endings in Makefiles
Result: NOTE
    Found the following Makefile(s) without a final LF:
     src/Makevars
    Some ‘make’ programs ignore lines not ending in LF.
Flavors: r-devel-linux-x86_64-debian-clang, r-devel-linux-x86_64-debian-gcc, r-devel-linux-x86_64-fedora-clang, r-devel-linux-x86_64-fedora-gcc, r-devel-osx-x86_64-clang, r-devel-windows-ix86+x86_64, r-patched-linux-x86_64, r-patched-solaris-sparc, r-patched-solaris-x86, r-release-linux-x86_64, r-release-osx-x86_64-mavericks, r-release-windows-ix86+x86_64, r-oldrel-windows-ix86+x86_64