CRAN Package Check Results for Package cubature

Last updated on 2016-05-25 06:47:10.

Flavor Version Tinstall Tcheck Ttotal Status Flags
r-devel-linux-x86_64-debian-gcc 1.1-2 1.60 12.13 13.72 NOTE
r-devel-linux-x86_64-fedora-clang 1.1-2 24.93 NOTE
r-devel-linux-x86_64-fedora-gcc 1.1-2 21.84 NOTE
r-devel-osx-x86_64-clang 1.1-2 28.54 NOTE
r-devel-windows-ix86+x86_64 1.1-2 14.00 42.00 56.00 NOTE
r-patched-linux-x86_64 1.1-2 1.56 10.92 12.48 NOTE
r-patched-solaris-sparc 1.1-2 131.10 NOTE
r-patched-solaris-x86 1.1-2 27.10 NOTE
r-release-linux-x86_64 1.1-2 1.70 11.09 12.79 NOTE
r-release-osx-x86_64-mavericks 1.1-2 NOTE
r-release-windows-ix86+x86_64 1.1-2 14.00 42.00 56.00 NOTE
r-oldrel-windows-ix86+x86_64 1.1-2 9.00 26.00 35.00 NOTE

Check Details

Version: 1.1-2
Check: DESCRIPTION meta-information
Result: NOTE
    Malformed Description field: should contain one or more complete sentences.
Flavors: r-devel-linux-x86_64-debian-gcc, r-devel-linux-x86_64-fedora-clang, r-devel-linux-x86_64-fedora-gcc, r-devel-osx-x86_64-clang, r-devel-windows-ix86+x86_64, r-patched-linux-x86_64, r-patched-solaris-sparc, r-patched-solaris-x86, r-release-linux-x86_64, r-release-osx-x86_64-mavericks, r-release-windows-ix86+x86_64, r-oldrel-windows-ix86+x86_64

Version: 1.1-2
Check: line endings in Makefiles
Result: NOTE
    Found the following Makefile(s) without a final LF:
     src/Makevars
    Some ‘make’ programs ignore lines not ending in LF.
Flavors: r-devel-linux-x86_64-debian-gcc, r-devel-linux-x86_64-fedora-clang, r-devel-linux-x86_64-fedora-gcc, r-devel-osx-x86_64-clang, r-devel-windows-ix86+x86_64, r-patched-linux-x86_64, r-patched-solaris-sparc, r-patched-solaris-x86, r-release-linux-x86_64, r-release-osx-x86_64-mavericks, r-release-windows-ix86+x86_64, r-oldrel-windows-ix86+x86_64