CRAN Package Check Results for Package cubature

Last updated on 2015-05-28 00:46:56.

Flavor Version Tinstall Tcheck Ttotal Status Flags
r-devel-linux-x86_64-debian-clang 1.1-2 1.25 11.16 12.42 NOTE
r-devel-linux-x86_64-debian-gcc 1.1-2 1.45 11.02 12.47 NOTE
r-devel-linux-x86_64-fedora-clang 1.1-2 24.23 NOTE
r-devel-linux-x86_64-fedora-gcc 1.1-2 22.97 NOTE
r-devel-osx-x86_64-clang 1.1-2 26.59 NOTE
r-devel-windows-ix86+x86_64 1.1-2 10.00 27.00 37.00 NOTE
r-patched-linux-x86_64 1.1-2 1.44 10.70 12.14 NOTE
r-patched-solaris-sparc 1.1-2 160.00 NOTE
r-patched-solaris-x86 1.1-2 33.50 NOTE
r-release-linux-x86_64 1.1-2 1.41 11.22 12.62 NOTE
r-release-osx-x86_64-mavericks 1.1-2 NOTE
r-release-osx-x86_64-snowleopard 1.1-2 NOTE
r-release-windows-ix86+x86_64 1.1-2 5.00 30.00 35.00 NOTE
r-oldrel-windows-ix86+x86_64 1.1-2 11.00 27.00 38.00 NOTE

Check Details

Version: 1.1-2
Check: DESCRIPTION meta-information
Result: NOTE
    Malformed Description field: should contain one or more complete sentences.
Flavors: r-devel-linux-x86_64-debian-clang, r-devel-linux-x86_64-debian-gcc, r-devel-linux-x86_64-fedora-clang, r-devel-linux-x86_64-fedora-gcc, r-devel-osx-x86_64-clang, r-devel-windows-ix86+x86_64, r-patched-linux-x86_64, r-patched-solaris-sparc, r-patched-solaris-x86, r-release-linux-x86_64, r-release-osx-x86_64-mavericks, r-release-osx-x86_64-snowleopard, r-release-windows-ix86+x86_64

Version: 1.1-2
Check: line endings in Makefiles
Result: NOTE
    Found the following Makefile(s) without a final LF:
     src/Makevars
    Some ‘make’ programs ignore lines not ending in LF.
Flavors: r-devel-linux-x86_64-debian-clang, r-devel-linux-x86_64-debian-gcc, r-devel-linux-x86_64-fedora-clang, r-devel-linux-x86_64-fedora-gcc, r-devel-osx-x86_64-clang, r-devel-windows-ix86+x86_64, r-patched-linux-x86_64, r-patched-solaris-sparc, r-patched-solaris-x86, r-release-linux-x86_64, r-release-osx-x86_64-mavericks, r-release-osx-x86_64-snowleopard, r-release-windows-ix86+x86_64, r-oldrel-windows-ix86+x86_64