CRAN Package Check Results for Package cubature

Last updated on 2016-09-26 17:48:10.

Flavor Version Tinstall Tcheck Ttotal Status Flags
r-devel-linux-x86_64-debian-clang 1.1-2 1.51 13.05 14.55 NOTE
r-devel-linux-x86_64-debian-gcc 1.1-2 1.50 12.63 14.13 NOTE
r-devel-linux-x86_64-fedora-clang 1.1-2 23.86 NOTE
r-devel-linux-x86_64-fedora-gcc 1.1-2 22.74 NOTE
r-devel-macos-x86_64-clang 1.1-2 20.39 NOTE
r-devel-windows-ix86+x86_64 1.1-2 12.00 55.00 67.00 NOTE
r-patched-linux-x86_64 1.1-2 1.47 11.45 12.92 NOTE
r-patched-solaris-sparc 1.1-2 131.90 NOTE
r-patched-solaris-x86 1.1-2 26.70 NOTE
r-release-linux-x86_64 1.1-2 1.49 11.73 13.22 NOTE
r-release-osx-x86_64-mavericks 1.1-2 NOTE
r-release-windows-ix86+x86_64 1.1-2 8.00 37.00 45.00 NOTE
r-oldrel-windows-ix86+x86_64 1.1-2 9.00 26.00 35.00 NOTE

Check Details

Version: 1.1-2
Check: DESCRIPTION meta-information
Result: NOTE
    Malformed Description field: should contain one or more complete sentences.
Flavors: r-devel-linux-x86_64-debian-clang, r-devel-linux-x86_64-debian-gcc, r-devel-linux-x86_64-fedora-clang, r-devel-linux-x86_64-fedora-gcc, r-devel-macos-x86_64-clang, r-devel-windows-ix86+x86_64, r-patched-linux-x86_64, r-patched-solaris-sparc, r-patched-solaris-x86, r-release-linux-x86_64, r-release-osx-x86_64-mavericks, r-release-windows-ix86+x86_64, r-oldrel-windows-ix86+x86_64

Version: 1.1-2
Check: line endings in Makefiles
Result: NOTE
    Found the following Makefile(s) without a final LF:
     src/Makevars
    Some ‘make’ programs ignore lines not ending in LF.
Flavors: r-devel-linux-x86_64-debian-clang, r-devel-linux-x86_64-debian-gcc, r-devel-linux-x86_64-fedora-clang, r-devel-linux-x86_64-fedora-gcc, r-devel-macos-x86_64-clang, r-devel-windows-ix86+x86_64, r-patched-linux-x86_64, r-patched-solaris-sparc, r-patched-solaris-x86, r-release-linux-x86_64, r-release-osx-x86_64-mavericks, r-release-windows-ix86+x86_64, r-oldrel-windows-ix86+x86_64