CRAN Package Check Results for Package cubature

Last updated on 2016-04-28 21:47:25.

Flavor Version Tinstall Tcheck Ttotal Status Flags
r-devel-linux-x86_64-debian-gcc 1.1-2 1.44 11.66 13.10 NOTE
r-devel-linux-x86_64-fedora-clang 1.1-2 23.62 NOTE
r-devel-linux-x86_64-fedora-gcc 1.1-2 21.55 NOTE
r-devel-osx-x86_64-clang 1.1-2 27.48 NOTE
r-devel-windows-ix86+x86_64 1.1-2 9.00 33.00 42.00 NOTE
r-patched-linux-x86_64 1.1-2 1.56 11.69 13.25 NOTE
r-patched-solaris-sparc 1.1-2 133.30 NOTE
r-patched-solaris-x86 1.1-2 26.90 NOTE
r-release-linux-x86_64 1.1-2 1.65 11.43 13.08 NOTE
r-release-osx-x86_64-mavericks 1.1-2 NOTE
r-release-windows-ix86+x86_64 1.1-2 9.00 26.00 35.00 NOTE
r-oldrel-windows-ix86+x86_64 1.1-2 11.00 27.00 38.00 NOTE

Check Details

Version: 1.1-2
Check: DESCRIPTION meta-information
Result: NOTE
    Malformed Description field: should contain one or more complete sentences.
Flavors: r-devel-linux-x86_64-debian-gcc, r-devel-linux-x86_64-fedora-clang, r-devel-linux-x86_64-fedora-gcc, r-devel-osx-x86_64-clang, r-devel-windows-ix86+x86_64, r-patched-linux-x86_64, r-patched-solaris-sparc, r-patched-solaris-x86, r-release-linux-x86_64, r-release-osx-x86_64-mavericks, r-release-windows-ix86+x86_64

Version: 1.1-2
Check: line endings in Makefiles
Result: NOTE
    Found the following Makefile(s) without a final LF:
     src/Makevars
    Some ‘make’ programs ignore lines not ending in LF.
Flavors: r-devel-linux-x86_64-debian-gcc, r-devel-linux-x86_64-fedora-clang, r-devel-linux-x86_64-fedora-gcc, r-devel-osx-x86_64-clang, r-devel-windows-ix86+x86_64, r-patched-linux-x86_64, r-patched-solaris-sparc, r-patched-solaris-x86, r-release-linux-x86_64, r-release-osx-x86_64-mavericks, r-release-windows-ix86+x86_64, r-oldrel-windows-ix86+x86_64