CRAN Package Check Results for Package cubature

Last updated on 2017-07-25 03:49:18.

Flavor Version Tinstall Tcheck Ttotal Status Flags
r-devel-linux-x86_64-debian-clang 1.3-11 18.93 111.67 130.59 OK
r-devel-linux-x86_64-debian-gcc 1.3-11 19.56 111.09 130.65 OK
r-devel-linux-x86_64-fedora-clang 1.3-11 277.46 OK
r-devel-linux-x86_64-fedora-gcc 1.3-11 236.73 OK
r-devel-windows-ix86+x86_64 1.3-11 55.00 249.00 304.00 NOTE
r-patched-linux-x86_64 1.3-11 19.18 111.05 130.23 OK
r-patched-solaris-x86 1.3-11 250.60 OK
r-release-linux-x86_64 1.3-11 19.67 110.84 130.50 OK
r-release-windows-ix86+x86_64 1.3-11 62.00 286.00 348.00 NOTE
r-release-osx-x86_64 1.3-11 OK
r-oldrel-windows-ix86+x86_64 1.3-11 58.00 247.00 305.00 NOTE
r-oldrel-osx-x86_64 1.3-11 OK

Check Details

Version: 1.3-11
Check: installed package size
Result: NOTE
     installed size is 5.4Mb
     sub-directories of 1Mb or more:
     libs 4.5Mb
Flavors: r-devel-windows-ix86+x86_64, r-release-windows-ix86+x86_64, r-oldrel-windows-ix86+x86_64