CRAN Package Check Results for Package cubature

Last updated on 2017-03-26 23:51:07.

Flavor Version Tinstall Tcheck Ttotal Status Flags
r-devel-linux-x86_64-debian-clang 1.3-6 17.79 114.98 132.77 NOTE
r-devel-linux-x86_64-debian-gcc 1.3-6 17.18 113.45 130.63 NOTE
r-devel-linux-x86_64-fedora-clang 1.3-6 258.12 NOTE --no-stop-on-test-error
r-devel-linux-x86_64-fedora-gcc 1.3-6 250.40 NOTE --no-stop-on-test-error
r-devel-macos-x86_64-clang 1.3-6 181.42 NOTE --no-stop-on-test-error
r-patched-linux-x86_64 1.3-6 14.96 110.17 125.13 NOTE
r-patched-solaris-sparc 1.3-6 501.60 WARN
r-patched-solaris-x86 1.3-6 93.00 WARN
r-release-linux-x86_64 1.3-6 14.37 105.19 119.56 OK
r-release-osx-x86_64-mavericks 1.3-6 OK
r-release-windows-ix86+x86_64 1.3-6 65.00 239.00 304.00 NOTE
r-oldrel-windows-ix86+x86_64 1.3-6 42.00 235.00 277.00 NOTE

Check Details

Version: 1.3-6
Check: compiled code
Result: NOTE
    File ‘cubature/libs/cubature.so’:
     Found no calls to: ‘R_registerRoutines’, ‘R_useDynamicSymbols’
    
    It is good practice to register native routines and to disable symbol
    search.
    
    See ‘Writing portable packages’ in the ‘Writing R Extensions’ manual.
Flavors: r-devel-linux-x86_64-debian-clang, r-devel-linux-x86_64-debian-gcc, r-patched-linux-x86_64

Version: 1.3-6
Flags: --no-stop-on-test-error
Check: compiled code
Result: NOTE
    File ‘cubature/libs/cubature.so’:
     Found no calls to: ‘R_registerRoutines’, ‘R_useDynamicSymbols’
    
    It is good practice to register native routines and to disable symbol
    search.
    
    See ‘Writing portable packages’ in the ‘Writing R Extensions’ manual.
Flavors: r-devel-linux-x86_64-fedora-clang, r-devel-linux-x86_64-fedora-gcc, r-devel-macos-x86_64-clang

Version: 1.3-6
Check: package dependencies
Result: NOTE
    Package suggested but not available for checking: ‘microbenchmark’
Flavors: r-patched-solaris-sparc, r-patched-solaris-x86

Version: 1.3-6
Check: re-building of vignette outputs
Result: WARN
    Error in re-building vignettes:
     ...
    Warning in engine$weave(file, quiet = quiet, encoding = enc) :
     Pandoc (>= 1.12.3) and/or pandoc-citeproc not available. Falling back to R Markdown v1.
    Quitting from lines 50-109 (cubature.Rmd)
    Error: processing vignette 'cubature.Rmd' failed with diagnostics:
    there is no package called 'microbenchmark'
    Execution halted
Flavors: r-patched-solaris-sparc, r-patched-solaris-x86

Version: 1.3-6
Check: installed package size
Result: NOTE
     installed size is 5.2Mb
     sub-directories of 1Mb or more:
     libs 4.4Mb
Flavors: r-release-windows-ix86+x86_64, r-oldrel-windows-ix86+x86_64