CRAN Package Check Results for Package cubature

Last updated on 2018-02-22 11:57:45 CET.

Flavor Version Tinstall Tcheck Ttotal Status Flags
r-devel-linux-x86_64-debian-clang 1.3-11 25.97 166.67 192.64 OK
r-devel-linux-x86_64-debian-gcc 1.3-11 18.02 141.45 159.47 OK
r-devel-linux-x86_64-fedora-clang 1.3-11 251.43 OK
r-devel-linux-x86_64-fedora-gcc 1.3-11 241.77 OK
r-devel-windows-ix86+x86_64 1.3-11 71.00 241.00 312.00 NOTE
r-patched-linux-x86_64 1.3-11 28.13 189.28 217.41 OK
r-patched-solaris-x86 1.3-11 260.30 OK
r-release-linux-x86_64 1.3-11 28.34 186.43 214.77 OK
r-release-windows-ix86+x86_64 1.3-11 54.00 327.00 381.00 NOTE
r-release-osx-x86_64 1.3-11 OK
r-oldrel-windows-ix86+x86_64 1.3-11 55.00 239.00 294.00 NOTE
r-oldrel-osx-x86_64 1.3-11 OK

Check Details

Version: 1.3-11
Check: installed package size
Result: NOTE
     installed size is 5.4Mb
     sub-directories of 1Mb or more:
     libs 4.5Mb
Flavors: r-devel-windows-ix86+x86_64, r-release-windows-ix86+x86_64, r-oldrel-windows-ix86+x86_64