CRAN Package Check Results for Package cubature

Last updated on 2016-12-07 14:47:30.

Flavor Version Tinstall Tcheck Ttotal Status Flags
r-devel-linux-x86_64-debian-clang 1.1-2 1.60 14.51 16.11 NOTE
r-devel-linux-x86_64-debian-gcc 1.1-2 1.64 13.64 15.28 NOTE
r-devel-linux-x86_64-fedora-clang 1.1-2 26.66 NOTE --no-stop-on-test-error
r-devel-linux-x86_64-fedora-gcc 1.1-2 25.64 NOTE --no-stop-on-test-error
r-devel-macos-x86_64-clang 1.1-2 24.37 NOTE
r-devel-windows-ix86+x86_64 1.1-2 17.00 51.00 68.00 NOTE
r-patched-linux-x86_64 1.1-2 1.46 12.05 13.50 NOTE
r-patched-solaris-sparc 1.1-2 131.90 NOTE
r-patched-solaris-x86 1.1-2 26.70 NOTE
r-release-linux-x86_64 1.1-2 1.55 11.59 13.14 NOTE
r-release-osx-x86_64-mavericks 1.1-2 NOTE
r-release-windows-ix86+x86_64 1.1-2 17.00 35.00 52.00 NOTE
r-oldrel-windows-ix86+x86_64 1.1-2 24.00 35.00 59.00 NOTE

Check Details

Version: 1.1-2
Check: DESCRIPTION meta-information
Result: NOTE
    Malformed Description field: should contain one or more complete sentences.
Flavors: r-devel-linux-x86_64-debian-clang, r-devel-linux-x86_64-debian-gcc, r-devel-macos-x86_64-clang, r-devel-windows-ix86+x86_64, r-patched-linux-x86_64, r-patched-solaris-sparc, r-patched-solaris-x86, r-release-linux-x86_64, r-release-osx-x86_64-mavericks, r-release-windows-ix86+x86_64, r-oldrel-windows-ix86+x86_64

Version: 1.1-2
Check: line endings in Makefiles
Result: NOTE
    Found the following Makefile(s) without a final LF:
     src/Makevars
    Some ‘make’ programs ignore lines not ending in LF.
Flavors: r-devel-linux-x86_64-debian-clang, r-devel-linux-x86_64-debian-gcc, r-devel-macos-x86_64-clang, r-devel-windows-ix86+x86_64, r-patched-linux-x86_64, r-patched-solaris-sparc, r-patched-solaris-x86, r-release-linux-x86_64, r-release-osx-x86_64-mavericks, r-release-windows-ix86+x86_64, r-oldrel-windows-ix86+x86_64

Version: 1.1-2
Flags: --no-stop-on-test-error
Check: DESCRIPTION meta-information
Result: NOTE
    Malformed Description field: should contain one or more complete sentences.
Flavors: r-devel-linux-x86_64-fedora-clang, r-devel-linux-x86_64-fedora-gcc

Version: 1.1-2
Flags: --no-stop-on-test-error
Check: line endings in Makefiles
Result: NOTE
    Found the following Makefile(s) without a final LF:
     src/Makevars
    Some ‘make’ programs ignore lines not ending in LF.
Flavors: r-devel-linux-x86_64-fedora-clang, r-devel-linux-x86_64-fedora-gcc