CRAN Package Check Results for Package cubature

Last updated on 2017-11-23 00:47:03 CET.

Flavor Version Tinstall Tcheck Ttotal Status Flags
r-devel-linux-x86_64-debian-clang 1.3-11 18.47 187.23 205.69 OK
r-devel-linux-x86_64-debian-gcc 1.3-11 21.87 222.55 244.42 OK
r-devel-linux-x86_64-fedora-clang 1.3-11 237.94 OK
r-devel-linux-x86_64-fedora-gcc 1.3-11 278.82 OK
r-devel-windows-ix86+x86_64 1.3-11 54.00 240.00 294.00 NOTE
r-patched-linux-x86_64 1.3-11 19.34 111.50 130.84 OK
r-patched-solaris-x86 1.3-11 250.10 OK
r-release-linux-x86_64 1.3-11 19.40 109.24 128.63 OK
r-release-windows-ix86+x86_64 1.3-11 53.00 247.00 300.00 NOTE
r-release-osx-x86_64 1.3-11 OK
r-oldrel-windows-ix86+x86_64 1.3-11 56.00 237.00 293.00 NOTE
r-oldrel-osx-x86_64 1.3-11 OK

Check Details

Version: 1.3-11
Check: installed package size
Result: NOTE
     installed size is 5.4Mb
     sub-directories of 1Mb or more:
     libs 4.5Mb
Flavors: r-devel-windows-ix86+x86_64, r-release-windows-ix86+x86_64, r-oldrel-windows-ix86+x86_64