CRAN Package Check Results for Package cubature

Last updated on 2017-01-19 23:47:58.

Flavor Version Tinstall Tcheck Ttotal Status Flags
r-devel-linux-x86_64-debian-clang 1.3-6 16.78 115.91 132.69 OK
r-devel-linux-x86_64-debian-gcc 1.3-6 16.86 113.69 130.55 OK
r-devel-linux-x86_64-fedora-clang 1.3-6 261.00 OK --no-stop-on-test-error
r-devel-linux-x86_64-fedora-gcc 1.3-6 247.30 OK --no-stop-on-test-error
r-devel-macos-x86_64-clang 1.3-6 181.82 OK --no-stop-on-test-error
r-devel-windows-ix86+x86_64 1.3-6 64.00 226.00 290.00 NOTE
r-patched-linux-x86_64 1.3-6 14.47 117.53 132.00 OK
r-patched-solaris-sparc 1.3-6 495.80 WARN
r-patched-solaris-x86 1.3-6 86.40 WARN
r-release-linux-x86_64 1.3-6 14.63 109.30 123.93 OK
r-release-osx-x86_64-mavericks 1.3-6 OK
r-release-windows-ix86+x86_64 1.3-6 47.00 232.00 279.00 NOTE
r-oldrel-windows-ix86+x86_64 1.3-6 39.00 252.00 291.00 NOTE

Check Details

Version: 1.3-6
Check: installed package size
Result: NOTE
     installed size is 5.2Mb
     sub-directories of 1Mb or more:
     libs 4.4Mb
Flavors: r-devel-windows-ix86+x86_64, r-release-windows-ix86+x86_64, r-oldrel-windows-ix86+x86_64

Version: 1.3-6
Check: package dependencies
Result: NOTE
    Package suggested but not available for checking: ‘microbenchmark’
Flavors: r-patched-solaris-sparc, r-patched-solaris-x86

Version: 1.3-6
Check: re-building of vignette outputs
Result: WARN
    Error in re-building vignettes:
     ...
    Warning in engine$weave(file, quiet = quiet, encoding = enc) :
     Pandoc (>= 1.12.3) and/or pandoc-citeproc not available. Falling back to R Markdown v1.
    Quitting from lines 50-109 (cubature.Rmd)
    Error: processing vignette 'cubature.Rmd' failed with diagnostics:
    there is no package called 'microbenchmark'
    Execution halted
Flavors: r-patched-solaris-sparc, r-patched-solaris-x86