CRAN Package Check Results for Package cubature

Last updated on 2018-04-25 19:46:44 CEST.

Flavor Version Tinstall Tcheck Ttotal Status Flags
r-devel-linux-x86_64-debian-clang 1.3-11 29.20 198.80 228.00 OK
r-devel-linux-x86_64-debian-gcc 1.3-11 18.20 137.91 156.11 OK
r-devel-linux-x86_64-fedora-clang 1.3-11 256.25 OK
r-devel-linux-x86_64-fedora-gcc 1.3-11 245.79 OK
r-devel-windows-ix86+x86_64 1.3-11 73.00 231.00 304.00 NOTE
r-patched-linux-x86_64 1.3-11 30.84 191.08 221.92 OK
r-patched-solaris-x86 1.3-11 278.60 OK
r-release-linux-x86_64 1.3-11 29.23 199.38 228.61 OK
r-release-windows-ix86+x86_64 1.3-11 73.00 231.00 304.00 NOTE
r-release-osx-x86_64 1.3-11 OK
r-oldrel-windows-ix86+x86_64 1.3-11 70.00 231.00 301.00 NOTE
r-oldrel-osx-x86_64 1.3-11 OK

Check Details

Version: 1.3-11
Check: installed package size
Result: NOTE
     installed size is 5.4Mb
     sub-directories of 1Mb or more:
     libs 4.5Mb
Flavors: r-devel-windows-ix86+x86_64, r-release-windows-ix86+x86_64, r-oldrel-windows-ix86+x86_64