CRAN Package Check Results for Package cubature

Last updated on 2017-04-24 10:47:12.

Flavor Version Tinstall Tcheck Ttotal Status Flags
r-devel-linux-x86_64-debian-clang 1.3-6 17.85 115.47 133.32 NOTE
r-devel-linux-x86_64-debian-gcc 1.3-6 17.18 112.41 129.59 NOTE
r-devel-linux-x86_64-fedora-clang 1.3-6 261.21 NOTE --no-stop-on-test-error
r-devel-linux-x86_64-fedora-gcc 1.3-6 245.90 NOTE --no-stop-on-test-error
r-devel-windows-ix86+x86_64 1.3-6 73.00 250.00 323.00 NOTE
r-patched-linux-x86_64 1.3-6 14.82 109.05 123.87 NOTE
r-patched-solaris-sparc 1.3-6 501.60 WARN
r-patched-solaris-x86 1.3-6 91.70 WARN
r-release-linux-x86_64 1.3-6 14.50 112.24 126.75 NOTE
r-release-windows-ix86+x86_64 1.3-6 54.00 239.00 293.00 NOTE
r-release-osx-x86_64 1.3-6 OK
r-oldrel-windows-ix86+x86_64 1.3-6 54.00 230.00 284.00 NOTE
r-oldrel-osx-x86_64 1.3-6 OK

Check Details

Version: 1.3-6
Check: compiled code
Result: NOTE
    File ‘cubature/libs/cubature.so’:
     Found no calls to: ‘R_registerRoutines’, ‘R_useDynamicSymbols’
    
    It is good practice to register native routines and to disable symbol
    search.
    
    See ‘Writing portable packages’ in the ‘Writing R Extensions’ manual.
Flavors: r-devel-linux-x86_64-debian-clang, r-devel-linux-x86_64-debian-gcc, r-patched-linux-x86_64, r-release-linux-x86_64

Version: 1.3-6
Flags: --no-stop-on-test-error
Check: compiled code
Result: NOTE
    File ‘cubature/libs/cubature.so’:
     Found no calls to: ‘R_registerRoutines’, ‘R_useDynamicSymbols’
    
    It is good practice to register native routines and to disable symbol
    search.
    
    See ‘Writing portable packages’ in the ‘Writing R Extensions’ manual.
Flavors: r-devel-linux-x86_64-fedora-clang, r-devel-linux-x86_64-fedora-gcc

Version: 1.3-6
Check: installed package size
Result: NOTE
     installed size is 5.2Mb
     sub-directories of 1Mb or more:
     libs 4.4Mb
Flavors: r-devel-windows-ix86+x86_64, r-release-windows-ix86+x86_64, r-oldrel-windows-ix86+x86_64

Version: 1.3-6
Check: package dependencies
Result: NOTE
    Package suggested but not available for checking: ‘microbenchmark’
Flavors: r-patched-solaris-sparc, r-patched-solaris-x86

Version: 1.3-6
Check: re-building of vignette outputs
Result: WARN
    Error in re-building vignettes:
     ...
    Warning in engine$weave(file, quiet = quiet, encoding = enc) :
     Pandoc (>= 1.12.3) and/or pandoc-citeproc not available. Falling back to R Markdown v1.
    Quitting from lines 50-109 (cubature.Rmd)
    Error: processing vignette 'cubature.Rmd' failed with diagnostics:
    there is no package called 'microbenchmark'
    Execution halted
Flavors: r-patched-solaris-sparc, r-patched-solaris-x86