CRAN Package Check Results for Package cubeview

Last updated on 2023-02-07 17:55:01 CET.

Flavor Version Tinstall Tcheck Ttotal Status Flags
r-devel-linux-x86_64-debian-clang 0.2.0 31.95 260.88 292.83 NOTE
r-devel-linux-x86_64-debian-gcc 0.2.0 26.06 189.67 215.73 NOTE
r-devel-linux-x86_64-fedora-clang 0.2.0 350.25 NOTE
r-devel-linux-x86_64-fedora-gcc 0.2.0 344.23 NOTE
r-devel-windows-x86_64 0.2.0 33.00 238.00 271.00 NOTE
r-patched-linux-x86_64 0.2.0 32.36 252.71 285.07 NOTE
r-release-linux-x86_64 0.2.0 25.38 247.64 273.02 NOTE
r-release-macos-arm64 0.2.0 64.00 NOTE
r-release-macos-x86_64 0.2.0 118.00 NOTE
r-release-windows-x86_64 0.2.0 37.00 262.00 299.00 NOTE
r-oldrel-macos-arm64 0.2.0 38.00 NOTE
r-oldrel-macos-x86_64 0.2.0 57.00 NOTE
r-oldrel-windows-ix86+x86_64 0.2.0 62.00 250.00 312.00 NOTE

Check Details

Version: 0.2.0
Check: LazyData
Result: NOTE
     'LazyData' is specified without a 'data' directory
Flavors: r-devel-linux-x86_64-debian-clang, r-devel-linux-x86_64-debian-gcc, r-devel-linux-x86_64-fedora-clang, r-devel-linux-x86_64-fedora-gcc, r-devel-windows-x86_64, r-patched-linux-x86_64, r-release-linux-x86_64, r-release-macos-arm64, r-release-macos-x86_64, r-release-windows-x86_64, r-oldrel-macos-arm64, r-oldrel-macos-x86_64, r-oldrel-windows-ix86+x86_64