CRAN Package Check Results for Package cubfits

Last updated on 2021-02-26 12:49:32 CET.

Flavor Version Tinstall Tcheck Ttotal Status Flags
r-devel-linux-x86_64-debian-clang 0.1-3 11.29 80.28 91.57 OK
r-devel-linux-x86_64-debian-gcc 0.1-3 9.97 60.26 70.23 OK
r-devel-linux-x86_64-fedora-clang 0.1-3 118.99 OK
r-devel-linux-x86_64-fedora-gcc 0.1-3 108.98 OK
r-devel-windows-ix86+x86_64 0.1-3 18.00 76.00 94.00 OK
r-patched-linux-x86_64 0.1-3 9.94 74.73 84.67 OK
r-patched-solaris-x86 0.1-3 134.40 OK
r-release-linux-x86_64 0.1-3 10.65 74.18 84.83 OK
r-release-macos-x86_64 0.1-3 NOTE
r-release-windows-ix86+x86_64 0.1-3 42.00 111.00 153.00 OK
r-oldrel-macos-x86_64 0.1-3 NOTE
r-oldrel-windows-ix86+x86_64 0.1-3 16.00 99.00 115.00 OK

Check Details

Version: 0.1-3
Check: package dependencies
Result: NOTE
    Package which this enhances but not available for checking: ‘pbdMPI’
Flavors: r-release-macos-x86_64, r-oldrel-macos-x86_64